{"id":766281,"date":"2025-08-28T12:08:34","date_gmt":"2025-08-28T09:08:34","guid":{"rendered":"https:\/\/roveyayinevi.com.tr\/index.php\/urun\/mumkunse-sadece-seninle\/"},"modified":"2026-04-15T03:32:09","modified_gmt":"2026-04-15T00:32:09","slug":"mumkunse-sadece-seninle","status":"publish","type":"product","link":"https:\/\/roveyayinevi.com.tr\/index.php\/urun\/mumkunse-sadece-seninle\/","title":{"rendered":"M\u00fcmk\u00fcnse Sadece Seninle"},"content":{"rendered":"<p>\u201cHerhangi bir evrende herhangi bir zamanda sana ne zaman rastlarsam rastlayay\u0131m yeniden sevece\u011fim. Bir an bile d\u00fc\u015f\u00fcnmeden\u2026\u201d \u0130nsan kendini bir hik\u00e2yenin i\u00e7inde buldu\u011funda ve mutlu oldu\u011funda zaman\u0131 durdurmak ister ve herkesin zaman\u0131 durdurmak istedi\u011fi bir an vard\u0131r. \u201cTam da \u015fu an zaman\u0131 durdurmak isterdim. Hep yan\u0131mda olman i\u00e7in. Buras\u0131 benim zaman\u0131 durdurmak istedi\u011fim yer. S\u0131rf bu y\u00fczden sen yan\u0131mdayken bile hep eksik kalaca\u011f\u0131m.\u201d <\/p>\n","protected":false},"excerpt":{"rendered":"<p>\u201cHerhangi bir evrende herhangi bir zamanda sana ne zaman rastlarsam rastlayay\u0131m yeniden sevece\u011fim. Bir an bile d\u00fc\u015f\u00fcnmeden\u2026\u201d \u0130nsan kendini bir hik\u00e2yenin i\u00e7inde buldu\u011funda ve mutlu oldu\u011funda<span class=\"excerpt-hellip\"> [\u2026]<\/span><\/p>\n","protected":false},"featured_media":0,"template":"","meta":{"_monsterinsights_skip_tracking":false,"_monsterinsights_sitenote_active":false,"_monsterinsights_sitenote_note":"","_monsterinsights_sitenote_category":0},"product_brand":[],"product_cat":[12291,12711],"product_tag":[],"class_list":{"0":"post-766281","1":"product","2":"type-product","3":"status-publish","5":"product_cat-edebiyat","6":"product_cat-roman-oyku","7":"pa_cilt-ciltsiz","8":"pa_tur-kitap","9":"pa_yayinevi-destek-yayinlari","10":"pa_yazar-ahmet-batman","12":"first","13":"instock","14":"sale","15":"shipping-taxable","16":"purchasable","17":"product-type-simple"},"_links":{"self":[{"href":"https:\/\/roveyayinevi.com.tr\/index.php\/wp-json\/wp\/v2\/product\/766281","targetHints":{"allow":["GET"]}}],"collection":[{"href":"https:\/\/roveyayinevi.com.tr\/index.php\/wp-json\/wp\/v2\/product"}],"about":[{"href":"https:\/\/roveyayinevi.com.tr\/index.php\/wp-json\/wp\/v2\/types\/product"}],"wp:attachment":[{"href":"https:\/\/roveyayinevi.com.tr\/index.php\/wp-json\/wp\/v2\/media?parent=766281"}],"wp:term":[{"taxonomy":"product_brand","embeddable":true,"href":"https:\/\/roveyayinevi.com.tr\/index.php\/wp-json\/wp\/v2\/product_brand?post=766281"},{"taxonomy":"product_cat","embeddable":true,"href":"https:\/\/roveyayinevi.com.tr\/index.php\/wp-json\/wp\/v2\/product_cat?post=766281"},{"taxonomy":"product_tag","embeddable":true,"href":"https:\/\/roveyayinevi.com.tr\/index.php\/wp-json\/wp\/v2\/product_tag?post=766281"}],"curies":[{"name":"wp","href":"https:\/\/api.w.org\/{rel}","templated":true}]}}