{"id":766274,"date":"2025-08-28T12:08:18","date_gmt":"2025-08-28T09:08:18","guid":{"rendered":"https:\/\/roveyayinevi.com.tr\/index.php\/urun\/lim-nehrinde-kaldi-cocuklugum\/"},"modified":"2026-04-15T03:32:09","modified_gmt":"2026-04-15T00:32:09","slug":"lim-nehrinde-kaldi-cocuklugum","status":"publish","type":"product","link":"https:\/\/roveyayinevi.com.tr\/index.php\/urun\/lim-nehrinde-kaldi-cocuklugum\/","title":{"rendered":"Lim Nehri\u2019nde  Kald\u0131 \u00c7ocuklu\u011fum"},"content":{"rendered":"<p>Bundan doksan y\u0131l \u00f6nce burada ba\u015flayan ve par\u00e7alara b\u00f6l\u00fcnm\u00fc\u015f bir hayat\u0131n, da\u011f\u0131lan par\u00e7alar\u0131n\u0131 toplamak i\u00e7in \u00e7\u0131km\u0131\u015flard\u0131 bu yolculu\u011fa. Geride kalanlar\u0131n da en az gidenler kadar ac\u0131 \u00e7ekti\u011fini anlam\u0131\u015ft\u0131 Nurettin bu yolculukta. G\u00f6\u00e7, iki taraf\u0131 keskin bir b\u0131\u00e7akt\u0131 ve derin yaralar a\u00e7\u0131yordu herkesin ruhunda. Ne gitmek kolayd\u0131 buralardan ne de kalmak buralarda. \u2026 Kim bilir belki bir g\u00fcn yine ayn\u0131 tepeden do\u011far g\u00fcne\u015f Ayn\u0131 \u00e7e\u015fmeden kana kana doyar\u0131z suya Ne zaman ve nerede olur vuslat bilinmez ama \u00c7ocuklu\u011fum, gen\u00e7li\u011fim ve nefes ald\u0131\u011f\u0131m topraklar Sizlere i\u00e7ten kanayan kocaman bir elveda\u2026 <\/p>\n","protected":false},"excerpt":{"rendered":"<p>Bundan doksan y\u0131l \u00f6nce burada ba\u015flayan ve par\u00e7alara b\u00f6l\u00fcnm\u00fc\u015f bir hayat\u0131n, da\u011f\u0131lan par\u00e7alar\u0131n\u0131 toplamak i\u00e7in \u00e7\u0131km\u0131\u015flard\u0131 bu yolculu\u011fa. Geride kalanlar\u0131n da en az gidenler kadar ac\u0131<span class=\"excerpt-hellip\"> [\u2026]<\/span><\/p>\n","protected":false},"featured_media":0,"template":"","meta":{"_monsterinsights_skip_tracking":false,"_monsterinsights_sitenote_active":false,"_monsterinsights_sitenote_note":"","_monsterinsights_sitenote_category":0},"product_brand":[],"product_cat":[12291,12711],"product_tag":[],"class_list":{"0":"post-766274","1":"product","2":"type-product","3":"status-publish","5":"product_cat-edebiyat","6":"product_cat-roman-oyku","7":"pa_cilt-ciltsiz","8":"pa_tur-kitap","9":"pa_yayinevi-cinaralti-yayinlari","10":"pa_yazar-emine-sakarya","12":"first","13":"instock","14":"sale","15":"shipping-taxable","16":"purchasable","17":"product-type-simple"},"_links":{"self":[{"href":"https:\/\/roveyayinevi.com.tr\/index.php\/wp-json\/wp\/v2\/product\/766274","targetHints":{"allow":["GET"]}}],"collection":[{"href":"https:\/\/roveyayinevi.com.tr\/index.php\/wp-json\/wp\/v2\/product"}],"about":[{"href":"https:\/\/roveyayinevi.com.tr\/index.php\/wp-json\/wp\/v2\/types\/product"}],"wp:attachment":[{"href":"https:\/\/roveyayinevi.com.tr\/index.php\/wp-json\/wp\/v2\/media?parent=766274"}],"wp:term":[{"taxonomy":"product_brand","embeddable":true,"href":"https:\/\/roveyayinevi.com.tr\/index.php\/wp-json\/wp\/v2\/product_brand?post=766274"},{"taxonomy":"product_cat","embeddable":true,"href":"https:\/\/roveyayinevi.com.tr\/index.php\/wp-json\/wp\/v2\/product_cat?post=766274"},{"taxonomy":"product_tag","embeddable":true,"href":"https:\/\/roveyayinevi.com.tr\/index.php\/wp-json\/wp\/v2\/product_tag?post=766274"}],"curies":[{"name":"wp","href":"https:\/\/api.w.org\/{rel}","templated":true}]}}