{"id":766271,"date":"2025-08-28T12:08:12","date_gmt":"2025-08-28T09:08:12","guid":{"rendered":"https:\/\/roveyayinevi.com.tr\/index.php\/urun\/ben-cirkin-miyim\/"},"modified":"2026-04-15T03:32:09","modified_gmt":"2026-04-15T00:32:09","slug":"ben-cirkin-miyim","status":"publish","type":"product","link":"https:\/\/roveyayinevi.com.tr\/index.php\/urun\/ben-cirkin-miyim\/","title":{"rendered":"Ben \u00c7irkin Miyim?"},"content":{"rendered":"<p>Kendimizi ger\u00e7ekten g\u00f6rebilmek i\u00e7in ka\u00e7 tane g\u00f6ze ihtiyac\u0131m\u0131z var? Nas\u0131l Ba\u015flar? kitab\u0131yla \u00e7ok sevilen yazar Silvana Tavano\u2019nun d\u0131\u015f g\u00f6r\u00fcn\u00fc\u015f\u00fcm\u00fcz\u00fc kabullenmek ve kendimizle bar\u0131\u015fmak \u00fczerine kaleme ald\u0131\u011f\u0131 bu d\u00fc\u015f\u00fcnd\u00fcr\u00fcc\u00fc hik\u00e2yeye Mariana Demuth harika resimleriyle e\u015flik ediyor. <\/p>\n","protected":false},"excerpt":{"rendered":"<p>Kendimizi ger\u00e7ekten g\u00f6rebilmek i\u00e7in ka\u00e7 tane g\u00f6ze ihtiyac\u0131m\u0131z var? Nas\u0131l Ba\u015flar? kitab\u0131yla \u00e7ok sevilen yazar Silvana Tavano\u2019nun d\u0131\u015f g\u00f6r\u00fcn\u00fc\u015f\u00fcm\u00fcz\u00fc kabullenmek ve kendimizle bar\u0131\u015fmak \u00fczerine kaleme ald\u0131\u011f\u0131<span class=\"excerpt-hellip\"> [\u2026]<\/span><\/p>\n","protected":false},"featured_media":0,"template":"","meta":{"_monsterinsights_skip_tracking":false,"_monsterinsights_sitenote_active":false,"_monsterinsights_sitenote_note":"","_monsterinsights_sitenote_category":0},"product_brand":[],"product_cat":[12274,12518],"product_tag":[],"class_list":{"0":"post-766271","1":"product","2":"type-product","3":"status-publish","5":"product_cat-cocuk-ve-genclik-kitaplari","6":"product_cat-okul-oncesi-kitaplar","7":"pa_cilt-ciltsiz","8":"pa_tur-kitap","9":"pa_yayinevi-yapi-kredi-yayinlari","10":"pa_yazar-silvana-tavano","12":"first","13":"instock","14":"sale","15":"shipping-taxable","16":"purchasable","17":"product-type-simple"},"_links":{"self":[{"href":"https:\/\/roveyayinevi.com.tr\/index.php\/wp-json\/wp\/v2\/product\/766271","targetHints":{"allow":["GET"]}}],"collection":[{"href":"https:\/\/roveyayinevi.com.tr\/index.php\/wp-json\/wp\/v2\/product"}],"about":[{"href":"https:\/\/roveyayinevi.com.tr\/index.php\/wp-json\/wp\/v2\/types\/product"}],"wp:attachment":[{"href":"https:\/\/roveyayinevi.com.tr\/index.php\/wp-json\/wp\/v2\/media?parent=766271"}],"wp:term":[{"taxonomy":"product_brand","embeddable":true,"href":"https:\/\/roveyayinevi.com.tr\/index.php\/wp-json\/wp\/v2\/product_brand?post=766271"},{"taxonomy":"product_cat","embeddable":true,"href":"https:\/\/roveyayinevi.com.tr\/index.php\/wp-json\/wp\/v2\/product_cat?post=766271"},{"taxonomy":"product_tag","embeddable":true,"href":"https:\/\/roveyayinevi.com.tr\/index.php\/wp-json\/wp\/v2\/product_tag?post=766271"}],"curies":[{"name":"wp","href":"https:\/\/api.w.org\/{rel}","templated":true}]}}