{"id":766260,"date":"2025-08-28T12:07:52","date_gmt":"2025-08-28T09:07:52","guid":{"rendered":"https:\/\/roveyayinevi.com.tr\/index.php\/urun\/doppelganger-ayna-dunyaya-yolculuk\/"},"modified":"2026-04-15T03:32:09","modified_gmt":"2026-04-15T00:32:09","slug":"doppelganger-ayna-dunyaya-yolculuk","status":"publish","type":"product","link":"https:\/\/roveyayinevi.com.tr\/index.php\/urun\/doppelganger-ayna-dunyaya-yolculuk\/","title":{"rendered":"Doppelganger &#8211; Ayna D\u00fcnyaya Yolculuk"},"content":{"rendered":"<p>2024 Women\u2019s Nonfiction \u00d6d\u00fcl\u00fc\u2019n\u00fc kazanan Doppelganger, internetin aynalar d\u00fcnyas\u0131ndaki abart\u0131l\u0131 yans\u0131malar\u0131, kaybolan ger\u00e7eklik hissinin yol a\u00e7t\u0131\u011f\u0131 ba\u015f d\u00f6nmesini anlat\u0131yor. Sosyal medyan\u0131n k\u00f6r kuyular\u0131nda saatler kaybeden, siyasetin g\u00fcnbeg\u00fcn kirlenmesini dert edinen kafa kar\u0131\u015f\u0131kl\u0131\u011f\u0131 ve y\u0131lg\u0131nl\u0131k i\u00e7indeki insanlar\u0131 bir an \u00f6nce silkinmeye, birlik olmaya ve olumlu \u015feyler ad\u0131na m\u00fccadeleye davet ediyor. \u015eok Doktrini, Bu Her \u015eeyi De\u011fi\u015ftirir ve No Logo gibi, belli d\u00f6nemlere tan\u0131m getiren \u00e7oksatarlar\u0131n yazar\u0131 Naomi Klein tuhaf bir sorunla y\u00fcz y\u00fcze gelir: Kendisiyle ayn\u0131 ad\u0131 ta\u015f\u0131yan ve fiziksel olarak ona benzeyen ancak b\u00fcsb\u00fct\u00fcn farkl\u0131 d\u00fc\u015f\u00fcncelere sahip bir kad\u0131nla s\u00fcrekli kar\u0131\u015ft\u0131r\u0131lmaktad\u0131r. Gittik\u00e7e b\u00fcy\u00fcyen bu sorun kar\u015f\u0131s\u0131nda yolunu kaybetme tehlikesi ya\u015fayan yazar bir taraftan da \u015f\u00fcpheli ikizinin takip\u00e7ilerinin tehditleri ve a\u015fa\u011f\u0131lamalar\u0131na maruz kal\u0131r. Kendini adeta tekinsiz bir \u201cdoppelganger\u201d hik\u00e2yesinin i\u00e7inde bularak insanlar\u0131n kolayca a\u015f\u0131r\u0131 u\u00e7lara gitmesi, kimliklerin giderek tutars\u0131zla\u015fmas\u0131 ve b\u00f6l\u00fcnmesi \u00fczerine d\u00fc\u015f\u00fcnmeye ba\u015flar. B\u00f6ylece komplo teorilerinin havada u\u00e7u\u015ftu\u011fu, sosyal medya fenomenlerinin nefret kusan a\u015f\u0131r\u0131 sa\u011f propagandac\u0131larla birlikte saf tuttu\u011fu, a\u015f\u0131-kar\u015f\u0131tlar\u0131 ve demagoglar\u0131n ayna d\u00fcnyalar\u0131nda bulur kendini. Kan\u0131ksay\u0131p bir par\u00e7as\u0131 oldu\u011fumuz g\u00fcn\u00fcm\u00fcz k\u00fclt\u00fcr\u00fcn\u00fcn \u00fczerindeki \u00f6rt\u00fcy\u00fc yava\u015f yava\u015f kald\u0131ran Klein tarihin ger\u00e7ek\u00fcst\u00fc bir an\u0131na tan\u0131kl\u0131k etti\u011fini fark eder. Bir yanda birer sanal marka haline gelmek i\u00e7in \u00e7\u0131rp\u0131nan, rekabet\u00e7ili\u011fin, ayr\u0131mc\u0131l\u0131\u011f\u0131n, iptal k\u00fclt\u00fcr\u00fcn\u00fcn kat\u0131 bir bencilli\u011fe sevk etti\u011fi insanlar vard\u0131r. Bir yanda da yalanlar\u0131n daha da h\u0131zl\u0131 yay\u0131ld\u0131\u011f\u0131, her bir k\u00f6\u015fesinde demokrasinin a\u011f\u0131r darbeler ald\u0131\u011f\u0131, iklim krizinin, sava\u015flar\u0131n h\u00fckm\u00fcndeki bir d\u00fcnya\u2026   \u201cOn y\u0131lda bir Naomi Klein i\u00e7inde bulundu\u011fumuz an\u0131 tamamen yeniden d\u00fc\u015f\u00fcnmemiz i\u00e7in bizi harekete ge\u00e7iriyor. Nerede oldu\u011fumuzu anlamak ve ak\u0131l sa\u011fl\u0131\u011f\u0131m\u0131za yeniden kavu\u015fmak istiyorsak bu tek kelimeyle muhte\u015fem kitab\u0131 okumak zorundas\u0131n\u0131z.\u201d Johann Hari <\/p>\n","protected":false},"excerpt":{"rendered":"<p>2024 Women\u2019s Nonfiction \u00d6d\u00fcl\u00fc\u2019n\u00fc kazanan Doppelganger, internetin aynalar d\u00fcnyas\u0131ndaki abart\u0131l\u0131 yans\u0131malar\u0131, kaybolan ger\u00e7eklik hissinin yol a\u00e7t\u0131\u011f\u0131 ba\u015f d\u00f6nmesini anlat\u0131yor. Sosyal medyan\u0131n k\u00f6r kuyular\u0131nda saatler kaybeden, siyasetin<span class=\"excerpt-hellip\"> [\u2026]<\/span><\/p>\n","protected":false},"featured_media":0,"template":"","meta":{"_monsterinsights_skip_tracking":false,"_monsterinsights_sitenote_active":false,"_monsterinsights_sitenote_note":"","_monsterinsights_sitenote_category":0},"product_brand":[],"product_cat":[13005,18664],"product_tag":[],"class_list":{"0":"post-766260","1":"product","2":"type-product","3":"status-publish","5":"product_cat-bilim-muhendislik","6":"product_cat-muhendislik","7":"pa_cilt-ciltsiz","8":"pa_tur-kitap","9":"pa_yayinevi-yapi-kredi-yayinlari","10":"pa_yazar-naomi-klein","12":"first","13":"instock","14":"sale","15":"shipping-taxable","16":"purchasable","17":"product-type-simple"},"_links":{"self":[{"href":"https:\/\/roveyayinevi.com.tr\/index.php\/wp-json\/wp\/v2\/product\/766260","targetHints":{"allow":["GET"]}}],"collection":[{"href":"https:\/\/roveyayinevi.com.tr\/index.php\/wp-json\/wp\/v2\/product"}],"about":[{"href":"https:\/\/roveyayinevi.com.tr\/index.php\/wp-json\/wp\/v2\/types\/product"}],"wp:attachment":[{"href":"https:\/\/roveyayinevi.com.tr\/index.php\/wp-json\/wp\/v2\/media?parent=766260"}],"wp:term":[{"taxonomy":"product_brand","embeddable":true,"href":"https:\/\/roveyayinevi.com.tr\/index.php\/wp-json\/wp\/v2\/product_brand?post=766260"},{"taxonomy":"product_cat","embeddable":true,"href":"https:\/\/roveyayinevi.com.tr\/index.php\/wp-json\/wp\/v2\/product_cat?post=766260"},{"taxonomy":"product_tag","embeddable":true,"href":"https:\/\/roveyayinevi.com.tr\/index.php\/wp-json\/wp\/v2\/product_tag?post=766260"}],"curies":[{"name":"wp","href":"https:\/\/api.w.org\/{rel}","templated":true}]}}