{"id":766251,"date":"2025-08-28T12:07:32","date_gmt":"2025-08-28T09:07:32","guid":{"rendered":"https:\/\/roveyayinevi.com.tr\/index.php\/urun\/metal-firtina-3\/"},"modified":"2026-04-15T03:32:08","modified_gmt":"2026-04-15T00:32:08","slug":"metal-firtina-3","status":"publish","type":"product","link":"https:\/\/roveyayinevi.com.tr\/index.php\/urun\/metal-firtina-3\/","title":{"rendered":"Metal F\u0131rt\u0131na 3"},"content":{"rendered":"<p>K\u00f6t\u00fcl\u00fck baronunun, b\u00fct\u00fcn operasyonlarda kendisini engelledi\u011fini d\u00fc\u015f\u00fcnd\u00fc\u011f\u00fc Gri Tak\u0131m\u2019dan kurtulmak i\u00e7in plan\u0131 haz\u0131r! Afrika\u2019n\u0131n Atlas Okyanusu\u2019na a\u00e7\u0131lan Gambiya isimli k\u00fc\u00e7\u00fck \u00fclkesindeki T\u00fcrk e\u011fitim birli\u011fi hedefte\u2026 Metal F\u0131rt\u0131na 3 Kar\u015f\u0131 Sald\u0131r\u0131, bir\u00e7ok gizemi ortaya \u00e7\u0131kar\u0131yor.T\u00fcrk \u00f6zel kuvvetleri, kurtarma giri\u015fimi ba\u015flatacak m\u0131?T\u00fcrk kurtarma ekibini hangi tuzak bekliyor?Nihai hedef olan Gri Tak\u0131m, b\u00fcy\u00fck tuzaktan kurtulabilecek mi?Kurt, bu \u00f6l\u00fcmc\u00fcl m\u00fccadeleden sa\u011f \u00e7\u0131kabilir mi?G\u00f6khan ve Mert, nereye y\u00fcr\u00fcyor? <\/p>\n","protected":false},"excerpt":{"rendered":"<p>K\u00f6t\u00fcl\u00fck baronunun, b\u00fct\u00fcn operasyonlarda kendisini engelledi\u011fini d\u00fc\u015f\u00fcnd\u00fc\u011f\u00fc Gri Tak\u0131m\u2019dan kurtulmak i\u00e7in plan\u0131 haz\u0131r! Afrika\u2019n\u0131n Atlas Okyanusu\u2019na a\u00e7\u0131lan Gambiya isimli k\u00fc\u00e7\u00fck \u00fclkesindeki T\u00fcrk e\u011fitim birli\u011fi hedefte\u2026 Metal<span class=\"excerpt-hellip\"> [\u2026]<\/span><\/p>\n","protected":false},"featured_media":0,"template":"","meta":{"_monsterinsights_skip_tracking":false,"_monsterinsights_sitenote_active":false,"_monsterinsights_sitenote_note":"","_monsterinsights_sitenote_category":0},"product_brand":[],"product_cat":[12291,12711],"product_tag":[],"class_list":{"0":"post-766251","1":"product","2":"type-product","3":"status-publish","5":"product_cat-edebiyat","6":"product_cat-roman-oyku","7":"pa_cilt-ciltsiz","8":"pa_tur-kitap","9":"pa_yayinevi-destek-yayinlari","10":"pa_yazar-burak-turna","12":"first","13":"instock","14":"sale","15":"shipping-taxable","16":"purchasable","17":"product-type-simple"},"_links":{"self":[{"href":"https:\/\/roveyayinevi.com.tr\/index.php\/wp-json\/wp\/v2\/product\/766251","targetHints":{"allow":["GET"]}}],"collection":[{"href":"https:\/\/roveyayinevi.com.tr\/index.php\/wp-json\/wp\/v2\/product"}],"about":[{"href":"https:\/\/roveyayinevi.com.tr\/index.php\/wp-json\/wp\/v2\/types\/product"}],"wp:attachment":[{"href":"https:\/\/roveyayinevi.com.tr\/index.php\/wp-json\/wp\/v2\/media?parent=766251"}],"wp:term":[{"taxonomy":"product_brand","embeddable":true,"href":"https:\/\/roveyayinevi.com.tr\/index.php\/wp-json\/wp\/v2\/product_brand?post=766251"},{"taxonomy":"product_cat","embeddable":true,"href":"https:\/\/roveyayinevi.com.tr\/index.php\/wp-json\/wp\/v2\/product_cat?post=766251"},{"taxonomy":"product_tag","embeddable":true,"href":"https:\/\/roveyayinevi.com.tr\/index.php\/wp-json\/wp\/v2\/product_tag?post=766251"}],"curies":[{"name":"wp","href":"https:\/\/api.w.org\/{rel}","templated":true}]}}