{"id":766223,"date":"2025-08-28T12:06:06","date_gmt":"2025-08-28T09:06:06","guid":{"rendered":"https:\/\/roveyayinevi.com.tr\/index.php\/urun\/narsist-birinden-nasil-kurtulursunuz\/"},"modified":"2026-04-15T03:32:08","modified_gmt":"2026-04-15T00:32:08","slug":"narsist-birinden-nasil-kurtulursunuz","status":"publish","type":"product","link":"https:\/\/roveyayinevi.com.tr\/index.php\/urun\/narsist-birinden-nasil-kurtulursunuz\/","title":{"rendered":"Narsist Birinden Nas\u0131l Kurtulursunuz?"},"content":{"rendered":"<p>Bir narsisti de\u011fi\u015ftiremezsiniz, ama onunla nas\u0131l ba\u015fa \u00e7\u0131kaca\u011f\u0131n\u0131z\u0131 \u00f6\u011frenebilirsiniz.Dr. Sarah Davies\u2019in y\u0131llarca s\u00fcren klinik \u00e7al\u0131\u015fmalar\u0131ndan ve ki\u015fisel deneyimlerinden hareketle kaleme ald\u0131\u011f\u0131 bu kitap, narsisizmi anlamaya, narsistik istismar d\u00f6ng\u00fcs\u00fcn\u00fc tan\u0131mlamaya ve istismar\u0131n ard\u0131ndan iyile\u015fmeye dair interaktif bir rehber.Fark\u0131ndal\u0131\u011f\u0131n, de\u011fi\u015fimin anahtar\u0131 oldu\u011funu vurgulayan Davies, \u00f6rnek vakalarla zenginle\u015ftirdi\u011fi bu \u00e7al\u0131\u015fmas\u0131nda istismar\u0131n \u00f6zelliklerini, toksik ili\u015fki dinamiklerini, manip\u00fclasyon y\u00f6ntemlerini a\u00e7\u0131klad\u0131ktan sonra oda\u011f\u0131n\u0131 iyile\u015fme yolculu\u011funa \u00e7eviriyor ve sa\u011fl\u0131kl\u0131 s\u0131n\u0131rlar tesis etmeye, \u00f6zbak\u0131m ve \u015fefkatte derinle\u015fmeye, \u00f6zg\u00fcveni ve \u00f6zsayg\u0131y\u0131 yeniden in\u015fa etmeye y\u00f6nelik yol g\u00f6sterici tavsiyelerde bulunuyor.Narsist Birinden Nas\u0131l Kurtulursunuz, bir narsistle kurdu\u011funuz toksik ili\u015fkiden sonra kendinizi yeniden in\u015fa etmenize yard\u0131mc\u0131 olacak ve ba\u015fka narsistlerin kurban\u0131 olman\u0131z\u0131 engelleyecek kapsaml\u0131 bir k\u0131lavuz\u2026 \u201cE\u011fer ger\u00e7ek bir narsistin kurban\u0131 olduysan\u0131z, TikTok\u2019a de\u011fil, Davies\u2019in kitab\u0131 gibi g\u00fcvenilir ve kapsaml\u0131 bir bilgi kayna\u011f\u0131na ihtiyac\u0131n\u0131z var.\u201d -Sunday Times Style\u201cDavies iyile\u015fmeye giden yol haritas\u0131n\u0131n ana hatlar\u0131n\u0131 \u00e7iziyor.\u201d -Habiba Katsha, Stylist\u201cNarsistik istismara maruz kalm\u0131\u015f herkes bu kitab\u0131 okumal\u0131; sadece konu hakk\u0131nda fark\u0131ndal\u0131k kazanmak i\u00e7in de\u011fil, ayn\u0131 zamanda iyile\u015fme yolculu\u011funda size \u0131\u015f\u0131k tutmas\u0131 i\u00e7in.\u201d -Goodreads okur yorumu<\/p>\n","protected":false},"excerpt":{"rendered":"<p>Bir narsisti de\u011fi\u015ftiremezsiniz, ama onunla nas\u0131l ba\u015fa \u00e7\u0131kaca\u011f\u0131n\u0131z\u0131 \u00f6\u011frenebilirsiniz.Dr. Sarah Davies\u2019in y\u0131llarca s\u00fcren klinik \u00e7al\u0131\u015fmalar\u0131ndan ve ki\u015fisel deneyimlerinden hareketle kaleme ald\u0131\u011f\u0131 bu kitap, narsisizmi anlamaya, narsistik<span class=\"excerpt-hellip\"> [\u2026]<\/span><\/p>\n","protected":false},"featured_media":0,"template":"","meta":{"_monsterinsights_skip_tracking":false,"_monsterinsights_sitenote_active":false,"_monsterinsights_sitenote_note":"","_monsterinsights_sitenote_category":0},"product_brand":[],"product_cat":[12358,12357],"product_tag":[],"class_list":{"0":"post-766223","1":"product","2":"type-product","3":"status-publish","5":"product_cat-genel-psikoloji","6":"product_cat-psikoloji","7":"pa_cilt-ciltsiz","8":"pa_tur-kitap","9":"pa_yayinevi-timas-yayinlari","10":"pa_yazar-sarah-davies","12":"first","13":"instock","14":"sale","15":"shipping-taxable","16":"purchasable","17":"product-type-simple"},"_links":{"self":[{"href":"https:\/\/roveyayinevi.com.tr\/index.php\/wp-json\/wp\/v2\/product\/766223","targetHints":{"allow":["GET"]}}],"collection":[{"href":"https:\/\/roveyayinevi.com.tr\/index.php\/wp-json\/wp\/v2\/product"}],"about":[{"href":"https:\/\/roveyayinevi.com.tr\/index.php\/wp-json\/wp\/v2\/types\/product"}],"wp:attachment":[{"href":"https:\/\/roveyayinevi.com.tr\/index.php\/wp-json\/wp\/v2\/media?parent=766223"}],"wp:term":[{"taxonomy":"product_brand","embeddable":true,"href":"https:\/\/roveyayinevi.com.tr\/index.php\/wp-json\/wp\/v2\/product_brand?post=766223"},{"taxonomy":"product_cat","embeddable":true,"href":"https:\/\/roveyayinevi.com.tr\/index.php\/wp-json\/wp\/v2\/product_cat?post=766223"},{"taxonomy":"product_tag","embeddable":true,"href":"https:\/\/roveyayinevi.com.tr\/index.php\/wp-json\/wp\/v2\/product_tag?post=766223"}],"curies":[{"name":"wp","href":"https:\/\/api.w.org\/{rel}","templated":true}]}}