{"id":766221,"date":"2025-08-28T12:06:02","date_gmt":"2025-08-28T09:06:02","guid":{"rendered":"https:\/\/roveyayinevi.com.tr\/index.php\/urun\/koltugumdaki-kadinlar\/"},"modified":"2026-04-12T03:23:38","modified_gmt":"2026-04-12T00:23:38","slug":"koltugumdaki-kadinlar","status":"publish","type":"product","link":"https:\/\/roveyayinevi.com.tr\/index.php\/urun\/koltugumdaki-kadinlar\/","title":{"rendered":"Koltu\u011fumdaki Kad\u0131nlar"},"content":{"rendered":"<p>Dr. Ay\u015fe Duman Koltu\u011fumdaki Kad\u0131nlar\u2019da i\u00e7sel sevincini yitirmi\u015f, d\u0131\u015fsal iyi hissedi\u015f oyuncaklar\u0131na ba\u011f\u0131ml\u0131 hale gelmi\u015f zihin-bedenlerin ac\u0131lar\u0131ndan ve \u0131zd\u0131raplar\u0131ndan s\u00f6z ediyor. Yani seni, beni, bizi bize anlat\u0131yor.Koltu\u011funa oturan kad\u0131nlar\u0131n hik\u00e2yeleri e\u015fli\u011finde, kad\u0131n\u0131n kendine zihnini \u015fefkatle dinleme, beden kay\u0131tlar\u0131n\u0131 anlama, kabul etme ve de\u011fi\u015fme izni verdi\u011finde \u201ciyile\u015fmenin\u201d nas\u0131l da m\u00fcmk\u00fcn oldu\u011funu g\u00f6steriyor.Ya\u015fam yolculu\u011funda beden bilgeli\u011finin \u00f6nemini vurgulayan Dr. Duman, kad\u0131n\u0131 d\u0131\u015f seslerin g\u00fcr\u00fclt\u00fclerinden, \u015fartlanm\u0131\u015fl\u0131klardan, d\u00fczen kurucular\u0131n dayatmalar\u0131ndan \u00f6zg\u00fcrle\u015ferek biyolojinin f\u0131s\u0131lt\u0131lar\u0131n\u0131 duymaya davet ediyor.\u201cHik\u00e2yelerimizle birbirimize ba\u011fl\u0131 oldu\u011fumuz ya\u015fam yolculu\u011funda ne\u015felerimiz kadar ac\u0131lar\u0131m\u0131z da \u0131\u015f\u0131k oluyor birbirimize.Ac\u0131y\u0131, ona tutsak olmadan \u00f6zg\u00fcrle\u015fmenin, var olma sevincini hissetmenin en sa\u011flam basama\u011f\u0131 olarak kullanan kad\u0131nlar\u0131n hik\u00e2yeleri \u0131\u015f\u0131k olsun istedim, yola \u00e7\u0131kmak isteyenlere, yolda olanlara.\u201d<\/p>\n","protected":false},"excerpt":{"rendered":"<p>Dr. Ay\u015fe Duman Koltu\u011fumdaki Kad\u0131nlar\u2019da i\u00e7sel sevincini yitirmi\u015f, d\u0131\u015fsal iyi hissedi\u015f oyuncaklar\u0131na ba\u011f\u0131ml\u0131 hale gelmi\u015f zihin-bedenlerin ac\u0131lar\u0131ndan ve \u0131zd\u0131raplar\u0131ndan s\u00f6z ediyor. Yani seni, beni, bizi bize<span class=\"excerpt-hellip\"> [\u2026]<\/span><\/p>\n","protected":false},"featured_media":0,"template":"","meta":{"_monsterinsights_skip_tracking":false,"_monsterinsights_sitenote_active":false,"_monsterinsights_sitenote_note":"","_monsterinsights_sitenote_category":0},"product_brand":[],"product_cat":[12364,12376],"product_tag":[],"class_list":{"0":"post-766221","1":"product","2":"type-product","3":"status-publish","5":"product_cat-genel-konular","6":"product_cat-kisisel-gelisim","7":"pa_cilt-ciltsiz","8":"pa_tur-kitap","9":"pa_yayinevi-timas-yayinlari","10":"pa_yazar-ayse-duman","12":"first","13":"instock","14":"sale","15":"shipping-taxable","16":"purchasable","17":"product-type-simple"},"_links":{"self":[{"href":"https:\/\/roveyayinevi.com.tr\/index.php\/wp-json\/wp\/v2\/product\/766221","targetHints":{"allow":["GET"]}}],"collection":[{"href":"https:\/\/roveyayinevi.com.tr\/index.php\/wp-json\/wp\/v2\/product"}],"about":[{"href":"https:\/\/roveyayinevi.com.tr\/index.php\/wp-json\/wp\/v2\/types\/product"}],"wp:attachment":[{"href":"https:\/\/roveyayinevi.com.tr\/index.php\/wp-json\/wp\/v2\/media?parent=766221"}],"wp:term":[{"taxonomy":"product_brand","embeddable":true,"href":"https:\/\/roveyayinevi.com.tr\/index.php\/wp-json\/wp\/v2\/product_brand?post=766221"},{"taxonomy":"product_cat","embeddable":true,"href":"https:\/\/roveyayinevi.com.tr\/index.php\/wp-json\/wp\/v2\/product_cat?post=766221"},{"taxonomy":"product_tag","embeddable":true,"href":"https:\/\/roveyayinevi.com.tr\/index.php\/wp-json\/wp\/v2\/product_tag?post=766221"}],"curies":[{"name":"wp","href":"https:\/\/api.w.org\/{rel}","templated":true}]}}