{"id":766211,"date":"2025-08-28T12:05:43","date_gmt":"2025-08-28T09:05:43","guid":{"rendered":"https:\/\/roveyayinevi.com.tr\/index.php\/urun\/dakikalar-icinde-ingilizce\/"},"modified":"2026-04-15T03:32:07","modified_gmt":"2026-04-15T00:32:07","slug":"dakikalar-icinde-ingilizce","status":"publish","type":"product","link":"https:\/\/roveyayinevi.com.tr\/index.php\/urun\/dakikalar-icinde-ingilizce\/","title":{"rendered":"Dakikalar \u0130\u00e7inde \u0130ngilizce"},"content":{"rendered":"<p>\u0130NG\u0130L\u0130ZCE \u00d6\u011eRENMEK ARTIK DAHA KOLAY! Y\u0131llar boyu \u00f6\u011frenmeye \u00e7abalad\u0131\u011f\u0131n\u0131z, okullarda saatlerce dersler g\u00f6rd\u00fc\u011f\u00fcn\u00fcz, filmlerde, dizilerde, sosyal medyada, \u00e7e\u015fitli internet sitelerinde, video oyunlarda, k\u0131sacas\u0131 hayat\u0131n\u0131z\u0131n her k\u00f6\u015fesinde kar\u015f\u0131n\u0131za \u00e7\u0131kan \u0130ngilizceyi \u00f6\u011frenmek elinizdeki kitapla art\u0131k \u00e7ok kolay ve rahat olacak. Uzun zamand\u0131r dil \u00f6\u011frenimine dair e\u011fitimler veren, bir\u00e7ok \u00f6\u011frenciye yol g\u00f6steren Tekin Atmaca, Dakikalar \u0130\u00e7inde \u0130ngilizce kitab\u0131yla deneyimlerini derli toplu \u015fekilde aktar\u0131yor. T\u00fcrk\u00e7e konu\u015fan bizlerin \u0130ngilizce \u00f6\u011freniminde kar\u015f\u0131la\u015ft\u0131\u011f\u0131 s\u0131k\u0131nt\u0131lara odaklanarak bu sorunlar\u0131n \u00e7\u00f6z\u00fcm\u00fcne dair pedagojik ve stratejik \u00e7\u00f6z\u00fcmler g\u00f6steriyor. Dil \u00f6\u011frenmeye ilgi duyan herkes i\u00e7in kapsaml\u0131 bir rehber niteli\u011fi ta\u015f\u0131yan bu eser, 200 maddede okuruna dil \u00f6\u011frenmenin do\u011fas\u0131ndan ba\u015flayarak, \u0130ngilizce gramerine, dil s\u0131navlar\u0131n\u0131n tan\u0131t\u0131m\u0131na ve dil-k\u00fclt\u00fcr ili\u015fkisine kadar geni\u015f bir yelpazede, \u0130ngilizce hakk\u0131nda derin bilgi ve kavray\u0131\u015f sunuyor. <\/p>\n","protected":false},"excerpt":{"rendered":"<p>\u0130NG\u0130L\u0130ZCE \u00d6\u011eRENMEK ARTIK DAHA KOLAY! Y\u0131llar boyu \u00f6\u011frenmeye \u00e7abalad\u0131\u011f\u0131n\u0131z, okullarda saatlerce dersler g\u00f6rd\u00fc\u011f\u00fcn\u00fcz, filmlerde, dizilerde, sosyal medyada, \u00e7e\u015fitli internet sitelerinde, video oyunlarda, k\u0131sacas\u0131 hayat\u0131n\u0131z\u0131n her k\u00f6\u015fesinde<span class=\"excerpt-hellip\"> [\u2026]<\/span><\/p>\n","protected":false},"featured_media":0,"template":"","meta":{"_monsterinsights_skip_tracking":false,"_monsterinsights_sitenote_active":false,"_monsterinsights_sitenote_note":"","_monsterinsights_sitenote_category":0},"product_brand":[],"product_cat":[14597,12566],"product_tag":[],"class_list":{"0":"post-766211","1":"product","2":"type-product","3":"status-publish","5":"product_cat-dil-ogrenimi","6":"product_cat-egitim","7":"pa_cilt-ciltsiz","8":"pa_tur-kitap","9":"pa_yayinevi-kronik-kitap","10":"pa_yazar-tekin-atmaca","12":"first","13":"instock","14":"sale","15":"shipping-taxable","16":"purchasable","17":"product-type-simple"},"_links":{"self":[{"href":"https:\/\/roveyayinevi.com.tr\/index.php\/wp-json\/wp\/v2\/product\/766211","targetHints":{"allow":["GET"]}}],"collection":[{"href":"https:\/\/roveyayinevi.com.tr\/index.php\/wp-json\/wp\/v2\/product"}],"about":[{"href":"https:\/\/roveyayinevi.com.tr\/index.php\/wp-json\/wp\/v2\/types\/product"}],"wp:attachment":[{"href":"https:\/\/roveyayinevi.com.tr\/index.php\/wp-json\/wp\/v2\/media?parent=766211"}],"wp:term":[{"taxonomy":"product_brand","embeddable":true,"href":"https:\/\/roveyayinevi.com.tr\/index.php\/wp-json\/wp\/v2\/product_brand?post=766211"},{"taxonomy":"product_cat","embeddable":true,"href":"https:\/\/roveyayinevi.com.tr\/index.php\/wp-json\/wp\/v2\/product_cat?post=766211"},{"taxonomy":"product_tag","embeddable":true,"href":"https:\/\/roveyayinevi.com.tr\/index.php\/wp-json\/wp\/v2\/product_tag?post=766211"}],"curies":[{"name":"wp","href":"https:\/\/api.w.org\/{rel}","templated":true}]}}