{"id":766197,"date":"2025-08-28T12:05:22","date_gmt":"2025-08-28T09:05:22","guid":{"rendered":"https:\/\/roveyayinevi.com.tr\/index.php\/urun\/pop-art-modern-sanat-akimlari\/"},"modified":"2026-03-12T03:29:22","modified_gmt":"2026-03-12T00:29:22","slug":"pop-art-modern-sanat-akimlari","status":"publish","type":"product","link":"https:\/\/roveyayinevi.com.tr\/index.php\/urun\/pop-art-modern-sanat-akimlari\/","title":{"rendered":"Pop Art &#8211; Modern Sanat Ak\u0131mlar\u0131"},"content":{"rendered":"<p>Yirminci y\u00fczy\u0131l\u0131n en \u00f6nemli sanat ak\u0131mlar\u0131ndan biri olan Pop Art, g\u00fczel sanatlara ve y\u00fcksek k\u00fclt\u00fcre meydan okuyan, sanat ile ya\u015fam aras\u0131nda bir ayr\u0131m oldu\u011fu fikrini reddeden bir ak\u0131md\u0131r. David McCarthy, Pop Art kitab\u0131nda, ak\u0131m\u0131n Dada ve Ger\u00e7ek\u00fcst\u00fcc\u00fcl\u00fckteki k\u00f6klerine dair ipu\u00e7lar\u0131 veriyor, 1950\u2019li y\u0131llar\u0131n sonu ve 1960\u2019l\u0131 y\u0131llarda nas\u0131l sivrilerek \u00f6nem kazand\u0131\u011f\u0131n\u0131, daha \u00f6nce g\u00fczel sanatlar\u0131n s\u0131n\u0131rlar\u0131 d\u0131\u015f\u0131nda say\u0131lan kitle k\u00fclt\u00fcr\u00fc, pop\u00fcler be\u011feni ve kitsch gibi temalar\u0131n nas\u0131l sanat\u0131n ana konusu haline getirdi\u011fini t\u00fcm ayr\u0131nt\u0131lar\u0131yla aktar\u0131yor. Peter Blake, Richard Hamilton, Roy Lichtenstein, ve Andy Warhol gibi sanat\u00e7\u0131lar\u0131n eserleriyle, yeni ticarile\u015fen Bat\u0131 d\u00fcnyas\u0131n\u0131n y\u00fczeyselli\u011fi ve ge\u00e7icili\u011fini de kabul ederken ihti\u015fam\u0131 ve hazc\u0131l\u0131\u011f\u0131n\u0131 kutlayan bir sanat bi\u00e7imi olarak pop\u00fclerli\u011fe y\u00fckseli\u015finin izlerini s\u00fcr\u00fcyor.   Bu seri, son iki y\u00fczy\u0131la damgas\u0131n\u0131 vurmu\u015f sanat ak\u0131mlar\u0131n\u0131 okuyucuyla bulu\u015fturuyor. Modern sanat\u0131n, hem farkl\u0131 d\u00f6nemleriyle hem de bir b\u00fct\u00fcn olarak t\u00fcm geli\u015fim \u00e7izgisi \u00fczerinde g\u00f6r\u00fclebilece\u011fi ayd\u0131nlat\u0131c\u0131 bir bak\u0131\u015f a\u00e7\u0131s\u0131 sunuyor.   Serinin Di\u011fer Kitaplar\u0131 Ard-\u0130zlenimcilik  &#8211; Arte Povera  &#8211; D\u0131\u015favurumculuk \u2013 F\u00fct\u00fcrizm \u2013 Ger\u00e7ek\u00fcst\u00fcc\u00fcl\u00fck &#8211; Kavramsal Sanat \u2013 K\u00fcbizm \u2013 Minimalizm \u2013 Modernizm &#8211; Ger\u00e7ek\u00e7ilik \u2013 Postmodernizm &#8211; Soyut Sanat &#8211; Soyut-D\u0131\u015favurumculuk <\/p>\n","protected":false},"excerpt":{"rendered":"<p>Yirminci y\u00fczy\u0131l\u0131n en \u00f6nemli sanat ak\u0131mlar\u0131ndan biri olan Pop Art, g\u00fczel sanatlara ve y\u00fcksek k\u00fclt\u00fcre meydan okuyan, sanat ile ya\u015fam aras\u0131nda bir ayr\u0131m oldu\u011fu fikrini reddeden<span class=\"excerpt-hellip\"> [\u2026]<\/span><\/p>\n","protected":false},"featured_media":0,"template":"","meta":{"_monsterinsights_skip_tracking":false,"_monsterinsights_sitenote_active":false,"_monsterinsights_sitenote_note":"","_monsterinsights_sitenote_category":0},"product_brand":[],"product_cat":[13548,12408],"product_tag":[],"class_list":{"0":"post-766197","1":"product","2":"type-product","3":"status-publish","5":"product_cat-kuram","6":"product_cat-sanat","7":"pa_cilt-ciltsiz","8":"pa_tur-kitap","9":"pa_yayinevi-hayalperest-yayinlari","10":"pa_yazar-david-mccarthy","12":"first","13":"instock","14":"sale","15":"shipping-taxable","16":"purchasable","17":"product-type-simple"},"_links":{"self":[{"href":"https:\/\/roveyayinevi.com.tr\/index.php\/wp-json\/wp\/v2\/product\/766197","targetHints":{"allow":["GET"]}}],"collection":[{"href":"https:\/\/roveyayinevi.com.tr\/index.php\/wp-json\/wp\/v2\/product"}],"about":[{"href":"https:\/\/roveyayinevi.com.tr\/index.php\/wp-json\/wp\/v2\/types\/product"}],"wp:attachment":[{"href":"https:\/\/roveyayinevi.com.tr\/index.php\/wp-json\/wp\/v2\/media?parent=766197"}],"wp:term":[{"taxonomy":"product_brand","embeddable":true,"href":"https:\/\/roveyayinevi.com.tr\/index.php\/wp-json\/wp\/v2\/product_brand?post=766197"},{"taxonomy":"product_cat","embeddable":true,"href":"https:\/\/roveyayinevi.com.tr\/index.php\/wp-json\/wp\/v2\/product_cat?post=766197"},{"taxonomy":"product_tag","embeddable":true,"href":"https:\/\/roveyayinevi.com.tr\/index.php\/wp-json\/wp\/v2\/product_tag?post=766197"}],"curies":[{"name":"wp","href":"https:\/\/api.w.org\/{rel}","templated":true}]}}