{"id":766195,"date":"2025-08-28T12:05:17","date_gmt":"2025-08-28T09:05:17","guid":{"rendered":"https:\/\/roveyayinevi.com.tr\/index.php\/urun\/parazit-cilt-1\/"},"modified":"2026-04-15T03:32:07","modified_gmt":"2026-04-15T00:32:07","slug":"parazit-cilt-1","status":"publish","type":"product","link":"https:\/\/roveyayinevi.com.tr\/index.php\/urun\/parazit-cilt-1\/","title":{"rendered":"Parazit Cilt 1"},"content":{"rendered":"<p>SESS\u0130Z \u0130ST\u0130LA Karanl\u0131kta sessizce geldiler. Her yerdeler. Hayatta kalabilmek i\u00e7in insan bedenlerini istila etmeye ve o bedenlere h\u00fckmetmeye muhta\u00e7, yamyam parazitler. \u00c7o\u011fu, s\u0131radan insan y\u00fczlerinin ard\u0131nda gizleniyor ve kimse onlar\u0131n varl\u0131\u011f\u0131ndan haberdar de\u011fil. S\u0131radan bir lise \u00f6\u011frencisi olan Shinichi hari\u00e7. Bedenini parazite kapt\u0131rmamak i\u00e7in sava\u015fan Shinichi, insanl\u0131\u011f\u0131 yakla\u015fan tehlikeye kar\u015f\u0131 uyarabilecek mi? \u201cShinichi&#8230; \u015eeytan kavram\u0131n\u0131 ara\u015ft\u0131rd\u0131m. Bana kal\u0131rsa \u015feytana en yak\u0131n canl\u0131 insan.\u201d<\/p>\n","protected":false},"excerpt":{"rendered":"<p>SESS\u0130Z \u0130ST\u0130LA Karanl\u0131kta sessizce geldiler. Her yerdeler. Hayatta kalabilmek i\u00e7in insan bedenlerini istila etmeye ve o bedenlere h\u00fckmetmeye muhta\u00e7, yamyam parazitler. \u00c7o\u011fu, s\u0131radan insan y\u00fczlerinin ard\u0131nda<span class=\"excerpt-hellip\"> [\u2026]<\/span><\/p>\n","protected":false},"featured_media":0,"template":"","meta":{"_monsterinsights_skip_tracking":false,"_monsterinsights_sitenote_active":false,"_monsterinsights_sitenote_note":"","_monsterinsights_sitenote_category":0},"product_brand":[],"product_cat":[12416,12291],"product_tag":[],"class_list":{"0":"post-766195","1":"product","2":"type-product","3":"status-publish","5":"product_cat-cizgi-roman","6":"product_cat-edebiyat","7":"pa_cilt-ciltsiz","8":"pa_tur-kitap","9":"pa_yayinevi-kayip-kita-yayinlari","10":"pa_yazar-hitoshi-iwaaki","12":"first","13":"instock","14":"sale","15":"shipping-taxable","16":"purchasable","17":"product-type-simple"},"_links":{"self":[{"href":"https:\/\/roveyayinevi.com.tr\/index.php\/wp-json\/wp\/v2\/product\/766195","targetHints":{"allow":["GET"]}}],"collection":[{"href":"https:\/\/roveyayinevi.com.tr\/index.php\/wp-json\/wp\/v2\/product"}],"about":[{"href":"https:\/\/roveyayinevi.com.tr\/index.php\/wp-json\/wp\/v2\/types\/product"}],"wp:attachment":[{"href":"https:\/\/roveyayinevi.com.tr\/index.php\/wp-json\/wp\/v2\/media?parent=766195"}],"wp:term":[{"taxonomy":"product_brand","embeddable":true,"href":"https:\/\/roveyayinevi.com.tr\/index.php\/wp-json\/wp\/v2\/product_brand?post=766195"},{"taxonomy":"product_cat","embeddable":true,"href":"https:\/\/roveyayinevi.com.tr\/index.php\/wp-json\/wp\/v2\/product_cat?post=766195"},{"taxonomy":"product_tag","embeddable":true,"href":"https:\/\/roveyayinevi.com.tr\/index.php\/wp-json\/wp\/v2\/product_tag?post=766195"}],"curies":[{"name":"wp","href":"https:\/\/api.w.org\/{rel}","templated":true}]}}