{"id":766194,"date":"2025-08-28T12:05:15","date_gmt":"2025-08-28T09:05:15","guid":{"rendered":"https:\/\/roveyayinevi.com.tr\/index.php\/urun\/opucuk-yalani\/"},"modified":"2026-04-15T03:32:07","modified_gmt":"2026-04-15T00:32:07","slug":"opucuk-yalani","status":"publish","type":"product","link":"https:\/\/roveyayinevi.com.tr\/index.php\/urun\/opucuk-yalani\/","title":{"rendered":"\u00d6p\u00fcc\u00fck Yalan\u0131"},"content":{"rendered":"<p>Meiko bir g\u00fcn k\u00fct\u00fcphanede uyuyakal\u0131yor ve o s\u0131rada orada olan bir ki\u015fi, Meiko\u02bcyu \u00f6p\u00fcyor! \u015ea\u015fk\u0131nl\u0131kla uyanan Meiko\u02bcnun etraf\u0131nda yak\u0131\u015f\u0131kl\u0131 ve k\u0131zlar aras\u0131nda pop\u00fcler olan Shinoda Senpai, g\u00f6zl\u00fckl\u00fc ve karizmatik Mikoshiba Senpai, ko\u015fu tak\u0131m\u0131ndaki s\u0131n\u0131f arkadada\u015f\u0131 Mogami ve alt s\u0131n\u0131f\u0131ndaki \u015firin g\u00f6zl\u00fc Hachiya-Kun var. Acaba onu kim \u00f6pt\u00fc? Ona a\u015f\u0131k olan hangisi?<\/p>\n","protected":false},"excerpt":{"rendered":"<p>Meiko bir g\u00fcn k\u00fct\u00fcphanede uyuyakal\u0131yor ve o s\u0131rada orada olan bir ki\u015fi, Meiko\u02bcyu \u00f6p\u00fcyor! \u015ea\u015fk\u0131nl\u0131kla uyanan Meiko\u02bcnun etraf\u0131nda yak\u0131\u015f\u0131kl\u0131 ve k\u0131zlar aras\u0131nda pop\u00fcler olan Shinoda Senpai,<span class=\"excerpt-hellip\"> [\u2026]<\/span><\/p>\n","protected":false},"featured_media":0,"template":"","meta":{"_monsterinsights_skip_tracking":false,"_monsterinsights_sitenote_active":false,"_monsterinsights_sitenote_note":"","_monsterinsights_sitenote_category":0},"product_brand":[],"product_cat":[12416,12291],"product_tag":[],"class_list":{"0":"post-766194","1":"product","2":"type-product","3":"status-publish","5":"product_cat-cizgi-roman","6":"product_cat-edebiyat","7":"pa_cilt-ciltsiz","8":"pa_tur-kitap","9":"pa_yayinevi-kayip-kita-yayinlari","10":"pa_yazar-rei-toma","12":"first","13":"instock","14":"sale","15":"shipping-taxable","16":"purchasable","17":"product-type-simple"},"_links":{"self":[{"href":"https:\/\/roveyayinevi.com.tr\/index.php\/wp-json\/wp\/v2\/product\/766194","targetHints":{"allow":["GET"]}}],"collection":[{"href":"https:\/\/roveyayinevi.com.tr\/index.php\/wp-json\/wp\/v2\/product"}],"about":[{"href":"https:\/\/roveyayinevi.com.tr\/index.php\/wp-json\/wp\/v2\/types\/product"}],"wp:attachment":[{"href":"https:\/\/roveyayinevi.com.tr\/index.php\/wp-json\/wp\/v2\/media?parent=766194"}],"wp:term":[{"taxonomy":"product_brand","embeddable":true,"href":"https:\/\/roveyayinevi.com.tr\/index.php\/wp-json\/wp\/v2\/product_brand?post=766194"},{"taxonomy":"product_cat","embeddable":true,"href":"https:\/\/roveyayinevi.com.tr\/index.php\/wp-json\/wp\/v2\/product_cat?post=766194"},{"taxonomy":"product_tag","embeddable":true,"href":"https:\/\/roveyayinevi.com.tr\/index.php\/wp-json\/wp\/v2\/product_tag?post=766194"}],"curies":[{"name":"wp","href":"https:\/\/api.w.org\/{rel}","templated":true}]}}