{"id":766175,"date":"2025-08-28T12:04:32","date_gmt":"2025-08-28T09:04:32","guid":{"rendered":"https:\/\/roveyayinevi.com.tr\/index.php\/urun\/nazi-siddetinin-kaynaklari\/"},"modified":"2026-03-27T03:27:44","modified_gmt":"2026-03-27T00:27:44","slug":"nazi-siddetinin-kaynaklari","status":"publish","type":"product","link":"https:\/\/roveyayinevi.com.tr\/index.php\/urun\/nazi-siddetinin-kaynaklari\/","title":{"rendered":"Nazi \u015eiddetinin Kaynaklar\u0131"},"content":{"rendered":"<p>\u201cYahudi soyk\u0131r\u0131m\u0131n\u0131n fevkaladeli\u011fi, pek de \u2018\u00f6nc\u00fcl\u00fc olmayan\u2019 (&#8230;) bir olay de\u011fil, modern Bat\u0131 tarihinde daha \u00f6nce birbirinden ayr\u0131 olarak denenmi\u015f geni\u015f h\u00fck\u00fcmranl\u0131k ve yok etme y\u00f6ntemlerinin \u00f6zg\u00fcn bir sentezi olmas\u0131d\u0131r. \u00d6zg\u00fcn, dolay\u0131s\u0131yla da radikal bi\u00e7imde yeni olan \u015fey sentezdi ve \u00e7a\u011fda\u015flar\u0131n\u0131n pek \u00e7o\u011fu i\u00e7in hayal edilemez ve anla\u015f\u0131lamazd\u0131.\u201d Uluslararas\u0131 toplum ve akademik \u00e7evreler, geleneksel olarak Nazizm ideolojisini ve Holokost\u2019u Avrupa tarihinin do\u011fal ak\u0131\u015f\u0131ndan bir sapma, \u00f6nceki \u00e7a\u011flar\u0131n barbarl\u0131\u011f\u0131na ve vah\u015fetine bir geri d\u00f6n\u00fc\u015f olarak g\u00f6ren yayg\u0131n bak\u0131\u015f a\u00e7\u0131s\u0131n\u0131 kabul eder. Enzo Traverso Nazi \u015eiddetinin Kaynaklar\u0131\u2019nda keskin ve berrak bir analizle bu yakla\u015f\u0131m\u0131 tersy\u00fcz ederek milyonlarca insan\u0131n \u00f6l\u00fcm\u00fcne sebep olan bu korkun\u00e7 deneyimi, 18. y\u00fczy\u0131ldan itibaren Avrupa\u2019da geli\u015fen modern trendlerin ve medenile\u015ftirme s\u00fcreci\u201dnin uzant\u0131s\u0131 olarak yorumluyor. Yazar siyasi, asker\u00ee, kolonyal, end\u00fcstriyel, bilimsel ve felsefi boyutlar\u0131yla Bat\u0131 modernle\u015fmesinin karma\u015f\u0131k tarihsel hatt\u0131n\u0131 mercek alt\u0131na alarak, bu benzersiz \u00f6l\u00fcm operasyonuna giden yolu \u00f6ren fikirleri ve pratikleri inceliyor. Avrupa\u2019n\u0131n siyasi ve entelekt\u00fcel tarihi \u00fczerine derinlemesine \u00e7al\u0131\u015fmalar\u0131yla tan\u0131nan Traverso\u2019dan soyk\u0131r\u0131m tart\u0131\u015fmalar\u0131na ufuk a\u00e7\u0131c\u0131 bir katk\u0131.<\/p>\n","protected":false},"excerpt":{"rendered":"<p>\u201cYahudi soyk\u0131r\u0131m\u0131n\u0131n fevkaladeli\u011fi, pek de \u2018\u00f6nc\u00fcl\u00fc olmayan\u2019 (&#8230;) bir olay de\u011fil, modern Bat\u0131 tarihinde daha \u00f6nce birbirinden ayr\u0131 olarak denenmi\u015f geni\u015f h\u00fck\u00fcmranl\u0131k ve yok etme y\u00f6ntemlerinin<span class=\"excerpt-hellip\"> [\u2026]<\/span><\/p>\n","protected":false},"featured_media":0,"template":"","meta":{"_monsterinsights_skip_tracking":false,"_monsterinsights_sitenote_active":false,"_monsterinsights_sitenote_note":"","_monsterinsights_sitenote_category":0},"product_brand":[],"product_cat":[13590,12337],"product_tag":[],"class_list":{"0":"post-766175","1":"product","2":"type-product","3":"status-publish","5":"product_cat-arastirma-inceleme-politika-siyaset","6":"product_cat-politika-siyaset","7":"pa_cilt-ciltsiz","8":"pa_tur-kitap","9":"pa_yayinevi-iletisim-yayinlari","10":"pa_yazar-enzo-traverso","12":"first","13":"instock","14":"sale","15":"shipping-taxable","16":"purchasable","17":"product-type-simple"},"_links":{"self":[{"href":"https:\/\/roveyayinevi.com.tr\/index.php\/wp-json\/wp\/v2\/product\/766175","targetHints":{"allow":["GET"]}}],"collection":[{"href":"https:\/\/roveyayinevi.com.tr\/index.php\/wp-json\/wp\/v2\/product"}],"about":[{"href":"https:\/\/roveyayinevi.com.tr\/index.php\/wp-json\/wp\/v2\/types\/product"}],"wp:attachment":[{"href":"https:\/\/roveyayinevi.com.tr\/index.php\/wp-json\/wp\/v2\/media?parent=766175"}],"wp:term":[{"taxonomy":"product_brand","embeddable":true,"href":"https:\/\/roveyayinevi.com.tr\/index.php\/wp-json\/wp\/v2\/product_brand?post=766175"},{"taxonomy":"product_cat","embeddable":true,"href":"https:\/\/roveyayinevi.com.tr\/index.php\/wp-json\/wp\/v2\/product_cat?post=766175"},{"taxonomy":"product_tag","embeddable":true,"href":"https:\/\/roveyayinevi.com.tr\/index.php\/wp-json\/wp\/v2\/product_tag?post=766175"}],"curies":[{"name":"wp","href":"https:\/\/api.w.org\/{rel}","templated":true}]}}