{"id":766167,"date":"2025-08-28T12:04:17","date_gmt":"2025-08-28T09:04:17","guid":{"rendered":"https:\/\/roveyayinevi.com.tr\/index.php\/urun\/gen-ceviktir\/"},"modified":"2026-04-15T03:32:06","modified_gmt":"2026-04-15T00:32:06","slug":"gen-ceviktir","status":"publish","type":"product","link":"https:\/\/roveyayinevi.com.tr\/index.php\/urun\/gen-ceviktir\/","title":{"rendered":"Gen \u00c7eviktir"},"content":{"rendered":"<p>\u201cKitap ferasetle, marifetle ve g\u00fczel bir \u00fcslupla yaz\u0131lm\u0131\u015f. Bizi biz yapan \u015feyin ne oldu\u011fuyla ilgili son ke\u015fifleri a\u00e7\u0131k se\u00e7ik bir \u015fekilde dile getiriyor ve kim olmak istedi\u011fimiz hakk\u0131nda d\u00fc\u015f\u00fcn\u00fcp ta\u015f\u0131n\u0131rken bu ke\u015fifleri nas\u0131l de\u011ferlendirmemiz gerekti\u011fini anlat\u0131yor bizlere.\u201d \u2013Steven Pinker \u201cRidley bilim yazar\u0131 olarak \u00e7ok yetenekli. En zorlu tart\u0131\u015fmalar\u0131 zekice benzetmelerle ayd\u0131nlatmas\u0131n\u0131 biliyor.\u201d \u2013New York Times \u201cRidley\u2019in de\u011findi\u011fi mesele i\u00e7in duydu\u011fu heyecan okura bula\u015f\u0131yor&#8230; G\u00f6steri\u015fli, espirili, mizah anlay\u0131\u015f\u0131na sahip bir tarzla yaz\u0131yor. Kar\u0131\u015f\u0131k meseleleri s\u0131radan okuyucuya rahatl\u0131kla anlat\u0131yor.\u201d \u2013Los Angeles Times<\/p>\n","protected":false},"excerpt":{"rendered":"<p>\u201cKitap ferasetle, marifetle ve g\u00fczel bir \u00fcslupla yaz\u0131lm\u0131\u015f. Bizi biz yapan \u015feyin ne oldu\u011fuyla ilgili son ke\u015fifleri a\u00e7\u0131k se\u00e7ik bir \u015fekilde dile getiriyor ve kim olmak<span class=\"excerpt-hellip\"> [\u2026]<\/span><\/p>\n","protected":false},"featured_media":0,"template":"","meta":{"_monsterinsights_skip_tracking":false,"_monsterinsights_sitenote_active":false,"_monsterinsights_sitenote_note":"","_monsterinsights_sitenote_category":0},"product_brand":[],"product_cat":[13005],"product_tag":[],"class_list":{"0":"post-766167","1":"product","2":"type-product","3":"status-publish","5":"product_cat-bilim-muhendislik","6":"pa_cilt-ciltsiz","7":"pa_tur-kitap","8":"pa_yayinevi-alfa-yayinlari","9":"pa_yazar-matt-ridley","11":"first","12":"instock","13":"sale","14":"shipping-taxable","15":"purchasable","16":"product-type-simple"},"_links":{"self":[{"href":"https:\/\/roveyayinevi.com.tr\/index.php\/wp-json\/wp\/v2\/product\/766167","targetHints":{"allow":["GET"]}}],"collection":[{"href":"https:\/\/roveyayinevi.com.tr\/index.php\/wp-json\/wp\/v2\/product"}],"about":[{"href":"https:\/\/roveyayinevi.com.tr\/index.php\/wp-json\/wp\/v2\/types\/product"}],"wp:attachment":[{"href":"https:\/\/roveyayinevi.com.tr\/index.php\/wp-json\/wp\/v2\/media?parent=766167"}],"wp:term":[{"taxonomy":"product_brand","embeddable":true,"href":"https:\/\/roveyayinevi.com.tr\/index.php\/wp-json\/wp\/v2\/product_brand?post=766167"},{"taxonomy":"product_cat","embeddable":true,"href":"https:\/\/roveyayinevi.com.tr\/index.php\/wp-json\/wp\/v2\/product_cat?post=766167"},{"taxonomy":"product_tag","embeddable":true,"href":"https:\/\/roveyayinevi.com.tr\/index.php\/wp-json\/wp\/v2\/product_tag?post=766167"}],"curies":[{"name":"wp","href":"https:\/\/api.w.org\/{rel}","templated":true}]}}