{"id":766164,"date":"2025-08-28T12:04:11","date_gmt":"2025-08-28T09:04:11","guid":{"rendered":"https:\/\/roveyayinevi.com.tr\/index.php\/urun\/calgin\/"},"modified":"2026-04-15T03:32:06","modified_gmt":"2026-04-15T00:32:06","slug":"calgin","status":"publish","type":"product","link":"https:\/\/roveyayinevi.com.tr\/index.php\/urun\/calgin\/","title":{"rendered":"\u00c7alg\u0131n"},"content":{"rendered":"<p>biliyorum delilerin iyile\u015fti\u011fi bir mevsim de\u011fil bu akl\u0131n\u0131 r\u00fcyada b\u0131rakanlar\u0131n mevsimi de\u011fil \u00e7i\u00e7eklerin dal\u0131na \u00e7ibeldi\u011fi ye\u015filin dibe \u00e7ekildi\u011fi vakitler mor g\u00f6ky\u00fcz\u00fc mavi de\u011fil mor mor ve \u00f6yle y\u00fckl\u00fc tans\u00f6k\u00fcm\u00fcn\u00fcn \u00e7\u00fcr\u00fcd\u00fc\u011f\u00fc, \u00fczerimize d\u00f6k\u00fcld\u00fc\u011f\u00fc bu \u00e2lemde rahat edemeyecek art\u0131k kimsenin g\u00f6nl\u00fc <\/p>\n","protected":false},"excerpt":{"rendered":"<p>biliyorum delilerin iyile\u015fti\u011fi bir mevsim de\u011fil bu akl\u0131n\u0131 r\u00fcyada b\u0131rakanlar\u0131n mevsimi de\u011fil \u00e7i\u00e7eklerin dal\u0131na \u00e7ibeldi\u011fi ye\u015filin dibe \u00e7ekildi\u011fi vakitler mor g\u00f6ky\u00fcz\u00fc mavi de\u011fil mor mor ve<span class=\"excerpt-hellip\"> [\u2026]<\/span><\/p>\n","protected":false},"featured_media":0,"template":"","meta":{"_monsterinsights_skip_tracking":false,"_monsterinsights_sitenote_active":false,"_monsterinsights_sitenote_note":"","_monsterinsights_sitenote_category":0},"product_brand":[],"product_cat":[12291,12509],"product_tag":[],"class_list":{"0":"post-766164","1":"product","2":"type-product","3":"status-publish","5":"product_cat-edebiyat","6":"product_cat-siir","7":"pa_cilt-ciltsiz","8":"pa_tur-kitap","9":"pa_yayinevi-everest-yayinlari","10":"pa_yazar-yucel-kayiran","12":"first","13":"instock","14":"sale","15":"shipping-taxable","16":"purchasable","17":"product-type-simple"},"_links":{"self":[{"href":"https:\/\/roveyayinevi.com.tr\/index.php\/wp-json\/wp\/v2\/product\/766164","targetHints":{"allow":["GET"]}}],"collection":[{"href":"https:\/\/roveyayinevi.com.tr\/index.php\/wp-json\/wp\/v2\/product"}],"about":[{"href":"https:\/\/roveyayinevi.com.tr\/index.php\/wp-json\/wp\/v2\/types\/product"}],"wp:attachment":[{"href":"https:\/\/roveyayinevi.com.tr\/index.php\/wp-json\/wp\/v2\/media?parent=766164"}],"wp:term":[{"taxonomy":"product_brand","embeddable":true,"href":"https:\/\/roveyayinevi.com.tr\/index.php\/wp-json\/wp\/v2\/product_brand?post=766164"},{"taxonomy":"product_cat","embeddable":true,"href":"https:\/\/roveyayinevi.com.tr\/index.php\/wp-json\/wp\/v2\/product_cat?post=766164"},{"taxonomy":"product_tag","embeddable":true,"href":"https:\/\/roveyayinevi.com.tr\/index.php\/wp-json\/wp\/v2\/product_tag?post=766164"}],"curies":[{"name":"wp","href":"https:\/\/api.w.org\/{rel}","templated":true}]}}