{"id":766161,"date":"2025-08-28T12:04:07","date_gmt":"2025-08-28T09:04:07","guid":{"rendered":"https:\/\/roveyayinevi.com.tr\/index.php\/urun\/cikartmalarla-almanca-1000-kelime\/"},"modified":"2026-04-15T03:32:06","modified_gmt":"2026-04-15T00:32:06","slug":"cikartmalarla-almanca-1000-kelime","status":"publish","type":"product","link":"https:\/\/roveyayinevi.com.tr\/index.php\/urun\/cikartmalarla-almanca-1000-kelime\/","title":{"rendered":"\u00c7\u0131kartmalarla Almanca 1000 Kelime"},"content":{"rendered":"<p>Almanca \u00f6\u011frenmek art\u0131k \u00e7ok kolay.                            \u00dcstelik bir o kadar da e\u011flenceli! Her d\u00fczeyde Almanca kelime \u00f6\u011frenimi i\u00e7in kolayl\u0131kla kullanabilece\u011finiz boyutlarda haz\u0131rlanan \u00c7\u0131kartmalarla Kelime \u00d6\u011freniyorum, Almancada en s\u0131k kullan\u0131lan kelimeleri, resimleri ile birlikte sunmaktad\u0131r.   500\u2019\u00fcn \u00fczerinde \u00e7\u0131kartman\u0131n yer ald\u0131\u011f\u0131 kitap kelime \u00f6\u011frenmeyi bir oyun haline getirerek \u00e7ocuklar\u0131 \u00f6\u011frenmeye te\u015fvik eder, \u00e7ocuklar\u0131n kelimeleri h\u0131zl\u0131 ve etkili bi\u00e7imde \u00f6\u011frenmesin m\u00fcmk\u00fcn k\u0131lar ve resimlerle kelimelerin e\u015fle\u015ftirilmesini sa\u011flayarak g\u00f6rsel haf\u0131za, dikkat ve hat\u0131rlama becerilerinin geli\u015fimine yard\u0131mc\u0131 olur.   Kelime \u00f6\u011frenimini etkinliklerle birle\u015ftiren \u00c7\u0131kartmalarla Kelime \u00d6\u011freniyorum, \u00e7ocu\u011funuzu e\u011flenceli bir \u00f6\u011frenme yolculu\u011funa \u00e7\u0131kararak saatlerce keyifli zaman ge\u00e7irmesini sa\u011flayacak.  \u00c7ocuklar Almancay\u0131 kolayca \u00f6\u011frenecek! <\/p>\n","protected":false},"excerpt":{"rendered":"<p>Almanca \u00f6\u011frenmek art\u0131k \u00e7ok kolay. \u00dcstelik bir o kadar da e\u011flenceli! Her d\u00fczeyde Almanca kelime \u00f6\u011frenimi i\u00e7in kolayl\u0131kla kullanabilece\u011finiz boyutlarda haz\u0131rlanan \u00c7\u0131kartmalarla Kelime \u00d6\u011freniyorum, Almancada en<span class=\"excerpt-hellip\"> [\u2026]<\/span><\/p>\n","protected":false},"featured_media":0,"template":"","meta":{"_monsterinsights_skip_tracking":false,"_monsterinsights_sitenote_active":false,"_monsterinsights_sitenote_note":"","_monsterinsights_sitenote_category":0},"product_brand":[],"product_cat":[12274,15842],"product_tag":[],"class_list":{"0":"post-766161","1":"product","2":"type-product","3":"status-publish","5":"product_cat-cocuk-ve-genclik-kitaplari","6":"product_cat-egitici-kitaplar","7":"pa_cilt-ciltsiz","8":"pa_tur-kitap","9":"pa_yayinevi-1001-cicek-kitaplar","10":"pa_yazar-heather-amery","12":"first","13":"instock","14":"sale","15":"shipping-taxable","16":"purchasable","17":"product-type-simple"},"_links":{"self":[{"href":"https:\/\/roveyayinevi.com.tr\/index.php\/wp-json\/wp\/v2\/product\/766161","targetHints":{"allow":["GET"]}}],"collection":[{"href":"https:\/\/roveyayinevi.com.tr\/index.php\/wp-json\/wp\/v2\/product"}],"about":[{"href":"https:\/\/roveyayinevi.com.tr\/index.php\/wp-json\/wp\/v2\/types\/product"}],"wp:attachment":[{"href":"https:\/\/roveyayinevi.com.tr\/index.php\/wp-json\/wp\/v2\/media?parent=766161"}],"wp:term":[{"taxonomy":"product_brand","embeddable":true,"href":"https:\/\/roveyayinevi.com.tr\/index.php\/wp-json\/wp\/v2\/product_brand?post=766161"},{"taxonomy":"product_cat","embeddable":true,"href":"https:\/\/roveyayinevi.com.tr\/index.php\/wp-json\/wp\/v2\/product_cat?post=766161"},{"taxonomy":"product_tag","embeddable":true,"href":"https:\/\/roveyayinevi.com.tr\/index.php\/wp-json\/wp\/v2\/product_tag?post=766161"}],"curies":[{"name":"wp","href":"https:\/\/api.w.org\/{rel}","templated":true}]}}