{"id":766160,"date":"2025-08-28T12:04:05","date_gmt":"2025-08-28T09:04:05","guid":{"rendered":"https:\/\/roveyayinevi.com.tr\/index.php\/urun\/sinemada-gazeteciler\/"},"modified":"2026-04-15T03:32:06","modified_gmt":"2026-04-15T00:32:06","slug":"sinemada-gazeteciler","status":"publish","type":"product","link":"https:\/\/roveyayinevi.com.tr\/index.php\/urun\/sinemada-gazeteciler\/","title":{"rendered":"Sinemada Gazeteciler"},"content":{"rendered":"<p>Sinema ve gazetecilik \u0130ki medya, iki \u201chik\u00e2ye\u201d anlat\u0131c\u0131s\u0131Ama biri kurmaca, di\u011feri ger\u00e7eklerin (fact) hik\u00e2yele\u015ftirilmesi \u00fczerine \u0130kisi de birbirini konu edinebiliyor; ikincisi birincisi hakk\u0131nda yaz\u0131p \u00e7izerken, birincisi de ikincisini anlat\u0131n\u0131n malzemesi yap\u0131yor. Benzerlikler bununla da s\u0131n\u0131rl\u0131 de\u011fil. \u0130kisi de ele ald\u0131\u011f\u0131 konular hakk\u0131nda s\u00f6ylem kuruyor, ideoloji ta\u015f\u0131yor. Ama \u00f6yle bir nokta var ki, biri di\u011ferine y\u00f6nelik toplumdaki alg\u0131lar\u0131 in\u015fa etme, de\u011fi\u015ftirme ve peki\u015ftirmede \u00e7ok daha etkili. Neden mi? \u00c7\u00fcnk\u00fc bireyler haberleri okurken veya izlerken daha ele\u015ftireldir, belirli bir metin okudu\u011funun veya izledi\u011finin fark\u0131ndad\u0131r, alttaki s\u00f6ylemi sezmeye kar\u015f\u0131 alg\u0131lar\u0131 daha a\u00e7\u0131kt\u0131r. O nedenle s\u00f6ylemi rahatl\u0131kla k\u0131rabilirler de&#8230;Ama insanlar sinemaya keyif i\u00e7in gider, d\u00fcnyadan uzakla\u015f\u0131r, filmde karakterlerle \u00f6z- de\u015fle\u015fir. Kendini \u00f6zde\u015fle\u015ftirdi\u011fi anlat\u0131da ele\u015ftirel bak\u0131\u015f ve alg\u0131lar\u0131 zay\u0131flar, alttan in\u015fa edilen s\u00f6ylem ve mitleri b\u00f6ylece fark\u0131na varmadan zihnine al\u0131r. Bu im- gelere tekrarl\u0131 maruz kald\u0131\u011f\u0131nda da kal\u0131pla\u015f\u0131r, derinle\u015fir. Bu nedenle filmler, Zynda\u2019n\u0131n da belirtti\u011fi gibi, kamuoyunun bas\u0131na y\u00f6nelik imaj\u0131nda \u201cas\u0131l tekele\u201d sahip oland\u0131r. Bu da bizi, sineman\u0131n gazetecili\u011fe dair hangi temsileri ve mitleri in\u015fa etti\u011fi ve bu temsillerin ideolojik olarak neye hizmet etti\u011fi sorusuna getirir.Bu kitap, sorulara Amerikan gazetecilik filmlerinin tarihsel s\u00fcrecinde bizleri gezintiye \u00e7\u0131kararak ve filmlerin anlat\u0131lar\u0131n\u0131, arketipleri ve mitleri derinlemesine in- celeyerek yan\u0131t ar\u0131yor. Ancak kitap, sadece Amerikan sinemas\u0131yla ilgili de\u011fil. T\u00fcrk sinemas\u0131n\u0131 ve \u00f6zellikle de Ye\u015fil\u00e7am\u2019\u0131n ilk d\u00f6nemlerinde gazetecilerin nas\u0131l sunuldu\u011funu da inceliyor. Kad\u0131n gazetecilere de ayr\u0131 bir mercek tutuyor.Geldi\u011fimiz noktada as\u0131l soru \u015fu: Sizin zihninizdeki bas\u0131n imgesini kim belirliyor? Belki bas\u0131n\u0131n kendisi diye d\u00fc\u015f\u00fcnebilirsiniz ama bu kitapta filmlerin etkisini g\u00f6r\u00fcnce \u015fa\u015f\u0131racaks\u0131n\u0131z. <\/p>\n","protected":false},"excerpt":{"rendered":"<p>Sinema ve gazetecilik \u0130ki medya, iki \u201chik\u00e2ye\u201d anlat\u0131c\u0131s\u0131Ama biri kurmaca, di\u011feri ger\u00e7eklerin (fact) hik\u00e2yele\u015ftirilmesi \u00fczerine \u0130kisi de birbirini konu edinebiliyor; ikincisi birincisi hakk\u0131nda yaz\u0131p \u00e7izerken, birincisi<span class=\"excerpt-hellip\"> [\u2026]<\/span><\/p>\n","protected":false},"featured_media":0,"template":"","meta":{"_monsterinsights_skip_tracking":false,"_monsterinsights_sitenote_active":false,"_monsterinsights_sitenote_note":"","_monsterinsights_sitenote_category":0},"product_brand":[],"product_cat":[15983,13488],"product_tag":[],"class_list":{"0":"post-766160","1":"product","2":"type-product","3":"status-publish","5":"product_cat-iletisim-ve-medya","6":"product_cat-toplum-ve-insan","7":"pa_cilt-ciltsiz","8":"pa_tur-kitap","9":"pa_yayinevi-anadolu-ajansi-yayinevi","10":"pa_yazar-bariskan-unal","12":"first","13":"instock","14":"sale","15":"shipping-taxable","16":"purchasable","17":"product-type-simple"},"_links":{"self":[{"href":"https:\/\/roveyayinevi.com.tr\/index.php\/wp-json\/wp\/v2\/product\/766160","targetHints":{"allow":["GET"]}}],"collection":[{"href":"https:\/\/roveyayinevi.com.tr\/index.php\/wp-json\/wp\/v2\/product"}],"about":[{"href":"https:\/\/roveyayinevi.com.tr\/index.php\/wp-json\/wp\/v2\/types\/product"}],"wp:attachment":[{"href":"https:\/\/roveyayinevi.com.tr\/index.php\/wp-json\/wp\/v2\/media?parent=766160"}],"wp:term":[{"taxonomy":"product_brand","embeddable":true,"href":"https:\/\/roveyayinevi.com.tr\/index.php\/wp-json\/wp\/v2\/product_brand?post=766160"},{"taxonomy":"product_cat","embeddable":true,"href":"https:\/\/roveyayinevi.com.tr\/index.php\/wp-json\/wp\/v2\/product_cat?post=766160"},{"taxonomy":"product_tag","embeddable":true,"href":"https:\/\/roveyayinevi.com.tr\/index.php\/wp-json\/wp\/v2\/product_tag?post=766160"}],"curies":[{"name":"wp","href":"https:\/\/api.w.org\/{rel}","templated":true}]}}