{"id":766149,"date":"2025-08-28T12:03:45","date_gmt":"2025-08-28T09:03:45","guid":{"rendered":"https:\/\/roveyayinevi.com.tr\/index.php\/urun\/bu-kiz-biraz-sessiz\/"},"modified":"2026-04-08T03:28:27","modified_gmt":"2026-04-08T00:28:27","slug":"bu-kiz-biraz-sessiz","status":"publish","type":"product","link":"https:\/\/roveyayinevi.com.tr\/index.php\/urun\/bu-kiz-biraz-sessiz\/","title":{"rendered":"Bu K\u0131z Biraz Sessiz"},"content":{"rendered":"<p>Ben \u0130rem! Baz\u0131 g\u00fcnler cesur, z\u0131p-z\u0131p ve \u00e7ok konu\u015fkan olabilirim. Baz\u0131 g\u00fcnlerse biraz sessiz ve utanga\u00e7&#8230; Ama bu hi\u00e7 sorun de\u011fil. Kendim olmay\u0131 seviyorum! Bu tatl\u0131 kitap bize bazen biraz i\u00e7e d\u00f6n\u00fck olmay\u0131 tercih edebilece\u011fimizi ve herkesin s\u0131n\u0131rlar\u0131na sayg\u0131 g\u00f6stermemiz gerekti\u011fini hat\u0131rlat\u0131yor. <\/p>\n","protected":false},"excerpt":{"rendered":"<p>Ben \u0130rem! Baz\u0131 g\u00fcnler cesur, z\u0131p-z\u0131p ve \u00e7ok konu\u015fkan olabilirim. Baz\u0131 g\u00fcnlerse biraz sessiz ve utanga\u00e7&#8230; Ama bu hi\u00e7 sorun de\u011fil. Kendim olmay\u0131 seviyorum! Bu tatl\u0131<span class=\"excerpt-hellip\"> [\u2026]<\/span><\/p>\n","protected":false},"featured_media":0,"template":"","meta":{"_monsterinsights_skip_tracking":false,"_monsterinsights_sitenote_active":false,"_monsterinsights_sitenote_note":"","_monsterinsights_sitenote_category":0},"product_brand":[],"product_cat":[12274,12284],"product_tag":[],"class_list":{"0":"post-766149","1":"product","2":"type-product","3":"status-publish","5":"product_cat-cocuk-ve-genclik-kitaplari","6":"product_cat-hikayeler","7":"pa_cilt-ciltsiz","8":"pa_tur-kitap","9":"pa_yayinevi-indigo-cocuk","10":"pa_yazar-stephanie-stansbie","12":"first","13":"instock","14":"sale","15":"shipping-taxable","16":"purchasable","17":"product-type-simple"},"_links":{"self":[{"href":"https:\/\/roveyayinevi.com.tr\/index.php\/wp-json\/wp\/v2\/product\/766149","targetHints":{"allow":["GET"]}}],"collection":[{"href":"https:\/\/roveyayinevi.com.tr\/index.php\/wp-json\/wp\/v2\/product"}],"about":[{"href":"https:\/\/roveyayinevi.com.tr\/index.php\/wp-json\/wp\/v2\/types\/product"}],"wp:attachment":[{"href":"https:\/\/roveyayinevi.com.tr\/index.php\/wp-json\/wp\/v2\/media?parent=766149"}],"wp:term":[{"taxonomy":"product_brand","embeddable":true,"href":"https:\/\/roveyayinevi.com.tr\/index.php\/wp-json\/wp\/v2\/product_brand?post=766149"},{"taxonomy":"product_cat","embeddable":true,"href":"https:\/\/roveyayinevi.com.tr\/index.php\/wp-json\/wp\/v2\/product_cat?post=766149"},{"taxonomy":"product_tag","embeddable":true,"href":"https:\/\/roveyayinevi.com.tr\/index.php\/wp-json\/wp\/v2\/product_tag?post=766149"}],"curies":[{"name":"wp","href":"https:\/\/api.w.org\/{rel}","templated":true}]}}