{"id":766145,"date":"2025-08-28T12:03:37","date_gmt":"2025-08-28T09:03:37","guid":{"rendered":"https:\/\/roveyayinevi.com.tr\/index.php\/urun\/9-kapi-1-hazine\/"},"modified":"2026-04-15T03:32:05","modified_gmt":"2026-04-15T00:32:05","slug":"9-kapi-1-hazine","status":"publish","type":"product","link":"https:\/\/roveyayinevi.com.tr\/index.php\/urun\/9-kapi-1-hazine\/","title":{"rendered":"9 Kap\u0131 1 Hazine"},"content":{"rendered":"<p>Her kitab\u0131n sayfalar\u0131 aras\u0131nda ke\u015ffedilmeyi bekleyen bir hazine yatar. Bu hazinenin yolculu\u011fu elinize ula\u015ft\u0131\u011f\u0131nda de\u011fil, \u00e7ok daha \u00f6ncesinde ba\u015flar. Bir kitab\u0131n ilk sat\u0131rlar\u0131ndan ba\u015flayarak sayfa sayfa nas\u0131l hayat buldu\u011funu anlamaya \u00e7al\u0131\u015fan d\u00f6rt arkada\u015f Do\u011fa, Yaren, Efe ve Doruk\u2019u, Kitap Gezegeninde s\u0131ra d\u0131\u015f\u0131 bir macera bekliyor.  Her kap\u0131n\u0131n ard\u0131nda bir yazar\u0131n hayal g\u00fcc\u00fcnden do\u011fan hik\u00e2yelerin, edit\u00f6rlerin dikkatli ellerinde nas\u0131l \u015fekillendi\u011fini, \u00e7izerlerin \u00e7izimlerle bu hik\u00e2yelere nas\u0131l renk katt\u0131\u011f\u0131n\u0131 ve matbaan\u0131n b\u00fcy\u00fck makinelerinden ge\u00e7en sayfalar\u0131n okurla nas\u0131l bulu\u015ftu\u011funu \u00f6\u011frenmeye haz\u0131r olun! Haydi gelin bu dokuz kap\u0131y\u0131 a\u00e7al\u0131m ve kitab\u0131n ard\u0131ndaki hazineyi ke\u015ffedelim! 9 Kap\u0131 1 Hazine, \u00f6zellikle yazmay\u0131 seven ve yazar olma hayali kuranlar i\u00e7in e\u015fsiz bir rehber&#8230; <\/p>\n","protected":false},"excerpt":{"rendered":"<p>Her kitab\u0131n sayfalar\u0131 aras\u0131nda ke\u015ffedilmeyi bekleyen bir hazine yatar. Bu hazinenin yolculu\u011fu elinize ula\u015ft\u0131\u011f\u0131nda de\u011fil, \u00e7ok daha \u00f6ncesinde ba\u015flar. Bir kitab\u0131n ilk sat\u0131rlar\u0131ndan ba\u015flayarak sayfa sayfa<span class=\"excerpt-hellip\"> [\u2026]<\/span><\/p>\n","protected":false},"featured_media":0,"template":"","meta":{"_monsterinsights_skip_tracking":false,"_monsterinsights_sitenote_active":false,"_monsterinsights_sitenote_note":"","_monsterinsights_sitenote_category":0},"product_brand":[],"product_cat":[12274,12284],"product_tag":[],"class_list":{"0":"post-766145","1":"product","2":"type-product","3":"status-publish","5":"product_cat-cocuk-ve-genclik-kitaplari","6":"product_cat-hikayeler","7":"pa_cilt-ciltsiz","8":"pa_tur-kitap","9":"pa_yayinevi-dogan-cocuk","10":"pa_yazar-erdal-karakaya","12":"first","13":"instock","14":"sale","15":"shipping-taxable","16":"purchasable","17":"product-type-simple"},"_links":{"self":[{"href":"https:\/\/roveyayinevi.com.tr\/index.php\/wp-json\/wp\/v2\/product\/766145","targetHints":{"allow":["GET"]}}],"collection":[{"href":"https:\/\/roveyayinevi.com.tr\/index.php\/wp-json\/wp\/v2\/product"}],"about":[{"href":"https:\/\/roveyayinevi.com.tr\/index.php\/wp-json\/wp\/v2\/types\/product"}],"wp:attachment":[{"href":"https:\/\/roveyayinevi.com.tr\/index.php\/wp-json\/wp\/v2\/media?parent=766145"}],"wp:term":[{"taxonomy":"product_brand","embeddable":true,"href":"https:\/\/roveyayinevi.com.tr\/index.php\/wp-json\/wp\/v2\/product_brand?post=766145"},{"taxonomy":"product_cat","embeddable":true,"href":"https:\/\/roveyayinevi.com.tr\/index.php\/wp-json\/wp\/v2\/product_cat?post=766145"},{"taxonomy":"product_tag","embeddable":true,"href":"https:\/\/roveyayinevi.com.tr\/index.php\/wp-json\/wp\/v2\/product_tag?post=766145"}],"curies":[{"name":"wp","href":"https:\/\/api.w.org\/{rel}","templated":true}]}}