{"id":766102,"date":"2025-08-28T12:02:19","date_gmt":"2025-08-28T09:02:19","guid":{"rendered":"https:\/\/roveyayinevi.com.tr\/index.php\/urun\/ikimiz-bir-fidanin\/"},"modified":"2026-04-15T03:32:04","modified_gmt":"2026-04-15T00:32:04","slug":"ikimiz-bir-fidanin","status":"publish","type":"product","link":"https:\/\/roveyayinevi.com.tr\/index.php\/urun\/ikimiz-bir-fidanin\/","title":{"rendered":"\u0130kimiz Bir Fidan\u0131n\u2026"},"content":{"rendered":"<p>Anadolu&#8217;nun uzak yaylalar\u0131ndan Bat\u0131&#8217;daki b\u00fcy\u00fck \u015fehirlere, oradan Almanya i\u00e7lerine uzanm\u0131\u015f bir m\u00fccadele, ka\u00e7\u0131\u015flar ve a\u015fklar \u00f6yk\u00fcs\u00fc\u2026   Onlarca y\u0131l sonraki d\u00f6n\u00fc\u015fte ya\u015fanan \u015fa\u015fk\u0131nl\u0131klar\u2026   Yazg\u0131s\u0131na direnirken, \u00f6l\u00fcmlerden ka\u00e7arken hem kendi ge\u00e7mi\u015fini yads\u0131mak zorunda kalm\u0131\u015f hem sevgiye susam\u0131\u015f, hem kendince haks\u0131zl\u0131klara u\u011fray\u0131p tahamm\u00fcl denen batakl\u0131kta \u00e7\u0131rp\u0131nm\u0131\u015f bir ya\u015famdan kalanlar\u2026   Toplumsal olanla bireye kalan\u0131n i\u00e7 i\u00e7e ge\u00e7i\u015fi; kendisiyle hesapla\u015f\u0131rken de ac\u0131mas\u0131z olmaya \u00e7al\u0131\u015fm\u0131\u015f bir sorgunun sat\u0131r aralar\u0131ndan u\u00e7 veri\u015fi.   Yazar\u0131n\u0131 da kahraman\u0131n\u0131 da oradan oraya savurmu\u015f, okurunu da ayn\u0131 yola kat\u0131lmaya, yeni ufuklara a\u00e7\u0131lmaya \u00e7a\u011f\u0131ran bir metin. Ele\u015ftirel denemeden tarihsel ara\u015ft\u0131rmaya, mektuptan \u00f6yk\u00fcye ve romana, yaz\u0131n\u0131n her t\u00fcr\u00fcnde yap\u0131t vermi\u015f Alper Ak\u00e7am&#8217;\u0131n ya\u015famla sanatsal kurguyu harman etmi\u015f \u00e7o\u011ful boyutlu son roman\u0131\u2026<\/p>\n","protected":false},"excerpt":{"rendered":"<p>Anadolu&#8217;nun uzak yaylalar\u0131ndan Bat\u0131&#8217;daki b\u00fcy\u00fck \u015fehirlere, oradan Almanya i\u00e7lerine uzanm\u0131\u015f bir m\u00fccadele, ka\u00e7\u0131\u015flar ve a\u015fklar \u00f6yk\u00fcs\u00fc\u2026 Onlarca y\u0131l sonraki d\u00f6n\u00fc\u015fte ya\u015fanan \u015fa\u015fk\u0131nl\u0131klar\u2026 Yazg\u0131s\u0131na direnirken, \u00f6l\u00fcmlerden ka\u00e7arken<span class=\"excerpt-hellip\"> [\u2026]<\/span><\/p>\n","protected":false},"featured_media":0,"template":"","meta":{"_monsterinsights_skip_tracking":false,"_monsterinsights_sitenote_active":false,"_monsterinsights_sitenote_note":"","_monsterinsights_sitenote_category":0},"product_brand":[],"product_cat":[12291,12711],"product_tag":[],"class_list":{"0":"post-766102","1":"product","2":"type-product","3":"status-publish","5":"product_cat-edebiyat","6":"product_cat-roman-oyku","7":"pa_cilt-ciltsiz","8":"pa_tur-kitap","9":"pa_yayinevi-perseus","10":"pa_yazar-alper-akcam","12":"first","13":"instock","14":"sale","15":"shipping-taxable","16":"purchasable","17":"product-type-simple"},"_links":{"self":[{"href":"https:\/\/roveyayinevi.com.tr\/index.php\/wp-json\/wp\/v2\/product\/766102","targetHints":{"allow":["GET"]}}],"collection":[{"href":"https:\/\/roveyayinevi.com.tr\/index.php\/wp-json\/wp\/v2\/product"}],"about":[{"href":"https:\/\/roveyayinevi.com.tr\/index.php\/wp-json\/wp\/v2\/types\/product"}],"wp:attachment":[{"href":"https:\/\/roveyayinevi.com.tr\/index.php\/wp-json\/wp\/v2\/media?parent=766102"}],"wp:term":[{"taxonomy":"product_brand","embeddable":true,"href":"https:\/\/roveyayinevi.com.tr\/index.php\/wp-json\/wp\/v2\/product_brand?post=766102"},{"taxonomy":"product_cat","embeddable":true,"href":"https:\/\/roveyayinevi.com.tr\/index.php\/wp-json\/wp\/v2\/product_cat?post=766102"},{"taxonomy":"product_tag","embeddable":true,"href":"https:\/\/roveyayinevi.com.tr\/index.php\/wp-json\/wp\/v2\/product_tag?post=766102"}],"curies":[{"name":"wp","href":"https:\/\/api.w.org\/{rel}","templated":true}]}}