{"id":766086,"date":"2025-08-28T12:01:44","date_gmt":"2025-08-28T09:01:44","guid":{"rendered":"https:\/\/roveyayinevi.com.tr\/index.php\/urun\/psikolojik-karate\/"},"modified":"2026-04-15T03:32:04","modified_gmt":"2026-04-15T00:32:04","slug":"psikolojik-karate","status":"publish","type":"product","link":"https:\/\/roveyayinevi.com.tr\/index.php\/urun\/psikolojik-karate\/","title":{"rendered":"Psikolojik Karate"},"content":{"rendered":"<p>Olumsuz ve yaralay\u0131c\u0131 s\u00f6zler, y\u0131k\u0131c\u0131 d\u00fc\u015f\u00fcnceler ve duygular ruhumuz ve zihnimiz kadar bedenimize de zarar verir. G\u00fcndelik hayatta, i\u015fyerinde, arkada\u015fl\u0131k, sevgililik ve aile ili\u015fkilerimizde bize ruhsal oldu\u011fu kadar bedensel olarak da ac\u0131 veren pek \u00e7ok toksik s\u00f6ze, duyguya ve d\u00fc\u015f\u00fcnceye maruz kalabiliyoruz. Peki, bizi t\u00fcm bunlardan koruyabilecek bir savunma sanat\u0131 var m\u0131d\u0131r? \u0130\u015fte Psikolojik Karate ruhsal ve bedensel dengemizi bozan zorlu durumlarla ve insanlarla \u015fiddete ve \u00e7at\u0131\u015fmaya mahal vermeden, sa\u011fduyu, nezaket ve \u015fefkat temelinde ba\u015fa \u00e7\u0131kman\u0131n yollar\u0131n\u0131 g\u00f6steriyor bize. Temel savunma ara\u00e7lar\u0131m\u0131z olan zihni ve dili iyile\u015ftirici, sakinle\u015ftirici, canland\u0131r\u0131c\u0131, motive edici ve yap\u0131c\u0131 bi\u00e7imde kullanmaya dayanan Psikolojik Karate \u201cakl\u0131n ve kalbin d\u00f6v\u00fc\u015f sanat\u0131\u201d olarak herkes i\u00e7in pratik bir bilgelik \u00f6neriyor. \u201cBu Psikolojik Karate rehberi seni ba\u015fkalar\u0131n\u0131n s\u00f6zl\u00fc ve duygusal sald\u0131r\u0131lar\u0131na kar\u015f\u0131 e\u011fitmekle kalmayacak, d\u00fc\u015f\u00fcncelerinden dolay\u0131 sana zarar veren ve motivasyonunu d\u00fc\u015f\u00fcren mesajlara kar\u015f\u0131 da seni koruyacakt\u0131r. Psikolojik Karate\u2019nin ki\u015fisel-b\u00fct\u00fcnsel geli\u015fimini ilerletmeyi ama\u00e7layan herkese k\u0131lavuzluk etmesini umuyorum.\u201d \u2013 Bernab\u00e9 Tierno<\/p>\n","protected":false},"excerpt":{"rendered":"<p>Olumsuz ve yaralay\u0131c\u0131 s\u00f6zler, y\u0131k\u0131c\u0131 d\u00fc\u015f\u00fcnceler ve duygular ruhumuz ve zihnimiz kadar bedenimize de zarar verir. G\u00fcndelik hayatta, i\u015fyerinde, arkada\u015fl\u0131k, sevgililik ve aile ili\u015fkilerimizde bize ruhsal<span class=\"excerpt-hellip\"> [\u2026]<\/span><\/p>\n","protected":false},"featured_media":0,"template":"","meta":{"_monsterinsights_skip_tracking":false,"_monsterinsights_sitenote_active":false,"_monsterinsights_sitenote_note":"","_monsterinsights_sitenote_category":0},"product_brand":[],"product_cat":[12364,12376],"product_tag":[],"class_list":{"0":"post-766086","1":"product","2":"type-product","3":"status-publish","5":"product_cat-genel-konular","6":"product_cat-kisisel-gelisim","7":"pa_cilt-ciltsiz","8":"pa_tur-kitap","9":"pa_yayinevi-koridor-yayincilik","10":"pa_yazar-bernabe-tierno","12":"first","13":"instock","14":"sale","15":"shipping-taxable","16":"purchasable","17":"product-type-simple"},"_links":{"self":[{"href":"https:\/\/roveyayinevi.com.tr\/index.php\/wp-json\/wp\/v2\/product\/766086","targetHints":{"allow":["GET"]}}],"collection":[{"href":"https:\/\/roveyayinevi.com.tr\/index.php\/wp-json\/wp\/v2\/product"}],"about":[{"href":"https:\/\/roveyayinevi.com.tr\/index.php\/wp-json\/wp\/v2\/types\/product"}],"wp:attachment":[{"href":"https:\/\/roveyayinevi.com.tr\/index.php\/wp-json\/wp\/v2\/media?parent=766086"}],"wp:term":[{"taxonomy":"product_brand","embeddable":true,"href":"https:\/\/roveyayinevi.com.tr\/index.php\/wp-json\/wp\/v2\/product_brand?post=766086"},{"taxonomy":"product_cat","embeddable":true,"href":"https:\/\/roveyayinevi.com.tr\/index.php\/wp-json\/wp\/v2\/product_cat?post=766086"},{"taxonomy":"product_tag","embeddable":true,"href":"https:\/\/roveyayinevi.com.tr\/index.php\/wp-json\/wp\/v2\/product_tag?post=766086"}],"curies":[{"name":"wp","href":"https:\/\/api.w.org\/{rel}","templated":true}]}}