{"id":766081,"date":"2025-08-28T12:01:33","date_gmt":"2025-08-28T09:01:33","guid":{"rendered":"https:\/\/roveyayinevi.com.tr\/index.php\/urun\/kursun-lezzeti\/"},"modified":"2026-04-15T03:32:04","modified_gmt":"2026-04-15T00:32:04","slug":"kursun-lezzeti","status":"publish","type":"product","link":"https:\/\/roveyayinevi.com.tr\/index.php\/urun\/kursun-lezzeti\/","title":{"rendered":"Ku(r)\u015fun Lezzeti"},"content":{"rendered":"<p>\u0130\u015finden, s\u0131\u011f \u00e7evresinden ve an\u0131lar\u0131ndan ka\u00e7an bankac\u0131, bir Beyo\u011flu arka soka\u011f\u0131na s\u0131\u011f\u0131nm\u0131\u015ft\u0131. Mutlulu\u011fa ula\u015fmak \u00fczereyken bu kez iblisle kar\u015f\u0131la\u015facak\u2026   Haz\u0131rl\u0131ks\u0131z bir \u00fclkedeki ulusal gazetelerin be\u015fte \u00fc\u00e7\u00fcn\u00fc ele ge\u00e7iren aileye o \u00fclkenin ka\u00e7ta ka\u00e7\u0131 direnebilir ki? <\/p>\n","protected":false},"excerpt":{"rendered":"<p>\u0130\u015finden, s\u0131\u011f \u00e7evresinden ve an\u0131lar\u0131ndan ka\u00e7an bankac\u0131, bir Beyo\u011flu arka soka\u011f\u0131na s\u0131\u011f\u0131nm\u0131\u015ft\u0131. Mutlulu\u011fa ula\u015fmak \u00fczereyken bu kez iblisle kar\u015f\u0131la\u015facak\u2026 Haz\u0131rl\u0131ks\u0131z bir \u00fclkedeki ulusal gazetelerin be\u015fte \u00fc\u00e7\u00fcn\u00fc<span class=\"excerpt-hellip\"> [\u2026]<\/span><\/p>\n","protected":false},"featured_media":0,"template":"","meta":{"_monsterinsights_skip_tracking":false,"_monsterinsights_sitenote_active":false,"_monsterinsights_sitenote_note":"","_monsterinsights_sitenote_category":0},"product_brand":[],"product_cat":[12291,12711],"product_tag":[],"class_list":{"0":"post-766081","1":"product","2":"type-product","3":"status-publish","5":"product_cat-edebiyat","6":"product_cat-roman-oyku","7":"pa_cilt-ciltsiz","8":"pa_tur-kitap","9":"pa_yayinevi-kirmizi-kedi-yayinevi","10":"pa_yazar-selcuk-altun","12":"first","13":"instock","14":"sale","15":"shipping-taxable","16":"purchasable","17":"product-type-simple"},"_links":{"self":[{"href":"https:\/\/roveyayinevi.com.tr\/index.php\/wp-json\/wp\/v2\/product\/766081","targetHints":{"allow":["GET"]}}],"collection":[{"href":"https:\/\/roveyayinevi.com.tr\/index.php\/wp-json\/wp\/v2\/product"}],"about":[{"href":"https:\/\/roveyayinevi.com.tr\/index.php\/wp-json\/wp\/v2\/types\/product"}],"wp:attachment":[{"href":"https:\/\/roveyayinevi.com.tr\/index.php\/wp-json\/wp\/v2\/media?parent=766081"}],"wp:term":[{"taxonomy":"product_brand","embeddable":true,"href":"https:\/\/roveyayinevi.com.tr\/index.php\/wp-json\/wp\/v2\/product_brand?post=766081"},{"taxonomy":"product_cat","embeddable":true,"href":"https:\/\/roveyayinevi.com.tr\/index.php\/wp-json\/wp\/v2\/product_cat?post=766081"},{"taxonomy":"product_tag","embeddable":true,"href":"https:\/\/roveyayinevi.com.tr\/index.php\/wp-json\/wp\/v2\/product_tag?post=766081"}],"curies":[{"name":"wp","href":"https:\/\/api.w.org\/{rel}","templated":true}]}}