{"id":766076,"date":"2025-08-28T12:01:24","date_gmt":"2025-08-28T09:01:24","guid":{"rendered":"https:\/\/roveyayinevi.com.tr\/index.php\/urun\/kirik-inci\/"},"modified":"2026-04-15T03:32:03","modified_gmt":"2026-04-15T00:32:03","slug":"kirik-inci","status":"publish","type":"product","link":"https:\/\/roveyayinevi.com.tr\/index.php\/urun\/kirik-inci\/","title":{"rendered":"K\u0131r\u0131k \u0130nci"},"content":{"rendered":"<p>Ben \u0130nci Alt\u0131nsoy\u2019dum. En zay\u0131f halkayd\u0131m ama o halka bo\u011fazlar\u0131na dolan\u0131p kesti\u011finde benimle daha yeni tan\u0131\u015facaklard\u0131 ve o g\u00fcn benim merhametim olmayacakt\u0131.   Ya\u015fad\u0131\u011f\u0131 kay\u0131plardan sonra hayat\u0131 tepetaklak olan sosyetik g\u00fczel \u0130nci, kendini hi\u00e7 beklemedi\u011fi bir anda miras oyunlar\u0131n\u0131n, ihanetlerin ve entrikalar\u0131n ortas\u0131nda bulur. B\u00fct\u00fcn bunlarla ba\u015fa \u00e7\u0131kmaya \u00e7al\u0131\u015f\u0131rken hayattaki en b\u00fcy\u00fck \u015fans\u0131 m\u0131 yoksa \u015fanss\u0131zl\u0131\u011f\u0131 m\u0131 oldu\u011funu bilmedi\u011fi K\u0131l\u0131\u00e7 ile yollar\u0131 tekrar kesi\u015fir.  Onu her \u015feyden ve herkesten koruyan g\u00f6zal\u0131c\u0131 korumas\u0131 K\u0131l\u0131\u00e7, ya\u015fad\u0131\u011f\u0131 zor g\u00fcnlerinde en b\u00fcy\u00fck destek\u00e7isi olur. S\u0131rlar yava\u015f yava\u015f ortaya \u00e7\u0131kmaya ba\u015flam\u0131\u015ft\u0131r. Peki \u0130nci \u00f6\u011frendi\u011fi ger\u00e7eklerle ya\u015famay\u0131 ba\u015farabilecek midir?   \u201cLabirentin sonunda adalet vard\u0131 ancak labirentin yolunda hainler ve kan da vard\u0131. \u00d6ld\u00fc\u011f\u00fcm\u00fc sand\u0131m ama bug\u00fcn yeniden do\u011fdum. Ben \u0130nci Alt\u0131nsoy\u2019dum ve ne pahas\u0131na olursa olsun, ailemin intikam\u0131n\u0131 alacakt\u0131m.\u201d <\/p>\n","protected":false},"excerpt":{"rendered":"<p>Ben \u0130nci Alt\u0131nsoy\u2019dum. En zay\u0131f halkayd\u0131m ama o halka bo\u011fazlar\u0131na dolan\u0131p kesti\u011finde benimle daha yeni tan\u0131\u015facaklard\u0131 ve o g\u00fcn benim merhametim olmayacakt\u0131. Ya\u015fad\u0131\u011f\u0131 kay\u0131plardan sonra hayat\u0131<span class=\"excerpt-hellip\"> [\u2026]<\/span><\/p>\n","protected":false},"featured_media":0,"template":"","meta":{"_monsterinsights_skip_tracking":false,"_monsterinsights_sitenote_active":false,"_monsterinsights_sitenote_note":"","_monsterinsights_sitenote_category":0},"product_brand":[],"product_cat":[12291,12711],"product_tag":[],"class_list":{"0":"post-766076","1":"product","2":"type-product","3":"status-publish","5":"product_cat-edebiyat","6":"product_cat-roman-oyku","7":"pa_cilt-ciltsiz","8":"pa_tur-kitap","9":"pa_yayinevi-indigo-kitap","10":"pa_yazar-ceren-melek","12":"first","13":"instock","14":"sale","15":"shipping-taxable","16":"purchasable","17":"product-type-simple"},"_links":{"self":[{"href":"https:\/\/roveyayinevi.com.tr\/index.php\/wp-json\/wp\/v2\/product\/766076","targetHints":{"allow":["GET"]}}],"collection":[{"href":"https:\/\/roveyayinevi.com.tr\/index.php\/wp-json\/wp\/v2\/product"}],"about":[{"href":"https:\/\/roveyayinevi.com.tr\/index.php\/wp-json\/wp\/v2\/types\/product"}],"wp:attachment":[{"href":"https:\/\/roveyayinevi.com.tr\/index.php\/wp-json\/wp\/v2\/media?parent=766076"}],"wp:term":[{"taxonomy":"product_brand","embeddable":true,"href":"https:\/\/roveyayinevi.com.tr\/index.php\/wp-json\/wp\/v2\/product_brand?post=766076"},{"taxonomy":"product_cat","embeddable":true,"href":"https:\/\/roveyayinevi.com.tr\/index.php\/wp-json\/wp\/v2\/product_cat?post=766076"},{"taxonomy":"product_tag","embeddable":true,"href":"https:\/\/roveyayinevi.com.tr\/index.php\/wp-json\/wp\/v2\/product_tag?post=766076"}],"curies":[{"name":"wp","href":"https:\/\/api.w.org\/{rel}","templated":true}]}}