{"id":766075,"date":"2025-08-28T12:01:22","date_gmt":"2025-08-28T09:01:22","guid":{"rendered":"https:\/\/roveyayinevi.com.tr\/index.php\/urun\/cadirda-bir-yil\/"},"modified":"2026-04-12T03:23:34","modified_gmt":"2026-04-12T00:23:34","slug":"cadirda-bir-yil","status":"publish","type":"product","link":"https:\/\/roveyayinevi.com.tr\/index.php\/urun\/cadirda-bir-yil\/","title":{"rendered":"\u00c7ad\u0131rda Bir Y\u0131l"},"content":{"rendered":"<p>Hollandal\u0131, \u00f6d\u00fcll\u00fc yazar Tiny Fisscher, korkular\u0131n\u0131n \u00fcstesinden gelmeye kararl\u0131 bir gencin hik\u00e2yesine ortak ediyor bizi. Roman kendi s\u0131n\u0131rlar\u0131n\u0131 a\u015fmak hakk\u0131nda d\u00fc\u015f\u00fcnd\u00fcr\u00fcrken, zor zamanlarda arkada\u015f olmak, toplumsal dayan\u0131\u015fma ve g\u00f6\u00e7menlik konular\u0131nda da gen\u00e7lere \u00f6nemli ipu\u00e7lar\u0131 sunuyor. On bir ya\u015f\u0131ndaki Ku\u011fu, Sinan \u00d6\u011fretmen\u2019in d\u00fczenledi\u011fi challenge haftas\u0131 i\u00e7in s\u0131\u011f\u0131nmac\u0131 \u00e7ocuklar yarar\u0131na para toplamaya karar verir. Bir meydan okuma olarak evlerinin arka bah\u00e7esindeki bir \u00e7ad\u0131rda uyumay\u0131 se\u00e7er. \u00dcstelik bunu bir y\u0131l s\u00fcrd\u00fcrmeyi d\u00fc\u015f\u00fcn\u00fcr. Heyecan verici, tuhaf ama ayn\u0131 zamanda unutulmaz ve e\u011fitici g\u00fcnler Ku\u011fu\u2019yu bekler. \u00c7ad\u0131rda bir y\u0131l dile kolay, hayata ge\u00e7irmesi san\u0131ld\u0131\u011f\u0131ndan korkun\u00e7 ve zordur.<\/p>\n","protected":false},"excerpt":{"rendered":"<p>Hollandal\u0131, \u00f6d\u00fcll\u00fc yazar Tiny Fisscher, korkular\u0131n\u0131n \u00fcstesinden gelmeye kararl\u0131 bir gencin hik\u00e2yesine ortak ediyor bizi. Roman kendi s\u0131n\u0131rlar\u0131n\u0131 a\u015fmak hakk\u0131nda d\u00fc\u015f\u00fcnd\u00fcr\u00fcrken, zor zamanlarda arkada\u015f olmak, toplumsal<span class=\"excerpt-hellip\"> [\u2026]<\/span><\/p>\n","protected":false},"featured_media":0,"template":"","meta":{"_monsterinsights_skip_tracking":false,"_monsterinsights_sitenote_active":false,"_monsterinsights_sitenote_note":"","_monsterinsights_sitenote_category":0},"product_brand":[],"product_cat":[12274,12284],"product_tag":[],"class_list":{"0":"post-766075","1":"product","2":"type-product","3":"status-publish","5":"product_cat-cocuk-ve-genclik-kitaplari","6":"product_cat-hikayeler","7":"pa_cilt-ciltsiz","8":"pa_tur-kitap","9":"pa_yayinevi-uyurgezer-kitap","10":"pa_yazar-tiny-fisscher","12":"first","13":"instock","14":"sale","15":"shipping-taxable","16":"purchasable","17":"product-type-simple"},"_links":{"self":[{"href":"https:\/\/roveyayinevi.com.tr\/index.php\/wp-json\/wp\/v2\/product\/766075","targetHints":{"allow":["GET"]}}],"collection":[{"href":"https:\/\/roveyayinevi.com.tr\/index.php\/wp-json\/wp\/v2\/product"}],"about":[{"href":"https:\/\/roveyayinevi.com.tr\/index.php\/wp-json\/wp\/v2\/types\/product"}],"wp:attachment":[{"href":"https:\/\/roveyayinevi.com.tr\/index.php\/wp-json\/wp\/v2\/media?parent=766075"}],"wp:term":[{"taxonomy":"product_brand","embeddable":true,"href":"https:\/\/roveyayinevi.com.tr\/index.php\/wp-json\/wp\/v2\/product_brand?post=766075"},{"taxonomy":"product_cat","embeddable":true,"href":"https:\/\/roveyayinevi.com.tr\/index.php\/wp-json\/wp\/v2\/product_cat?post=766075"},{"taxonomy":"product_tag","embeddable":true,"href":"https:\/\/roveyayinevi.com.tr\/index.php\/wp-json\/wp\/v2\/product_tag?post=766075"}],"curies":[{"name":"wp","href":"https:\/\/api.w.org\/{rel}","templated":true}]}}