{"id":766059,"date":"2025-08-28T12:00:55","date_gmt":"2025-08-28T09:00:55","guid":{"rendered":"https:\/\/roveyayinevi.com.tr\/index.php\/urun\/kitap-lik-236-kasim-aralik-2024\/"},"modified":"2026-04-15T03:31:42","modified_gmt":"2026-04-15T00:31:42","slug":"kitap-lik-236-kasim-aralik-2024","status":"publish","type":"product","link":"https:\/\/roveyayinevi.com.tr\/index.php\/urun\/kitap-lik-236-kasim-aralik-2024\/","title":{"rendered":"Kitap-l\u0131k 236 \/ Kas\u0131m &#8211; Aral\u0131k 2024"},"content":{"rendered":"<p>Edebiyatta k\u00f6pek   Yap\u0131 Kredi Yay\u0131nlar\u0131\u2019n\u0131n edebiyat dergisi kitap-l\u0131k\u2019\u0131n 236. say\u0131n\u0131n dosya konusu \u201cK\u00f6pek\u201d. Dosyada \u0130brahim Y\u0131ld\u0131r\u0131m, G\u00fcrsel Korat, Fatih \u00d6zg\u00fcven, Fatih Altu\u011f, Arma\u011fan Ekici, \u0130lknur \u00d6zdemir, Elis \u015eim\u015fon, Faruk Duman, Tuncer Erdem yaz\u0131lar\u0131yla, \u0130smail Pelit bir \u00f6yk\u00fcs\u00fc ve Murat G\u00fclsoy roman\u0131ndan bir b\u00f6l\u00fcmle yer ald\u0131.   Volkan Atmaca\u2019n\u0131n haz\u0131rlad\u0131\u011f\u0131 Adalet Cimcoz\u2019un \u201cB. Traven\u201d ile yaz\u0131\u015fmalar\u0131, Selim Karl\u0131tekin\u2019in \u00e7evirdi\u011fi Andr\u00e9 Malraux\u2019nun Faulkner\u2019\u0131n Tap\u0131nak roman\u0131na sunu\u015f yaz\u0131s\u0131 bu say\u0131n\u0131n dikkat \u00e7eken sayfalar\u0131.   Erendiz Atas\u00fc, Sema U\u011furcan, Onur Bilge Kula yaz\u0131lar\u0131; Nihat Ziyalan, Osman \u00c7akmak\u00e7\u0131, Enver Topalo\u011flu, Y\u00fccel Kay\u0131ran, B\u00e2ki Ayhan, Melih Elhan, Ferruh Tun\u00e7, \u0130smail Karakurt \u015fiirleri; \u0130zzet G\u00f6ldeli, \u00dczeyir Karahasano\u011flu, Engin \u00d6zkol, Zeynep Kahraman F\u00fcz\u00fcn, Yelin Bilgin, Erkan Tuncay \u00f6yk\u00fcleri; Ali Ay\u00e7il, Cengiz \u015eenol, Nihat \u00d6zdal s\u00f6yle\u015fileriyle kitap-l\u0131k dergisinin 236. say\u0131s\u0131nda.   kitap-l\u0131k 32 y\u0131ld\u0131r iyi edebiyat\u0131n adresi. <\/p>\n","protected":false},"excerpt":{"rendered":"<p>Edebiyatta k\u00f6pek Yap\u0131 Kredi Yay\u0131nlar\u0131\u2019n\u0131n edebiyat dergisi kitap-l\u0131k\u2019\u0131n 236. say\u0131n\u0131n dosya konusu \u201cK\u00f6pek\u201d. Dosyada \u0130brahim Y\u0131ld\u0131r\u0131m, G\u00fcrsel Korat, Fatih \u00d6zg\u00fcven, Fatih Altu\u011f, Arma\u011fan Ekici, \u0130lknur \u00d6zdemir,<span class=\"excerpt-hellip\"> [\u2026]<\/span><\/p>\n","protected":false},"featured_media":0,"template":"","meta":{"_monsterinsights_skip_tracking":false,"_monsterinsights_sitenote_active":false,"_monsterinsights_sitenote_note":"","_monsterinsights_sitenote_category":0},"product_brand":[],"product_cat":[13527],"product_tag":[],"class_list":{"0":"post-766059","1":"product","2":"type-product","3":"status-publish","5":"product_cat-sureli-yayinlar","6":"pa_cilt-ciltsiz","7":"pa_tur-dergi","8":"pa_yayinevi-yapi-kredi-yayinlari-dergi","9":"pa_yazar-kolektif","11":"first","12":"instock","13":"sale","14":"shipping-taxable","15":"purchasable","16":"product-type-simple"},"_links":{"self":[{"href":"https:\/\/roveyayinevi.com.tr\/index.php\/wp-json\/wp\/v2\/product\/766059","targetHints":{"allow":["GET"]}}],"collection":[{"href":"https:\/\/roveyayinevi.com.tr\/index.php\/wp-json\/wp\/v2\/product"}],"about":[{"href":"https:\/\/roveyayinevi.com.tr\/index.php\/wp-json\/wp\/v2\/types\/product"}],"wp:attachment":[{"href":"https:\/\/roveyayinevi.com.tr\/index.php\/wp-json\/wp\/v2\/media?parent=766059"}],"wp:term":[{"taxonomy":"product_brand","embeddable":true,"href":"https:\/\/roveyayinevi.com.tr\/index.php\/wp-json\/wp\/v2\/product_brand?post=766059"},{"taxonomy":"product_cat","embeddable":true,"href":"https:\/\/roveyayinevi.com.tr\/index.php\/wp-json\/wp\/v2\/product_cat?post=766059"},{"taxonomy":"product_tag","embeddable":true,"href":"https:\/\/roveyayinevi.com.tr\/index.php\/wp-json\/wp\/v2\/product_tag?post=766059"}],"curies":[{"name":"wp","href":"https:\/\/api.w.org\/{rel}","templated":true}]}}