{"id":766058,"date":"2025-08-28T12:00:53","date_gmt":"2025-08-28T09:00:53","guid":{"rendered":"https:\/\/roveyayinevi.com.tr\/index.php\/urun\/kesanli-ali-destani-60-yasinda-numarali-ozel-baski\/"},"modified":"2026-04-15T03:31:42","modified_gmt":"2026-04-15T00:31:42","slug":"kesanli-ali-destani-60-yasinda-numarali-ozel-baski","status":"publish","type":"product","link":"https:\/\/roveyayinevi.com.tr\/index.php\/urun\/kesanli-ali-destani-60-yasinda-numarali-ozel-baski\/","title":{"rendered":"Ke\u015fanl\u0131 Ali Destan\u0131 60 Ya\u015f\u0131nda (Numaral\u0131 \u00d6zel Bask\u0131)"},"content":{"rendered":"<p>Ke\u015fanl\u0131 Ali Destan\u0131, dilden dile \u00e7evrilerek d\u00fcnyan\u0131n pek \u00e7ok \u00fclkesinde sahnelenmi\u015f, geni\u015f kitlelerle b\u00fct\u00fcnle\u015fmi\u015f ve T\u00fcrk Tiyatrosu\u2019na y\u00f6n vermi\u015f evrensel bir ba\u015fyap\u0131t.   Haldun Taner\u2019in \u201cgecekondu ortam\u0131nda bir kahramanl\u0131k mitosunun parodisi\u201d dedi\u011fi, modern epik tiyatronun en g\u00fczel \u00f6rneklerinden biri say\u0131lan oyunda geleneksel g\u00f6steri sanatlar\u0131m\u0131z\u0131n bir\u00e7ok \u00f6zelli\u011fi \u00e7a\u011fda\u015f bir yorumla sahneye aktar\u0131l\u0131yor. Yarat\u0131lan tipler \u00f6ylesine ger\u00e7ek, \u00f6ylesine canl\u0131 ki, hemen her toplumun sosyal ve ekonomik a\u00e7\u0131dan benzerlik g\u00f6steren kesimlerinde kar\u015f\u0131m\u0131za \u00e7\u0131k\u0131veriyorlar. Bu nedenle, Sineklida\u011f efsaneleri Ke\u015fanl\u0131 Ali ve Zilha ister \u0130stanbul\u2019da, ister Berlin\u2019de, ister Londra, Beyrut ve Budape\u015fte\u2019de, isterse Hamburg\u2019da, nerede olursa olsun hep ayn\u0131 ilgi ve sevgiyle kar\u015f\u0131la\u015ft\u0131.   \u201cBizim geleneklerimizden, bizim insan\u0131m\u0131z ve konular\u0131m\u0131zdan yola \u00e7\u0131k\u0131p, b\u00fct\u00fcn bunlar\u0131, \u00f6z T\u00fcrk\u00e7emiz ve bize \u00f6zg\u00fc bir g\u00f6r\u00fc\u015f bi\u00e7imi ile \u00e7a\u011fda\u015f d\u00fcnyan\u0131n verileriyle aktarmak\u201dtan s\u00f6z ediyordu Haldun Taner. Edebiyat\u0131m\u0131z\u0131n ve tiyatromuzun b\u00fcy\u00fck ustas\u0131 elinizdeki ba\u015fyap\u0131t\u0131yla i\u015fte bu s\u00f6z\u00fcn\u00fc yerine getiriyor.   Ke\u015fanl\u0131 Ali Destan\u0131 60 y\u0131ld\u0131r okurunu ve izleyicisini b\u00fcy\u00fcl\u00fcyor. <\/p>\n","protected":false},"excerpt":{"rendered":"<p>Ke\u015fanl\u0131 Ali Destan\u0131, dilden dile \u00e7evrilerek d\u00fcnyan\u0131n pek \u00e7ok \u00fclkesinde sahnelenmi\u015f, geni\u015f kitlelerle b\u00fct\u00fcnle\u015fmi\u015f ve T\u00fcrk Tiyatrosu\u2019na y\u00f6n vermi\u015f evrensel bir ba\u015fyap\u0131t. Haldun Taner\u2019in \u201cgecekondu ortam\u0131nda<span class=\"excerpt-hellip\"> [\u2026]<\/span><\/p>\n","protected":false},"featured_media":0,"template":"","meta":{"_monsterinsights_skip_tracking":false,"_monsterinsights_sitenote_active":false,"_monsterinsights_sitenote_note":"","_monsterinsights_sitenote_category":0},"product_brand":[],"product_cat":[12291,15566],"product_tag":[],"class_list":{"0":"post-766058","1":"product","2":"type-product","3":"status-publish","5":"product_cat-edebiyat","6":"product_cat-oyun","7":"pa_cilt-ciltsiz","8":"pa_tur-kitap","9":"pa_yayinevi-yapi-kredi-yayinlari","10":"pa_yazar-haldun-taner","12":"first","13":"instock","14":"sale","15":"shipping-taxable","16":"purchasable","17":"product-type-simple"},"_links":{"self":[{"href":"https:\/\/roveyayinevi.com.tr\/index.php\/wp-json\/wp\/v2\/product\/766058","targetHints":{"allow":["GET"]}}],"collection":[{"href":"https:\/\/roveyayinevi.com.tr\/index.php\/wp-json\/wp\/v2\/product"}],"about":[{"href":"https:\/\/roveyayinevi.com.tr\/index.php\/wp-json\/wp\/v2\/types\/product"}],"wp:attachment":[{"href":"https:\/\/roveyayinevi.com.tr\/index.php\/wp-json\/wp\/v2\/media?parent=766058"}],"wp:term":[{"taxonomy":"product_brand","embeddable":true,"href":"https:\/\/roveyayinevi.com.tr\/index.php\/wp-json\/wp\/v2\/product_brand?post=766058"},{"taxonomy":"product_cat","embeddable":true,"href":"https:\/\/roveyayinevi.com.tr\/index.php\/wp-json\/wp\/v2\/product_cat?post=766058"},{"taxonomy":"product_tag","embeddable":true,"href":"https:\/\/roveyayinevi.com.tr\/index.php\/wp-json\/wp\/v2\/product_tag?post=766058"}],"curies":[{"name":"wp","href":"https:\/\/api.w.org\/{rel}","templated":true}]}}