{"id":766055,"date":"2025-08-28T12:00:48","date_gmt":"2025-08-28T09:00:48","guid":{"rendered":"https:\/\/roveyayinevi.com.tr\/index.php\/urun\/ben-bunlari-cocuguma-nasil-anlatirim\/"},"modified":"2026-04-15T03:31:42","modified_gmt":"2026-04-15T00:31:42","slug":"ben-bunlari-cocuguma-nasil-anlatirim","status":"publish","type":"product","link":"https:\/\/roveyayinevi.com.tr\/index.php\/urun\/ben-bunlari-cocuguma-nasil-anlatirim\/","title":{"rendered":"Ben Bunlar\u0131 \u00c7ocu\u011fuma Nas\u0131l Anlat\u0131r\u0131m?"},"content":{"rendered":"<p>\u00c7ocuklar\u0131m\u0131zla derin bir ba\u011f kurman\u0131n ilk basama\u011f\u0131 ve temeli, onlarla sa\u011flam ileti\u015fim kurabilmek, empati yapabilmek ve zor sorular\u0131n\u0131 yan\u0131tlayabilmektir. Fakat yan\u0131tlanmas\u0131 zor bir soru kar\u015f\u0131m\u0131za \u00e7\u0131karsa ne yapaca\u011f\u0131z?Mesela \u00e7ocu\u011funuz size,\u201c\u0130nsanlar \u00f6l\u00fcnce nereye gidiyor?\u201d\u201cRegl olmak ne demek?\u201d\u201cYa \u00f6len ki\u015fiyi \u00f6zledi\u011fimde a\u011flarsam n\u2019olacak?\u201d\u201cBebekler nereden geliyor?\u201d \u201cOnun v\u00fccudu neden benimkinden farkl\u0131?\u201dgibi sorular sorabilir.Ne s\u00f6yleyece\u011fimizi bilemedi\u011fimiz zaman konuyu de\u011fi\u015ftirir ya da ayak\u00fcst\u00fc\u0308 bir cevap verip sorunun bir daha g\u00fcndeme gelmemesini umar\u0131z. Dr. Robyn Silverman, \u00e7ocuk geli\u015fimi uzman\u0131 ve anne olarak, size her ad\u0131mda yan\u0131n\u0131zda olacak bir rehber haz\u0131rlad\u0131. Dr. Robyn sizi \u00e7ocuklar\u0131n t\u00fcrl\u00fc t\u00fcrl\u00fc ilgin\u00e7\u0327 sorusuyla tan\u0131\u015ft\u0131rarak ya\u015fam boyu yapaca\u011f\u0131n\u0131z zorlu konu\u015fmalara haz\u0131rlayacak stratejiler ve senaryolar sunuyor. Bu sayede \u00e7ocuklar\u0131n\u0131z ya\u015flar\u0131na uygun bilgileri akranlar\u0131ndan, sosyal medyadan veya internetten de\u011fil, do\u011frudan sizden, yani g\u00fcvenilir kaynaklar\u0131ndan alm\u0131\u015f\u0327 olacak.\u00d6l\u00fcm, seks, arkada\u015fl\u0131k, bo\u015fanma, para ve daha pek \u00e7ok konu hakk\u0131nda zor sorulara nas\u0131l daha sakin ve etrafl\u0131ca d\u00fc\u015f\u00fcn\u00fclm\u00fc\u015f cevaplar verece\u011finizi \u00f6\u011freneceksiniz.D\u00fcnyaca \u00fcnl\u00fc uzmanlar\u0131n bilgilerini kendi bilgileriyle harmanlayan Dr. Robyn Silverman\u2019\u0131n kitab\u0131 Ben Bunlar\u0131 \u00c7ocu\u011fuma Nas\u0131l Anlat\u0131r\u0131m, \u00e7ocuklar\u0131yla d\u00fcr\u00fcst ve samimi bir sohbet ortam\u0131 yaratmak isteyen ebeveynler i\u00e7in vazge\u00e7ilmez bir kaynak olacak.<\/p>\n","protected":false},"excerpt":{"rendered":"<p>\u00c7ocuklar\u0131m\u0131zla derin bir ba\u011f kurman\u0131n ilk basama\u011f\u0131 ve temeli, onlarla sa\u011flam ileti\u015fim kurabilmek, empati yapabilmek ve zor sorular\u0131n\u0131 yan\u0131tlayabilmektir. Fakat yan\u0131tlanmas\u0131 zor bir soru kar\u015f\u0131m\u0131za \u00e7\u0131karsa<span class=\"excerpt-hellip\"> [\u2026]<\/span><\/p>\n","protected":false},"featured_media":0,"template":"","meta":{"_monsterinsights_skip_tracking":false,"_monsterinsights_sitenote_active":false,"_monsterinsights_sitenote_note":"","_monsterinsights_sitenote_category":0},"product_brand":[],"product_cat":[17996,12364],"product_tag":[],"class_list":{"0":"post-766055","1":"product","2":"type-product","3":"status-publish","5":"product_cat-ebeveyn-kitaplari","6":"product_cat-genel-konular","7":"pa_cilt-ciltsiz","8":"pa_tur-kitap","9":"pa_yayinevi-dusbaz-kitaplar","10":"pa_yazar-robyn-silverman","12":"first","13":"instock","14":"sale","15":"shipping-taxable","16":"purchasable","17":"product-type-simple"},"_links":{"self":[{"href":"https:\/\/roveyayinevi.com.tr\/index.php\/wp-json\/wp\/v2\/product\/766055","targetHints":{"allow":["GET"]}}],"collection":[{"href":"https:\/\/roveyayinevi.com.tr\/index.php\/wp-json\/wp\/v2\/product"}],"about":[{"href":"https:\/\/roveyayinevi.com.tr\/index.php\/wp-json\/wp\/v2\/types\/product"}],"wp:attachment":[{"href":"https:\/\/roveyayinevi.com.tr\/index.php\/wp-json\/wp\/v2\/media?parent=766055"}],"wp:term":[{"taxonomy":"product_brand","embeddable":true,"href":"https:\/\/roveyayinevi.com.tr\/index.php\/wp-json\/wp\/v2\/product_brand?post=766055"},{"taxonomy":"product_cat","embeddable":true,"href":"https:\/\/roveyayinevi.com.tr\/index.php\/wp-json\/wp\/v2\/product_cat?post=766055"},{"taxonomy":"product_tag","embeddable":true,"href":"https:\/\/roveyayinevi.com.tr\/index.php\/wp-json\/wp\/v2\/product_tag?post=766055"}],"curies":[{"name":"wp","href":"https:\/\/api.w.org\/{rel}","templated":true}]}}