{"id":766051,"date":"2025-08-28T12:00:39","date_gmt":"2025-08-28T09:00:39","guid":{"rendered":"https:\/\/roveyayinevi.com.tr\/index.php\/urun\/dunyanin-son-nari\/"},"modified":"2026-04-13T03:27:14","modified_gmt":"2026-04-13T00:27:14","slug":"dunyanin-son-nari","status":"publish","type":"product","link":"https:\/\/roveyayinevi.com.tr\/index.php\/urun\/dunyanin-son-nari\/","title":{"rendered":"D\u00fcnyan\u0131n Son Nar\u0131"},"content":{"rendered":"<p>Irakl\u0131 K\u00fcrt devrimci Muzafari Subhdam, yirmi bir y\u0131l bir \u00e7\u00f6l\u00fcn ortas\u0131nda hapis yatt\u0131ktan sonra \u00f6zg\u00fcrl\u00fc\u011f\u00fcne kavu\u015fur ama aradan ge\u00e7en y\u0131llarla beraber Subhdam\u2019\u0131n hayat\u0131 ve kimli\u011fi adeta elinden al\u0131nm\u0131\u015ft\u0131r. Buna ra\u011fmen Subhdam hayata tutunmaktan vazge\u00e7mez ve ya\u015fama cesaretini yeniden kazanmak i\u00e7in kay\u0131p o\u011flu Saryasi\u2019yi bulmaya \u00e7al\u0131\u015f\u0131r.  Yeniden \u00f6zg\u00fcrl\u00fc\u011f\u00fcne kavu\u015fan Subhdam kay\u0131p o\u011flu Saryasi\u2019nin izini s\u00fcrerken kendisini \u00fclkesinin kaderini de g\u00f6zler \u00f6n\u00fcne seren bir hik\u00e2yelerle s\u0131rlar yuma\u011f\u0131n\u0131n i\u00e7inde bulur: \u00dc\u00e7 Saryasi\u2019yi birbirine ba\u011flayan bir s\u0131r. Bachtyar\u2019nin \u015fiirsel bir dille kaleme ald\u0131\u011f\u0131 D\u00fcnyan\u0131n Son Nar\u0131 kimlik, yuva ve aile aray\u0131\u015f\u0131nda olan bir adam\u0131n yolculu\u011funun dokunakl\u0131 hik\u00e2yesi.<\/p>\n","protected":false},"excerpt":{"rendered":"<p>Irakl\u0131 K\u00fcrt devrimci Muzafari Subhdam, yirmi bir y\u0131l bir \u00e7\u00f6l\u00fcn ortas\u0131nda hapis yatt\u0131ktan sonra \u00f6zg\u00fcrl\u00fc\u011f\u00fcne kavu\u015fur ama aradan ge\u00e7en y\u0131llarla beraber Subhdam\u2019\u0131n hayat\u0131 ve kimli\u011fi adeta<span class=\"excerpt-hellip\"> [\u2026]<\/span><\/p>\n","protected":false},"featured_media":0,"template":"","meta":{"_monsterinsights_skip_tracking":false,"_monsterinsights_sitenote_active":false,"_monsterinsights_sitenote_note":"","_monsterinsights_sitenote_category":0},"product_brand":[],"product_cat":[12291,12711],"product_tag":[],"class_list":{"0":"post-766051","1":"product","2":"type-product","3":"status-publish","5":"product_cat-edebiyat","6":"product_cat-roman-oyku","7":"pa_cilt-ciltsiz","8":"pa_tur-kitap","9":"pa_yayinevi-totem-yayinlari","10":"pa_yazar-bachtyar-ali","12":"first","13":"instock","14":"sale","15":"shipping-taxable","16":"purchasable","17":"product-type-simple"},"_links":{"self":[{"href":"https:\/\/roveyayinevi.com.tr\/index.php\/wp-json\/wp\/v2\/product\/766051","targetHints":{"allow":["GET"]}}],"collection":[{"href":"https:\/\/roveyayinevi.com.tr\/index.php\/wp-json\/wp\/v2\/product"}],"about":[{"href":"https:\/\/roveyayinevi.com.tr\/index.php\/wp-json\/wp\/v2\/types\/product"}],"wp:attachment":[{"href":"https:\/\/roveyayinevi.com.tr\/index.php\/wp-json\/wp\/v2\/media?parent=766051"}],"wp:term":[{"taxonomy":"product_brand","embeddable":true,"href":"https:\/\/roveyayinevi.com.tr\/index.php\/wp-json\/wp\/v2\/product_brand?post=766051"},{"taxonomy":"product_cat","embeddable":true,"href":"https:\/\/roveyayinevi.com.tr\/index.php\/wp-json\/wp\/v2\/product_cat?post=766051"},{"taxonomy":"product_tag","embeddable":true,"href":"https:\/\/roveyayinevi.com.tr\/index.php\/wp-json\/wp\/v2\/product_tag?post=766051"}],"curies":[{"name":"wp","href":"https:\/\/api.w.org\/{rel}","templated":true}]}}