{"id":766049,"date":"2025-08-28T12:00:36","date_gmt":"2025-08-28T09:00:36","guid":{"rendered":"https:\/\/roveyayinevi.com.tr\/index.php\/urun\/holosendeki-insan-bir-anlati\/"},"modified":"2026-04-15T03:31:42","modified_gmt":"2026-04-15T00:31:42","slug":"holosendeki-insan-bir-anlati","status":"publish","type":"product","link":"https:\/\/roveyayinevi.com.tr\/index.php\/urun\/holosendeki-insan-bir-anlati\/","title":{"rendered":"Holosendeki \u0130nsan &#8211; Bir Anlat\u0131"},"content":{"rendered":"<p>Ya\u015fl\u0131 bir adam olan Geiser, \u0130svi\u00e7re Alpleri\u2019nde izole bir k\u00f6yde ya\u015famaktad\u0131r. K\u00f6y s\u00fcre\u011fen ya\u011f\u0131\u015flar y\u00fcz\u00fcnden toprak kaymas\u0131 tehdidi alt\u0131ndad\u0131r.   Geiser do\u011fan\u0131n kaotik ve amans\u0131z yap\u0131s\u0131yla ba\u015fa \u00e7\u0131kmaya \u00e7al\u0131\u015f\u0131rken, ansiklopedilerden ve kitaplardan bilgileri kesip odas\u0131n\u0131n duvar\u0131na asar, b\u00f6ylece yitirmeye ba\u015flad\u0131\u011f\u0131 belle\u011finin yan\u0131 s\u0131ra insanl\u0131\u011f\u0131n bilgi birikimini de kay\u0131t alt\u0131na almaya \u00e7abalar. Ancak do\u011fa, insan\u0131n s\u0131n\u0131rl\u0131 bilgisiyle kavray\u0131\u015f\u0131ndan \u00e7ok daha engindir ve sonunda ka\u00e7\u0131n\u0131lmaz y\u00fczle\u015fme ger\u00e7ekle\u015fecektir.     Max Frisch\u2019in bu k\u00fc\u00e7\u00fck \u00f6l\u00e7ekli ba\u015fyap\u0131t\u0131, insan\u0131n do\u011fa kar\u015f\u0131s\u0131ndaki k\u0131r\u0131lganl\u0131\u011f\u0131 ve varolu\u015fsal m\u00fccadelesi \u00fczerine derin bir tefekk\u00fcr. 1992 y\u0131l\u0131nda filme \u00e7ekilen, say\u0131s\u0131z kere sahnelenen bu eser, y\u0131llar ge\u00e7tik\u00e7e ve d\u00fcnyam\u0131z yazar\u0131n \u00f6ng\u00f6rd\u00fc\u011f\u00fc yolda ilerledik\u00e7e klasikle\u015fen bir kehanete d\u00f6n\u00fc\u015f\u00fcyor.     Ba\u015fyap\u0131t d\u00fczeyinde bir mesel. George Stade, The New York Times Book Review   D\u00fcnyan\u0131n sonu hakk\u0131nda, d\u00fcnyan\u0131n sonuna inanmayan biri taraf\u0131ndan yaz\u0131lm\u0131\u015f bir klasik. Hans Mayer   Uygarl\u0131\u011f\u0131n ve ilerlemenin erozyonuyla ku\u015fat\u0131lm\u0131\u015f do\u011faya ve insana dair son uyar\u0131lar&#8230; Frisch\u2019in felsefi ba\u015fyap\u0131t\u0131. Michael Magras <\/p>\n","protected":false},"excerpt":{"rendered":"<p>Ya\u015fl\u0131 bir adam olan Geiser, \u0130svi\u00e7re Alpleri\u2019nde izole bir k\u00f6yde ya\u015famaktad\u0131r. K\u00f6y s\u00fcre\u011fen ya\u011f\u0131\u015flar y\u00fcz\u00fcnden toprak kaymas\u0131 tehdidi alt\u0131ndad\u0131r. Geiser do\u011fan\u0131n kaotik ve amans\u0131z yap\u0131s\u0131yla ba\u015fa<span class=\"excerpt-hellip\"> [\u2026]<\/span><\/p>\n","protected":false},"featured_media":0,"template":"","meta":{"_monsterinsights_skip_tracking":false,"_monsterinsights_sitenote_active":false,"_monsterinsights_sitenote_note":"","_monsterinsights_sitenote_category":0},"product_brand":[],"product_cat":[18545,12291],"product_tag":[],"class_list":{"0":"post-766049","1":"product","2":"type-product","3":"status-publish","5":"product_cat-anlati","6":"product_cat-edebiyat","7":"pa_cilt-ciltsiz","8":"pa_tur-kitap","9":"pa_yayinevi-yapi-kredi-yayinlari","10":"pa_yazar-max-frisch","12":"first","13":"instock","14":"sale","15":"shipping-taxable","16":"purchasable","17":"product-type-simple"},"_links":{"self":[{"href":"https:\/\/roveyayinevi.com.tr\/index.php\/wp-json\/wp\/v2\/product\/766049","targetHints":{"allow":["GET"]}}],"collection":[{"href":"https:\/\/roveyayinevi.com.tr\/index.php\/wp-json\/wp\/v2\/product"}],"about":[{"href":"https:\/\/roveyayinevi.com.tr\/index.php\/wp-json\/wp\/v2\/types\/product"}],"wp:attachment":[{"href":"https:\/\/roveyayinevi.com.tr\/index.php\/wp-json\/wp\/v2\/media?parent=766049"}],"wp:term":[{"taxonomy":"product_brand","embeddable":true,"href":"https:\/\/roveyayinevi.com.tr\/index.php\/wp-json\/wp\/v2\/product_brand?post=766049"},{"taxonomy":"product_cat","embeddable":true,"href":"https:\/\/roveyayinevi.com.tr\/index.php\/wp-json\/wp\/v2\/product_cat?post=766049"},{"taxonomy":"product_tag","embeddable":true,"href":"https:\/\/roveyayinevi.com.tr\/index.php\/wp-json\/wp\/v2\/product_tag?post=766049"}],"curies":[{"name":"wp","href":"https:\/\/api.w.org\/{rel}","templated":true}]}}