{"id":766044,"date":"2025-08-28T12:00:28","date_gmt":"2025-08-28T09:00:28","guid":{"rendered":"https:\/\/roveyayinevi.com.tr\/index.php\/urun\/nazik-bir-hatirlatma\/"},"modified":"2026-04-13T03:27:14","modified_gmt":"2026-04-13T00:27:14","slug":"nazik-bir-hatirlatma","status":"publish","type":"product","link":"https:\/\/roveyayinevi.com.tr\/index.php\/urun\/nazik-bir-hatirlatma\/","title":{"rendered":"Nazik Bir Hat\u0131rlatma"},"content":{"rendered":"<p>\u201cBAKI\u015e A\u00c7IN DE\u011e\u0130\u015e\u0130RSE D\u00dcNYAN DE\u011e\u0130\u015e\u0130R.\u201d WAYNE DYER Bu kitap senin sorular\u0131na ezbere cevaplar vermeyecek, seni hedefine h\u0131zl\u0131ca ula\u015ft\u0131ran bir y\u00f6n belirlemeyecek. Ama sayfalar aras\u0131nda dola\u015f\u0131rken fark\u0131nda olmadan i\u00e7indeki o sessiz kelimelere dokunacak, seni hi\u00e7 tahmin etmedi\u011fin yerlere ta\u015f\u0131yacak. Her sayfada \u00f6n\u00fcnde yeni bir pencere a\u00e7\u0131lacak. Bamba\u015fka bir manzaraya bakacaks\u0131n, yepyeni bir d\u00fcnya g\u00f6receksin. Belki sorular\u0131n de\u011fi\u015fecek belki de cevaplar\u0131n&#8230; Yine de bu ger\u00e7ekten senin yolun olacak ve rotay\u0131 sen belirleyeceksin. Engel zannettiklerin seni bir ad\u0131m \u00f6teye ta\u015f\u0131yacak. G\u00fcn\u00fcm\u00fcz d\u00fcnyas\u0131 herkesi yetersizlik hissine ve tatminsizli\u011fe s\u00fcr\u00fcklerken sen mutluluk aray\u0131\u015f\u0131na, kendine d\u00f6nerek ba\u015flayacaks\u0131n. Kendine biraz daha yakla\u015facaks\u0131n. Benli\u011fine ve hayata dair \u00e7\u0131kaca\u011f\u0131n bu ke\u015fifte en sad\u0131k yol arkada\u015f\u0131n\u0131 edinmek \u00fczeresin. D\u00fc\u015f\u00fcncelerini derinle\u015ftirip ruhuna huzur verecek bu eser, her zaman dostun olacak. <\/p>\n","protected":false},"excerpt":{"rendered":"<p>\u201cBAKI\u015e A\u00c7IN DE\u011e\u0130\u015e\u0130RSE D\u00dcNYAN DE\u011e\u0130\u015e\u0130R.\u201d WAYNE DYER Bu kitap senin sorular\u0131na ezbere cevaplar vermeyecek, seni hedefine h\u0131zl\u0131ca ula\u015ft\u0131ran bir y\u00f6n belirlemeyecek. Ama sayfalar aras\u0131nda dola\u015f\u0131rken fark\u0131nda<span class=\"excerpt-hellip\"> [\u2026]<\/span><\/p>\n","protected":false},"featured_media":0,"template":"","meta":{"_monsterinsights_skip_tracking":false,"_monsterinsights_sitenote_active":false,"_monsterinsights_sitenote_note":"","_monsterinsights_sitenote_category":0},"product_brand":[],"product_cat":[12364,12376],"product_tag":[],"class_list":{"0":"post-766044","1":"product","2":"type-product","3":"status-publish","5":"product_cat-genel-konular","6":"product_cat-kisisel-gelisim","7":"pa_cilt-ciltsiz","8":"pa_tur-kitap","9":"pa_yayinevi-destek-yayinlari","10":"pa_yazar-melis-bozkurt","12":"first","13":"instock","14":"sale","15":"shipping-taxable","16":"purchasable","17":"product-type-simple"},"_links":{"self":[{"href":"https:\/\/roveyayinevi.com.tr\/index.php\/wp-json\/wp\/v2\/product\/766044","targetHints":{"allow":["GET"]}}],"collection":[{"href":"https:\/\/roveyayinevi.com.tr\/index.php\/wp-json\/wp\/v2\/product"}],"about":[{"href":"https:\/\/roveyayinevi.com.tr\/index.php\/wp-json\/wp\/v2\/types\/product"}],"wp:attachment":[{"href":"https:\/\/roveyayinevi.com.tr\/index.php\/wp-json\/wp\/v2\/media?parent=766044"}],"wp:term":[{"taxonomy":"product_brand","embeddable":true,"href":"https:\/\/roveyayinevi.com.tr\/index.php\/wp-json\/wp\/v2\/product_brand?post=766044"},{"taxonomy":"product_cat","embeddable":true,"href":"https:\/\/roveyayinevi.com.tr\/index.php\/wp-json\/wp\/v2\/product_cat?post=766044"},{"taxonomy":"product_tag","embeddable":true,"href":"https:\/\/roveyayinevi.com.tr\/index.php\/wp-json\/wp\/v2\/product_tag?post=766044"}],"curies":[{"name":"wp","href":"https:\/\/api.w.org\/{rel}","templated":true}]}}