{"id":766033,"date":"2025-08-28T12:00:06","date_gmt":"2025-08-28T09:00:06","guid":{"rendered":"https:\/\/roveyayinevi.com.tr\/index.php\/urun\/yildizlar-hayatinizi-nasil-degistirir\/"},"modified":"2026-04-15T03:31:42","modified_gmt":"2026-04-15T00:31:42","slug":"yildizlar-hayatinizi-nasil-degistirir","status":"publish","type":"product","link":"https:\/\/roveyayinevi.com.tr\/index.php\/urun\/yildizlar-hayatinizi-nasil-degistirir\/","title":{"rendered":"Y\u0131ld\u0131zlar Hayat\u0131n\u0131z\u0131 Nas\u0131l De\u011fi\u015ftirir?"},"content":{"rendered":"<p>Astroloji, y\u00fczy\u0131llard\u0131r insanl\u0131\u011f\u0131n en derin s\u0131rlar\u0131n\u0131, arzular\u0131n\u0131 ve kaderini \u00e7\u00f6zmek i\u00e7in kullan\u0131lan b\u00fcy\u00fcl\u00fc bir aynad\u0131r. Y\u0131ld\u0131zlar Hayat\u0131n\u0131z\u0131 Nas\u0131l De\u011fi\u015ftirir\u2019le, bur\u00e7lar\u0131n b\u00fcy\u00fcleyici d\u00fcnyas\u0131na ad\u0131m atacak, y\u0131ld\u0131zlar\u0131n size f\u0131s\u0131ldad\u0131\u011f\u0131 s\u0131rlar\u0131 ke\u015ffedeceksiniz. Her burcun benzersiz \u00f6zelliklerini, potansiyellerini ve gizli g\u00fc\u00e7lerini \u00f6\u011frenirken, kendi astrolojik haritan\u0131zda sakl\u0131 olan hazineleri bulacaks\u0131n\u0131z. Bu rehber, sadece bur\u00e7lar\u0131n temel \u00f6zelliklerini de\u011fil, ayn\u0131 zamanda bunu g\u00fcnl\u00fck hayat\u0131n\u0131zda nas\u0131l kullanabilece\u011finizi de g\u00f6steriyor. \u0130li\u015fkilerinizde, kariyerinizde ve ki\u015fisel geli\u015fiminizde astrolojinin nas\u0131l bir yol g\u00f6sterici olabilece\u011fini ke\u015ffedin. Y\u0131ld\u0131zlar\u0131n \u0131\u015f\u0131\u011f\u0131nda kendinizi ve \u00e7evrenizi daha iyi anlamak i\u00e7in bu b\u00fcy\u00fcl\u00fc yolculu\u011fa \u00e7\u0131k\u0131n. G\u00f6ky\u00fcz\u00fcn\u00fcn derinliklerinden gelen mesajlar\u0131 dinleyin ve hayat\u0131n\u0131za ba\u015far\u0131 kat\u0131n. Y\u0131ld\u0131zlar Hayat\u0131n\u0131z\u0131 Nas\u0131l De\u011fi\u015ftirir, kendi y\u0131ld\u0131z haritan\u0131z\u0131n rehberi olsun! <\/p>\n","protected":false},"excerpt":{"rendered":"<p>Astroloji, y\u00fczy\u0131llard\u0131r insanl\u0131\u011f\u0131n en derin s\u0131rlar\u0131n\u0131, arzular\u0131n\u0131 ve kaderini \u00e7\u00f6zmek i\u00e7in kullan\u0131lan b\u00fcy\u00fcl\u00fc bir aynad\u0131r. Y\u0131ld\u0131zlar Hayat\u0131n\u0131z\u0131 Nas\u0131l De\u011fi\u015ftirir\u2019le, bur\u00e7lar\u0131n b\u00fcy\u00fcleyici d\u00fcnyas\u0131na ad\u0131m atacak, y\u0131ld\u0131zlar\u0131n size<span class=\"excerpt-hellip\"> [\u2026]<\/span><\/p>\n","protected":false},"featured_media":0,"template":"","meta":{"_monsterinsights_skip_tracking":false,"_monsterinsights_sitenote_active":false,"_monsterinsights_sitenote_note":"","_monsterinsights_sitenote_category":0},"product_brand":[],"product_cat":[18082,15563],"product_tag":[],"class_list":{"0":"post-766033","1":"product","2":"type-product","3":"status-publish","5":"product_cat-astroloji-fal-ruya","6":"product_cat-hobi","7":"pa_cilt-ciltsiz","8":"pa_tur-kitap","9":"pa_yayinevi-inkilap-kitabevi","10":"pa_yazar-aygul-aydin","12":"first","13":"instock","14":"sale","15":"shipping-taxable","16":"purchasable","17":"product-type-simple"},"_links":{"self":[{"href":"https:\/\/roveyayinevi.com.tr\/index.php\/wp-json\/wp\/v2\/product\/766033","targetHints":{"allow":["GET"]}}],"collection":[{"href":"https:\/\/roveyayinevi.com.tr\/index.php\/wp-json\/wp\/v2\/product"}],"about":[{"href":"https:\/\/roveyayinevi.com.tr\/index.php\/wp-json\/wp\/v2\/types\/product"}],"wp:attachment":[{"href":"https:\/\/roveyayinevi.com.tr\/index.php\/wp-json\/wp\/v2\/media?parent=766033"}],"wp:term":[{"taxonomy":"product_brand","embeddable":true,"href":"https:\/\/roveyayinevi.com.tr\/index.php\/wp-json\/wp\/v2\/product_brand?post=766033"},{"taxonomy":"product_cat","embeddable":true,"href":"https:\/\/roveyayinevi.com.tr\/index.php\/wp-json\/wp\/v2\/product_cat?post=766033"},{"taxonomy":"product_tag","embeddable":true,"href":"https:\/\/roveyayinevi.com.tr\/index.php\/wp-json\/wp\/v2\/product_tag?post=766033"}],"curies":[{"name":"wp","href":"https:\/\/api.w.org\/{rel}","templated":true}]}}