{"id":766025,"date":"2025-08-28T11:59:44","date_gmt":"2025-08-28T08:59:44","guid":{"rendered":"https:\/\/roveyayinevi.com.tr\/index.php\/urun\/maskeli-dostlar\/"},"modified":"2026-01-30T04:01:48","modified_gmt":"2026-01-30T01:01:48","slug":"maskeli-dostlar","status":"publish","type":"product","link":"https:\/\/roveyayinevi.com.tr\/index.php\/urun\/maskeli-dostlar\/","title":{"rendered":"Maskeli Dostlar"},"content":{"rendered":"<p>Kapat\u0131p \u015fu telefonu, medyay\u0131, Bu ak\u015fam bir saat kitap okuyun. Ba\u015fka bir g\u00f6z ile g\u00f6r\u00fcn d\u00fcnyay\u0131, Her zaman, her f\u0131rsat kitap okuyun.   Zebur, Tevrat, \u0130ncil, Kur&#8217;an&#8217;d\u0131r Kitap, Alimlere ilham verendir kitap. Anlayana yolda\u015f, yarendir kitap, Ruha verir s\u0131hhat, kitap okuyun.   Bazen bir romand\u0131r, bazen \u015fiirdir, Bazen bir deredir, bazen nehirdir. \u0130lime bal, cehalete zehirdir. B\u00f6yledir kanaat, kitap okuyun.   T\u00fcm ilmi y\u00f6nlerden geli\u015fmek i\u00e7in, Adil, adaletli b\u00f6l\u00fc\u015fmek i\u00e7in. Emperyalizm ile yar\u0131\u015fmak i\u00e7in, Budur tek hakikat, kitap okuyun. Ke\u015ff eylemek i\u00e7in bin bir alemi, Fehm eylemek i\u00e7in f\u0131kh\u0131, Kelam\u0131. Terk eylemek i\u00e7in gam\u0131, elemi, Bulmak i\u00e7in hayat, kitap okuyun.   B\u00fct\u00fcn bilim yararlan\u0131r kitaptan, Film, diziler uyarlan\u0131r kitaptan. \u00d6l\u00e7\u00fc, tart\u0131 ayarlan\u0131r kitaptan, D\u00f6nd\u00fck\u00e7e k\u00e2inat, kitap okuyun.   Kap\u0131lma medyan\u0131n e\u011flencesine, Ba\u011f\u0131ml\u0131l\u0131k yapar derincesine. Kulak verin Kalender&#8217;in sesine, Al\u0131n bir nasihat, kitap okuyun.<\/p>\n","protected":false},"excerpt":{"rendered":"<p>Kapat\u0131p \u015fu telefonu, medyay\u0131, Bu ak\u015fam bir saat kitap okuyun. Ba\u015fka bir g\u00f6z ile g\u00f6r\u00fcn d\u00fcnyay\u0131, Her zaman, her f\u0131rsat kitap okuyun. Zebur, Tevrat, \u0130ncil, Kur&#8217;an&#8217;d\u0131r<span class=\"excerpt-hellip\"> [\u2026]<\/span><\/p>\n","protected":false},"featured_media":0,"template":"","meta":{"_monsterinsights_skip_tracking":false,"_monsterinsights_sitenote_active":false,"_monsterinsights_sitenote_note":"","_monsterinsights_sitenote_category":0},"product_brand":[],"product_cat":[12291,12509],"product_tag":[],"class_list":{"0":"post-766025","1":"product","2":"type-product","3":"status-publish","5":"product_cat-edebiyat","6":"product_cat-siir","7":"pa_cilt-ciltsiz","8":"pa_tur-kitap","9":"pa_yayinevi-vova-yayinlari","10":"pa_yazar-ozan-kalender-sezer","12":"first","13":"instock","14":"sale","15":"shipping-taxable","16":"purchasable","17":"product-type-simple"},"_links":{"self":[{"href":"https:\/\/roveyayinevi.com.tr\/index.php\/wp-json\/wp\/v2\/product\/766025","targetHints":{"allow":["GET"]}}],"collection":[{"href":"https:\/\/roveyayinevi.com.tr\/index.php\/wp-json\/wp\/v2\/product"}],"about":[{"href":"https:\/\/roveyayinevi.com.tr\/index.php\/wp-json\/wp\/v2\/types\/product"}],"wp:attachment":[{"href":"https:\/\/roveyayinevi.com.tr\/index.php\/wp-json\/wp\/v2\/media?parent=766025"}],"wp:term":[{"taxonomy":"product_brand","embeddable":true,"href":"https:\/\/roveyayinevi.com.tr\/index.php\/wp-json\/wp\/v2\/product_brand?post=766025"},{"taxonomy":"product_cat","embeddable":true,"href":"https:\/\/roveyayinevi.com.tr\/index.php\/wp-json\/wp\/v2\/product_cat?post=766025"},{"taxonomy":"product_tag","embeddable":true,"href":"https:\/\/roveyayinevi.com.tr\/index.php\/wp-json\/wp\/v2\/product_tag?post=766025"}],"curies":[{"name":"wp","href":"https:\/\/api.w.org\/{rel}","templated":true}]}}