{"id":766020,"date":"2025-08-28T11:59:37","date_gmt":"2025-08-28T08:59:37","guid":{"rendered":"https:\/\/roveyayinevi.com.tr\/index.php\/urun\/kendi-hikayeni-yazmak-ister-misin\/"},"modified":"2026-04-15T03:31:42","modified_gmt":"2026-04-15T00:31:42","slug":"kendi-hikayeni-yazmak-ister-misin","status":"publish","type":"product","link":"https:\/\/roveyayinevi.com.tr\/index.php\/urun\/kendi-hikayeni-yazmak-ister-misin\/","title":{"rendered":"Kendi Hikayeni Yazmak \u0130ster misin?"},"content":{"rendered":"<p>\u00c7ocuklar\u0131n fikirleri muhte\u015fem! Her \u00e7ocuk kendi bak\u0131\u015f a\u00e7\u0131s\u0131na g\u00f6re kitaptaki bo\u015fluklar\u0131dolduracak ve \u00fczerinde ailece konu\u015fma f\u0131rsat\u0131 bulacaks\u0131n\u0131z. \u00c7ocuklar bu kitap arac\u0131l\u0131\u011f\u0131 ile kaybettikleri g\u00fc\u00e7leriniyeniden elde edip \u00f6zg\u00fcven kazanacaklar. Okurken e\u011flenmek garantilidir.\u263a Uzman Klinik Psikolog Selin Kalaba\u015f <\/p>\n","protected":false},"excerpt":{"rendered":"<p>\u00c7ocuklar\u0131n fikirleri muhte\u015fem! Her \u00e7ocuk kendi bak\u0131\u015f a\u00e7\u0131s\u0131na g\u00f6re kitaptaki bo\u015fluklar\u0131dolduracak ve \u00fczerinde ailece konu\u015fma f\u0131rsat\u0131 bulacaks\u0131n\u0131z. \u00c7ocuklar bu kitap arac\u0131l\u0131\u011f\u0131 ile kaybettikleri g\u00fc\u00e7leriniyeniden elde edip<span class=\"excerpt-hellip\"> [\u2026]<\/span><\/p>\n","protected":false},"featured_media":0,"template":"","meta":{"_monsterinsights_skip_tracking":false,"_monsterinsights_sitenote_active":false,"_monsterinsights_sitenote_note":"","_monsterinsights_sitenote_category":0},"product_brand":[],"product_cat":[12274,12518],"product_tag":[],"class_list":{"0":"post-766020","1":"product","2":"type-product","3":"status-publish","5":"product_cat-cocuk-ve-genclik-kitaplari","6":"product_cat-okul-oncesi-kitaplar","7":"pa_cilt-ciltsiz","8":"pa_tur-kitap","9":"pa_yayinevi-destek-yayinlari","10":"pa_yazar-selin-kalabas-robert-wegener","12":"first","13":"instock","14":"sale","15":"shipping-taxable","16":"purchasable","17":"product-type-simple"},"_links":{"self":[{"href":"https:\/\/roveyayinevi.com.tr\/index.php\/wp-json\/wp\/v2\/product\/766020","targetHints":{"allow":["GET"]}}],"collection":[{"href":"https:\/\/roveyayinevi.com.tr\/index.php\/wp-json\/wp\/v2\/product"}],"about":[{"href":"https:\/\/roveyayinevi.com.tr\/index.php\/wp-json\/wp\/v2\/types\/product"}],"wp:attachment":[{"href":"https:\/\/roveyayinevi.com.tr\/index.php\/wp-json\/wp\/v2\/media?parent=766020"}],"wp:term":[{"taxonomy":"product_brand","embeddable":true,"href":"https:\/\/roveyayinevi.com.tr\/index.php\/wp-json\/wp\/v2\/product_brand?post=766020"},{"taxonomy":"product_cat","embeddable":true,"href":"https:\/\/roveyayinevi.com.tr\/index.php\/wp-json\/wp\/v2\/product_cat?post=766020"},{"taxonomy":"product_tag","embeddable":true,"href":"https:\/\/roveyayinevi.com.tr\/index.php\/wp-json\/wp\/v2\/product_tag?post=766020"}],"curies":[{"name":"wp","href":"https:\/\/api.w.org\/{rel}","templated":true}]}}