{"id":766017,"date":"2025-08-28T11:59:32","date_gmt":"2025-08-28T08:59:32","guid":{"rendered":"https:\/\/roveyayinevi.com.tr\/index.php\/urun\/hayallere-ilk-adim-ataturkun-genclik-yillari\/"},"modified":"2026-04-15T03:31:41","modified_gmt":"2026-04-15T00:31:41","slug":"hayallere-ilk-adim-ataturkun-genclik-yillari","status":"publish","type":"product","link":"https:\/\/roveyayinevi.com.tr\/index.php\/urun\/hayallere-ilk-adim-ataturkun-genclik-yillari\/","title":{"rendered":"Hayallere \u0130lk Ad\u0131m &#8211; Atat\u00fcrk\u2019\u00fcn Gen\u00e7lik Y\u0131llar\u0131"},"content":{"rendered":"<p>Bu kitap, Mustafa Kemal&#8217;in az bilinen d\u00f6nemlerinden olan gen\u00e7li\u011fine \u0131\u015f\u0131k tutuyor. Yazar\u0131m\u0131z Hatice Top\u00e7u&#8217;nun titiz inceleme ve ara\u015ft\u0131rmalar\u0131 sonucunda elde etti\u011fi bilgilerle roman kurgusunda kaleme ald\u0131\u011f\u0131 Atat\u00fcrk\u2019\u00fcn Gen\u00e7lik Y\u0131llar\u0131- Hayallere \u0130lk Ad\u0131m\u2019da d\u00fcnyay\u0131 kendine hayran b\u0131rakan b\u00fcy\u00fck liderin Kemal ad\u0131n\u0131 al\u0131\u015f\u0131na, onu kahramanl\u0131\u011fa do\u011fru g\u00f6t\u00fcren yoldaki se\u00e7imlerine, okul hayat\u0131 ve arkada\u015fl\u0131k tercihlerine tan\u0131kl\u0131k ediyoruz. Onu daha iyi tan\u0131mak i\u00e7in&#8230; <\/p>\n","protected":false},"excerpt":{"rendered":"<p>Bu kitap, Mustafa Kemal&#8217;in az bilinen d\u00f6nemlerinden olan gen\u00e7li\u011fine \u0131\u015f\u0131k tutuyor. Yazar\u0131m\u0131z Hatice Top\u00e7u&#8217;nun titiz inceleme ve ara\u015ft\u0131rmalar\u0131 sonucunda elde etti\u011fi bilgilerle roman kurgusunda kaleme ald\u0131\u011f\u0131<span class=\"excerpt-hellip\"> [\u2026]<\/span><\/p>\n","protected":false},"featured_media":0,"template":"","meta":{"_monsterinsights_skip_tracking":false,"_monsterinsights_sitenote_active":false,"_monsterinsights_sitenote_note":"","_monsterinsights_sitenote_category":0},"product_brand":[],"product_cat":[12274,15842],"product_tag":[],"class_list":{"0":"post-766017","1":"product","2":"type-product","3":"status-publish","5":"product_cat-cocuk-ve-genclik-kitaplari","6":"product_cat-egitici-kitaplar","7":"pa_cilt-ciltsiz","8":"pa_tur-kitap","9":"pa_yayinevi-angora-kitaplari","10":"pa_yazar-hatice-topcu","12":"first","13":"instock","14":"sale","15":"shipping-taxable","16":"purchasable","17":"product-type-simple"},"_links":{"self":[{"href":"https:\/\/roveyayinevi.com.tr\/index.php\/wp-json\/wp\/v2\/product\/766017","targetHints":{"allow":["GET"]}}],"collection":[{"href":"https:\/\/roveyayinevi.com.tr\/index.php\/wp-json\/wp\/v2\/product"}],"about":[{"href":"https:\/\/roveyayinevi.com.tr\/index.php\/wp-json\/wp\/v2\/types\/product"}],"wp:attachment":[{"href":"https:\/\/roveyayinevi.com.tr\/index.php\/wp-json\/wp\/v2\/media?parent=766017"}],"wp:term":[{"taxonomy":"product_brand","embeddable":true,"href":"https:\/\/roveyayinevi.com.tr\/index.php\/wp-json\/wp\/v2\/product_brand?post=766017"},{"taxonomy":"product_cat","embeddable":true,"href":"https:\/\/roveyayinevi.com.tr\/index.php\/wp-json\/wp\/v2\/product_cat?post=766017"},{"taxonomy":"product_tag","embeddable":true,"href":"https:\/\/roveyayinevi.com.tr\/index.php\/wp-json\/wp\/v2\/product_tag?post=766017"}],"curies":[{"name":"wp","href":"https:\/\/api.w.org\/{rel}","templated":true}]}}

Hayallere İlk Adım &#8211; Atatürk’ün Gençlik Yılları

<p>Bu kitap, Mustafa Kemal&#8217;in az bilinen dönemlerinden olan gençliğine ışık tutuyor. Yazarımız Hatice Topçu&#8217;nun titiz inceleme ve araştırmaları sonucunda elde ettiği bilgilerle roman kurgusunda kaleme aldığı Atatürk’ün Gençlik Yılları- Hayallere İlk Adım’da dünyayı kendine hayran bırakan büyük liderin Kemal adını alışına, onu kahramanlığa doğru götüren yoldaki seçimlerine, okul hayatı ve arkadaşlık tercihlerine tanıklık ediyoruz. Onu daha iyi tanımak için&#8230; </p>

<p>Bu kitap, Mustafa Kemal&#8217;in az bilinen dönemlerinden olan gençliğine ışık tutuyor. Yazarımız Hatice Topçu&#8217;nun titiz inceleme ve araştırmaları sonucunda elde ettiği bilgilerle roman kurgusunda kaleme aldığı<span class="excerpt-hellip"> […]</span></p>
