{"id":766013,"date":"2025-08-28T11:59:25","date_gmt":"2025-08-28T08:59:25","guid":{"rendered":"https:\/\/roveyayinevi.com.tr\/index.php\/urun\/kozmik-yanki\/"},"modified":"2026-04-12T03:23:07","modified_gmt":"2026-04-12T00:23:07","slug":"kozmik-yanki","status":"publish","type":"product","link":"https:\/\/roveyayinevi.com.tr\/index.php\/urun\/kozmik-yanki\/","title":{"rendered":"Kozmik Yank\u0131"},"content":{"rendered":"<p>H\u0130\u00c7B\u0130R \u015eEY G\u0130ZL\u0130 KALMAYACAKVE S\u0130ZLERDEN SAKLANAMAYACAK!\u201cHAK\u0130KAT\u201d S\u0130Z\u0130 \u00d6ZG\u00dcR KILACAK! Art\u0131k yeni kozmik perspektiflerin ve boyutsal yeni paradigmalar\u0131n i\u00e7inizdeki mutlak ger\u00e7eklik alan\u0131nda olu\u015fmas\u0131na izin vermenizin ve d\u00f6n\u00fc\u015f\u00fcm\u00fcn\u00fcz\u00fcn zaman\u0131 gelmi\u015f bulunmaktad\u0131r. Bu da, eski dogmalar\u0131n, eski fikirlerin ve realitelerin k\u00f6k\u00fcnden de\u011fi\u015fmesi gerekti\u011fi anlam\u0131na gelmektedir. Bu \u00e7ok \u00f6nemli boyutsal kozmik de\u011fi\u015fime kendini a\u00e7an, de\u011fi\u015fim ve d\u00f6n\u00fc\u015f\u00fcm\u00fcne izin verenlerin fiziksel, zihinsel, duygusal ve eterik bedenlerinin eski D\u00fcnya\u2019ya sizi ba\u011fl\u0131 tutan frekans ba\u011flar\u0131 ve kordonlar\u0131 kopmaya ba\u015flam\u0131\u015ft\u0131r. Bu anlamda, Bilgi\u2019yi idrak alan\u0131nda \u00f6z\u00fcmseyip, I\u015f\u0131k\u2019\u0131 absorbe edebilenler ve Alg\u0131\u2019s\u0131n\u0131 geni\u015fletip, \u015fimdiki ger\u00e7ekli\u011fi b\u00fct\u00fcn\u00fcyle de\u011fi\u015ftirmek isteyenler, bilin\u00e7leriyle bu yeni kozmik enerji ak\u0131\u015f\u0131na ve frekans\u0131na g\u00fc\u00e7l\u00fc bir bi\u00e7imde ba\u011flanmaya ba\u015fl\u0131yor. \u0130\u015fte bu ama\u00e7la, \u00e7ok \u00f6nemli derin bilgi ak\u0131\u015flar\u0131m\u0131z\u0131n kolektif genelindeki bilin\u00e7lere ula\u015fabilmesi a\u00e7\u0131s\u0131ndan \u201cHakikat Portal\u0131\u201d kitap serimizin ikinci kitab\u0131 Kozmik Yank\u0131\u2019y\u0131 bilincinize sunuyoruz. <\/p>\n","protected":false},"excerpt":{"rendered":"<p>H\u0130\u00c7B\u0130R \u015eEY G\u0130ZL\u0130 KALMAYACAKVE S\u0130ZLERDEN SAKLANAMAYACAK!\u201cHAK\u0130KAT\u201d S\u0130Z\u0130 \u00d6ZG\u00dcR KILACAK! Art\u0131k yeni kozmik perspektiflerin ve boyutsal yeni paradigmalar\u0131n i\u00e7inizdeki mutlak ger\u00e7eklik alan\u0131nda olu\u015fmas\u0131na izin vermenizin ve d\u00f6n\u00fc\u015f\u00fcm\u00fcn\u00fcz\u00fcn<span class=\"excerpt-hellip\"> [\u2026]<\/span><\/p>\n","protected":false},"featured_media":0,"template":"","meta":{"_monsterinsights_skip_tracking":false,"_monsterinsights_sitenote_active":false,"_monsterinsights_sitenote_note":"","_monsterinsights_sitenote_category":0},"product_brand":[],"product_cat":[12364,12376],"product_tag":[],"class_list":{"0":"post-766013","1":"product","2":"type-product","3":"status-publish","5":"product_cat-genel-konular","6":"product_cat-kisisel-gelisim","7":"pa_cilt-ciltsiz","8":"pa_tur-kitap","9":"pa_yayinevi-destek-yayinlari","10":"pa_yazar-haktan-akdogan","12":"first","13":"instock","14":"sale","15":"shipping-taxable","16":"purchasable","17":"product-type-simple"},"_links":{"self":[{"href":"https:\/\/roveyayinevi.com.tr\/index.php\/wp-json\/wp\/v2\/product\/766013","targetHints":{"allow":["GET"]}}],"collection":[{"href":"https:\/\/roveyayinevi.com.tr\/index.php\/wp-json\/wp\/v2\/product"}],"about":[{"href":"https:\/\/roveyayinevi.com.tr\/index.php\/wp-json\/wp\/v2\/types\/product"}],"wp:attachment":[{"href":"https:\/\/roveyayinevi.com.tr\/index.php\/wp-json\/wp\/v2\/media?parent=766013"}],"wp:term":[{"taxonomy":"product_brand","embeddable":true,"href":"https:\/\/roveyayinevi.com.tr\/index.php\/wp-json\/wp\/v2\/product_brand?post=766013"},{"taxonomy":"product_cat","embeddable":true,"href":"https:\/\/roveyayinevi.com.tr\/index.php\/wp-json\/wp\/v2\/product_cat?post=766013"},{"taxonomy":"product_tag","embeddable":true,"href":"https:\/\/roveyayinevi.com.tr\/index.php\/wp-json\/wp\/v2\/product_tag?post=766013"}],"curies":[{"name":"wp","href":"https:\/\/api.w.org\/{rel}","templated":true}]}}