{"id":765999,"date":"2025-08-28T11:58:59","date_gmt":"2025-08-28T08:58:59","guid":{"rendered":"https:\/\/roveyayinevi.com.tr\/index.php\/urun\/futbolda-sezon-oncesi-antrenmanlarin-onemi\/"},"modified":"2026-04-15T03:31:41","modified_gmt":"2026-04-15T00:31:41","slug":"futbolda-sezon-oncesi-antrenmanlarin-onemi","status":"publish","type":"product","link":"https:\/\/roveyayinevi.com.tr\/index.php\/urun\/futbolda-sezon-oncesi-antrenmanlarin-onemi\/","title":{"rendered":"Futbolda Sezon \u00d6ncesi Antrenmanlar\u0131n \u00d6nemi"},"content":{"rendered":"<p>\u0130\u00e7indekiler :         1. Giri\u015f: Futbolda Sezon \u00d6ncesi Haz\u0131rl\u0131\u011f\u0131n Rol\u00fc   2. Fiziksel Dayan\u0131kl\u0131l\u0131k ve Kondisyonun Geli\u015ftirilmesi   3. G\u00fc\u00e7 ve Kuvvet Antrenmanlar\u0131   4. S\u00fcrat, \u00c7eviklik ve Patlay\u0131c\u0131 Kuvvet \u00c7al\u0131\u015fmalar\u0131   5. Zihinsel Haz\u0131rl\u0131k: Motivasyon ve Odaklanma Stratejileri   6. Tak\u0131m Uyumu ve Taktik Antrenmanlar   7. Egzersiz Sonras\u0131 Beslenme ve Toparlanma   8. Sakatl\u0131k \u00d6nleme ve Rehabilitasyon Programlar\u0131   9. Gen\u00e7 Futbolcular \u0130\u00e7in Sezon \u00d6ncesi Antrenmanlar     10. Sonu\u00e7: Sezon \u00d6ncesi Antrenman\u0131n Uzun Vadeli Faydalar\u0131 <\/p>\n","protected":false},"excerpt":{"rendered":"<p>\u0130\u00e7indekiler : 1. Giri\u015f: Futbolda Sezon \u00d6ncesi Haz\u0131rl\u0131\u011f\u0131n Rol\u00fc 2. Fiziksel Dayan\u0131kl\u0131l\u0131k ve Kondisyonun Geli\u015ftirilmesi 3. G\u00fc\u00e7 ve Kuvvet Antrenmanlar\u0131 4. S\u00fcrat, \u00c7eviklik ve Patlay\u0131c\u0131 Kuvvet<span class=\"excerpt-hellip\"> [\u2026]<\/span><\/p>\n","protected":false},"featured_media":0,"template":"","meta":{"_monsterinsights_skip_tracking":false,"_monsterinsights_sitenote_active":false,"_monsterinsights_sitenote_note":"","_monsterinsights_sitenote_category":0},"product_brand":[],"product_cat":[15563,15564],"product_tag":[],"class_list":{"0":"post-765999","1":"product","2":"type-product","3":"status-publish","5":"product_cat-hobi","6":"product_cat-spor","7":"pa_cilt-ciltsiz","8":"pa_tur-kitap","9":"pa_yayinevi-gazi-kitabevi","10":"pa_yazar-recep-surhat-muniroglu","12":"first","13":"instock","14":"sale","15":"shipping-taxable","16":"purchasable","17":"product-type-simple"},"_links":{"self":[{"href":"https:\/\/roveyayinevi.com.tr\/index.php\/wp-json\/wp\/v2\/product\/765999","targetHints":{"allow":["GET"]}}],"collection":[{"href":"https:\/\/roveyayinevi.com.tr\/index.php\/wp-json\/wp\/v2\/product"}],"about":[{"href":"https:\/\/roveyayinevi.com.tr\/index.php\/wp-json\/wp\/v2\/types\/product"}],"wp:attachment":[{"href":"https:\/\/roveyayinevi.com.tr\/index.php\/wp-json\/wp\/v2\/media?parent=765999"}],"wp:term":[{"taxonomy":"product_brand","embeddable":true,"href":"https:\/\/roveyayinevi.com.tr\/index.php\/wp-json\/wp\/v2\/product_brand?post=765999"},{"taxonomy":"product_cat","embeddable":true,"href":"https:\/\/roveyayinevi.com.tr\/index.php\/wp-json\/wp\/v2\/product_cat?post=765999"},{"taxonomy":"product_tag","embeddable":true,"href":"https:\/\/roveyayinevi.com.tr\/index.php\/wp-json\/wp\/v2\/product_tag?post=765999"}],"curies":[{"name":"wp","href":"https:\/\/api.w.org\/{rel}","templated":true}]}}