{"id":765995,"date":"2025-08-28T11:58:54","date_gmt":"2025-08-28T08:58:54","guid":{"rendered":"https:\/\/roveyayinevi.com.tr\/index.php\/urun\/jack-ve-sihirli-fasulyeler\/"},"modified":"2026-04-15T03:31:41","modified_gmt":"2026-04-15T00:31:41","slug":"jack-ve-sihirli-fasulyeler","status":"publish","type":"product","link":"https:\/\/roveyayinevi.com.tr\/index.php\/urun\/jack-ve-sihirli-fasulyeler\/","title":{"rendered":"Jack ve  Sihirli Fasulyeler"},"content":{"rendered":"<p>Bir sabah Jack\u2019in penceresinin \u00f6n\u00fcnde sihirli bir a\u011fa\u00e7 belirir! G\u00f6ky\u00fcz\u00fcne kadar uzanan bu a\u011fac\u0131n sonunda acaba ne var? Jack\u2019i tahmin bile edemeyece\u011fin bir macera bekliyor. Hadi sen de ona e\u015flik et!  <\/p>\n","protected":false},"excerpt":{"rendered":"<p>Bir sabah Jack\u2019in penceresinin \u00f6n\u00fcnde sihirli bir a\u011fa\u00e7 belirir! G\u00f6ky\u00fcz\u00fcne kadar uzanan bu a\u011fac\u0131n sonunda acaba ne var? Jack\u2019i tahmin bile edemeyece\u011fin bir macera bekliyor. Hadi<span class=\"excerpt-hellip\"> [\u2026]<\/span><\/p>\n","protected":false},"featured_media":0,"template":"","meta":{"_monsterinsights_skip_tracking":false,"_monsterinsights_sitenote_active":false,"_monsterinsights_sitenote_note":"","_monsterinsights_sitenote_category":0},"product_brand":[],"product_cat":[12274,12518],"product_tag":[],"class_list":{"0":"post-765995","1":"product","2":"type-product","3":"status-publish","5":"product_cat-cocuk-ve-genclik-kitaplari","6":"product_cat-okul-oncesi-kitaplar","7":"pa_cilt-ciltsiz","8":"pa_tur-kitap","9":"pa_yayinevi-buyulu-fener-yayinlari","10":"pa_yazar-kolektif","12":"first","13":"instock","14":"sale","15":"shipping-taxable","16":"purchasable","17":"product-type-simple"},"_links":{"self":[{"href":"https:\/\/roveyayinevi.com.tr\/index.php\/wp-json\/wp\/v2\/product\/765995","targetHints":{"allow":["GET"]}}],"collection":[{"href":"https:\/\/roveyayinevi.com.tr\/index.php\/wp-json\/wp\/v2\/product"}],"about":[{"href":"https:\/\/roveyayinevi.com.tr\/index.php\/wp-json\/wp\/v2\/types\/product"}],"wp:attachment":[{"href":"https:\/\/roveyayinevi.com.tr\/index.php\/wp-json\/wp\/v2\/media?parent=765995"}],"wp:term":[{"taxonomy":"product_brand","embeddable":true,"href":"https:\/\/roveyayinevi.com.tr\/index.php\/wp-json\/wp\/v2\/product_brand?post=765995"},{"taxonomy":"product_cat","embeddable":true,"href":"https:\/\/roveyayinevi.com.tr\/index.php\/wp-json\/wp\/v2\/product_cat?post=765995"},{"taxonomy":"product_tag","embeddable":true,"href":"https:\/\/roveyayinevi.com.tr\/index.php\/wp-json\/wp\/v2\/product_tag?post=765995"}],"curies":[{"name":"wp","href":"https:\/\/api.w.org\/{rel}","templated":true}]}}