{"id":765983,"date":"2025-08-28T11:58:28","date_gmt":"2025-08-28T08:58:28","guid":{"rendered":"https:\/\/roveyayinevi.com.tr\/index.php\/urun\/caliskan-ayi-hayvanat-bahcesinde-ciltli\/"},"modified":"2026-04-15T03:31:41","modified_gmt":"2026-04-15T00:31:41","slug":"caliskan-ayi-hayvanat-bahcesinde-ciltli","status":"publish","type":"product","link":"https:\/\/roveyayinevi.com.tr\/index.php\/urun\/caliskan-ayi-hayvanat-bahcesinde-ciltli\/","title":{"rendered":"\u00c7al\u0131\u015fkan Ay\u0131 &#8211; Hayvanat Bah\u00e7esinde (Ciltli)"},"content":{"rendered":"<p>Hayvansever \u00e7ocuklar bu kitaba bay\u0131lacak!   \u00c7al\u0131\u015fkan Ay\u0131 bug\u00fcn hayvanat bah\u00e7esinde \u00e7al\u0131\u015f\u0131yor! Birbirinden farkl\u0131 hayvanlarla ilgilenmesine yard\u0131m edebilir misin?   Hayvanlar \u00e2lemini ke\u015ffetmeye var m\u0131s\u0131n? <\/p>\n","protected":false},"excerpt":{"rendered":"<p>Hayvansever \u00e7ocuklar bu kitaba bay\u0131lacak! \u00c7al\u0131\u015fkan Ay\u0131 bug\u00fcn hayvanat bah\u00e7esinde \u00e7al\u0131\u015f\u0131yor! Birbirinden farkl\u0131 hayvanlarla ilgilenmesine yard\u0131m edebilir misin? Hayvanlar \u00e2lemini ke\u015ffetmeye var m\u0131s\u0131n?<\/p>\n","protected":false},"featured_media":0,"template":"","meta":{"_monsterinsights_skip_tracking":false,"_monsterinsights_sitenote_active":false,"_monsterinsights_sitenote_note":"","_monsterinsights_sitenote_category":0},"product_brand":[],"product_cat":[12274,12518],"product_tag":[],"class_list":{"0":"post-765983","1":"product","2":"type-product","3":"status-publish","5":"product_cat-cocuk-ve-genclik-kitaplari","6":"product_cat-okul-oncesi-kitaplar","7":"pa_cilt-ciltsiz","8":"pa_tur-kitap","9":"pa_yayinevi-buyulu-fener-yayinlari","10":"pa_yazar-benji-davies","12":"first","13":"instock","14":"sale","15":"shipping-taxable","16":"purchasable","17":"product-type-simple"},"_links":{"self":[{"href":"https:\/\/roveyayinevi.com.tr\/index.php\/wp-json\/wp\/v2\/product\/765983","targetHints":{"allow":["GET"]}}],"collection":[{"href":"https:\/\/roveyayinevi.com.tr\/index.php\/wp-json\/wp\/v2\/product"}],"about":[{"href":"https:\/\/roveyayinevi.com.tr\/index.php\/wp-json\/wp\/v2\/types\/product"}],"wp:attachment":[{"href":"https:\/\/roveyayinevi.com.tr\/index.php\/wp-json\/wp\/v2\/media?parent=765983"}],"wp:term":[{"taxonomy":"product_brand","embeddable":true,"href":"https:\/\/roveyayinevi.com.tr\/index.php\/wp-json\/wp\/v2\/product_brand?post=765983"},{"taxonomy":"product_cat","embeddable":true,"href":"https:\/\/roveyayinevi.com.tr\/index.php\/wp-json\/wp\/v2\/product_cat?post=765983"},{"taxonomy":"product_tag","embeddable":true,"href":"https:\/\/roveyayinevi.com.tr\/index.php\/wp-json\/wp\/v2\/product_tag?post=765983"}],"curies":[{"name":"wp","href":"https:\/\/api.w.org\/{rel}","templated":true}]}}