{"id":765977,"date":"2025-08-28T11:58:17","date_gmt":"2025-08-28T08:58:17","guid":{"rendered":"https:\/\/roveyayinevi.com.tr\/index.php\/urun\/galileo-plajda\/"},"modified":"2026-04-15T03:31:40","modified_gmt":"2026-04-15T00:31:40","slug":"galileo-plajda","status":"publish","type":"product","link":"https:\/\/roveyayinevi.com.tr\/index.php\/urun\/galileo-plajda\/","title":{"rendered":"Galileo Plajda"},"content":{"rendered":"<p>Bir g\u00fcn, \u00fczerinde hayat olan ba\u015fka bir d\u00fcnya ke\u015ffedecek miyiz? Evrenimiz biricik mi? Koltu\u011funuza rahat\u00e7a kurulun ve Arnaud Cassan\u2019\u0131n sizi Evrenimiz ve onun k\u00e2\u015fifleriyle tan\u0131\u015faca\u011f\u0131n\u0131z bir yolculu\u011fa \u00e7\u0131karmas\u0131na haz\u0131rlan\u0131n. Galileo, gezegenleri incelemek i\u00e7in teleskobunu g\u00f6ky\u00fcz\u00fcne y\u00f6nelten ilk ki\u015fidir; o zamana dek gezegenlerin hareket etmedi\u011fine inan\u0131l\u0131yordu. Galileo\u2019nun cesur giri\u015fiminden 500 y\u0131l sonras\u0131na, Samanyolu\u2019nun merkezinde sakl\u0131 kara delikten \u00f6tegezegenlerin ke\u015ffine kadar uzanarak bu kitap, Evrenimizin canl\u0131 bir portresini \u00e7iziyor, bunda eme\u011fi ge\u00e7enleri tan\u0131t\u0131yor. Dikkatli olun; koltu\u011funuzdan kalkt\u0131\u011f\u0131n\u0131zda g\u00f6ky\u00fcz\u00fcne bir daha ayn\u0131 g\u00f6zle bakamayacaks\u0131n\u0131z\u2026   \u201cBizi \u00e7evreleyen \u015feyi anlamak istiyoruz ve soruyoruz: Evren\u2019in \u00f6z\u00fc nedir?\u201d \u2013Stephen Hawking, Zaman\u0131n K\u0131sa Tarihi   \u201c\u015eehir ve g\u00f6ky\u00fcz\u00fc asla ayn\u0131 kalmaz.\u201d \u2013Italo Calvino, G\u00f6r\u00fcnmez Kentler   \u201cGALILEI: Kazand\u0131! Ak\u0131l kazand\u0131, ben de\u011fil!\u201d \u2013Bertolt Brecht, Galilei\u2019nin Ya\u015fam\u0131 <\/p>\n","protected":false},"excerpt":{"rendered":"<p>Bir g\u00fcn, \u00fczerinde hayat olan ba\u015fka bir d\u00fcnya ke\u015ffedecek miyiz? Evrenimiz biricik mi? Koltu\u011funuza rahat\u00e7a kurulun ve Arnaud Cassan\u2019\u0131n sizi Evrenimiz ve onun k\u00e2\u015fifleriyle tan\u0131\u015faca\u011f\u0131n\u0131z bir<span class=\"excerpt-hellip\"> [\u2026]<\/span><\/p>\n","protected":false},"featured_media":0,"template":"","meta":{"_monsterinsights_skip_tracking":false,"_monsterinsights_sitenote_active":false,"_monsterinsights_sitenote_note":"","_monsterinsights_sitenote_category":0},"product_brand":[],"product_cat":[13005,13006],"product_tag":[],"class_list":{"0":"post-765977","1":"product","2":"type-product","3":"status-publish","5":"product_cat-bilim-muhendislik","6":"product_cat-populer-bilim","7":"pa_cilt-ciltsiz","8":"pa_tur-kitap","9":"pa_yayinevi-alfa-yayinlari","10":"pa_yazar-arnaud-cassan","12":"first","13":"instock","14":"sale","15":"shipping-taxable","16":"purchasable","17":"product-type-simple"},"_links":{"self":[{"href":"https:\/\/roveyayinevi.com.tr\/index.php\/wp-json\/wp\/v2\/product\/765977","targetHints":{"allow":["GET"]}}],"collection":[{"href":"https:\/\/roveyayinevi.com.tr\/index.php\/wp-json\/wp\/v2\/product"}],"about":[{"href":"https:\/\/roveyayinevi.com.tr\/index.php\/wp-json\/wp\/v2\/types\/product"}],"wp:attachment":[{"href":"https:\/\/roveyayinevi.com.tr\/index.php\/wp-json\/wp\/v2\/media?parent=765977"}],"wp:term":[{"taxonomy":"product_brand","embeddable":true,"href":"https:\/\/roveyayinevi.com.tr\/index.php\/wp-json\/wp\/v2\/product_brand?post=765977"},{"taxonomy":"product_cat","embeddable":true,"href":"https:\/\/roveyayinevi.com.tr\/index.php\/wp-json\/wp\/v2\/product_cat?post=765977"},{"taxonomy":"product_tag","embeddable":true,"href":"https:\/\/roveyayinevi.com.tr\/index.php\/wp-json\/wp\/v2\/product_tag?post=765977"}],"curies":[{"name":"wp","href":"https:\/\/api.w.org\/{rel}","templated":true}]}}