{"id":765972,"date":"2025-08-28T11:58:08","date_gmt":"2025-08-28T08:58:08","guid":{"rendered":"https:\/\/roveyayinevi.com.tr\/index.php\/urun\/gazetecilik-calismalarinda-kuramsal-yaklasimlar\/"},"modified":"2026-04-15T03:31:40","modified_gmt":"2026-04-15T00:31:40","slug":"gazetecilik-calismalarinda-kuramsal-yaklasimlar","status":"publish","type":"product","link":"https:\/\/roveyayinevi.com.tr\/index.php\/urun\/gazetecilik-calismalarinda-kuramsal-yaklasimlar\/","title":{"rendered":"Gazetecilik \u00c7al\u0131\u015fmalar\u0131nda Kuramsal Yakla\u015f\u0131mlar"},"content":{"rendered":"<p>Gazetecilik \u00c7al\u0131\u015fmalar\u0131nda Kuramsal Yakla\u015f\u0131mlar: Gazetecilik \u00c7al\u0131\u015fmalar\u0131na Y\u00f6n Veren Egemen Disiplinler adl\u0131 bu kitap, gazetecilik alan\u0131ndaki kuramsal tart\u0131\u015fmalar\u0131 ve disiplinleraras\u0131 yakla\u015f\u0131mlar\u0131 bir araya getiriyor ve gazetecili\u011fin hem kuramsal hem de pratik boyutlar\u0131na \u0131\u015f\u0131k tutarak akademik d\u00fcnyada bir bo\u015flu\u011fu doldurmay\u0131 hedefiyor. Prof. Dr. A. Fulya \u015een, gazetecilik \u00e7al\u0131\u015fmalar\u0131n\u0131n temel kuramsal yakla\u015f\u0131mlar\u0131n\u0131 s\u0131n\u0131fand\u0131r\u0131rken, demokrasinin en \u00f6nemli ayg\u0131tlar\u0131ndan biri olan gazetecili\u011fin toplumsal, siyasal, ekonomik ve k\u00fclt\u00fcrel a\u00e7\u0131lardan oynad\u0131\u011f\u0131 kritik rol\u00fc ve dijitalle\u015fen d\u00fcnya ile birlikte gazetecilik pratiklerinde meydana gelen de\u011fi\u015fimleri irdeliyor.Gazetecili\u011fin siyaset, ekonomi, sosyoloji, hukuk ve teknoloji gibi farkl\u0131 disiplinlerle nas\u0131l etkile\u015fim i\u00e7inde oldu\u011funu, medyan\u0131n demokrasiye katk\u0131lar\u0131n\u0131 ve kamusal alandaki rol\u00fcn\u00fc, ayn\u0131 zamanda dijital medya \u00e7a\u011f\u0131nda yapay zekan\u0131n gazetecilik pratiklerine etkisini ve alternatif gazetecilik yakla\u015f\u0131mlar\u0131n\u0131 inceleyen bu eser, gazetecilik e\u011fitimi g\u00f6ren \u00f6\u011frenciler, akademisyenler ve medya profesyonelleri i\u00e7in bir ba\u015fvuru kayna\u011f\u0131 olma \u00f6zelli\u011fi ta\u015f\u0131yor.Kitap, gazetecili\u011fin g\u00fcncel meseleleri ve gelece\u011fin gazetecilik pratikleri \u00fczerine d\u00fc\u015f\u00fcnmeye davet ediyor ve gazetecilik \u00e7al\u0131\u015fmalar\u0131 alan\u0131na farkl\u0131 perspektiferden bakmay\u0131 ama\u00e7l\u0131yor.<\/p>\n","protected":false},"excerpt":{"rendered":"<p>Gazetecilik \u00c7al\u0131\u015fmalar\u0131nda Kuramsal Yakla\u015f\u0131mlar: Gazetecilik \u00c7al\u0131\u015fmalar\u0131na Y\u00f6n Veren Egemen Disiplinler adl\u0131 bu kitap, gazetecilik alan\u0131ndaki kuramsal tart\u0131\u015fmalar\u0131 ve disiplinleraras\u0131 yakla\u015f\u0131mlar\u0131 bir araya getiriyor ve gazetecili\u011fin hem<span class=\"excerpt-hellip\"> [\u2026]<\/span><\/p>\n","protected":false},"featured_media":0,"template":"","meta":{"_monsterinsights_skip_tracking":false,"_monsterinsights_sitenote_active":false,"_monsterinsights_sitenote_note":"","_monsterinsights_sitenote_category":0},"product_brand":[],"product_cat":[15983,13488],"product_tag":[],"class_list":{"0":"post-765972","1":"product","2":"type-product","3":"status-publish","5":"product_cat-iletisim-ve-medya","6":"product_cat-toplum-ve-insan","7":"pa_cilt-ciltsiz","8":"pa_tur-kitap","9":"pa_yayinevi-kilit-yayinevi","10":"pa_yazar-a-fulya-sen","12":"first","13":"instock","14":"sale","15":"shipping-taxable","16":"purchasable","17":"product-type-simple"},"_links":{"self":[{"href":"https:\/\/roveyayinevi.com.tr\/index.php\/wp-json\/wp\/v2\/product\/765972","targetHints":{"allow":["GET"]}}],"collection":[{"href":"https:\/\/roveyayinevi.com.tr\/index.php\/wp-json\/wp\/v2\/product"}],"about":[{"href":"https:\/\/roveyayinevi.com.tr\/index.php\/wp-json\/wp\/v2\/types\/product"}],"wp:attachment":[{"href":"https:\/\/roveyayinevi.com.tr\/index.php\/wp-json\/wp\/v2\/media?parent=765972"}],"wp:term":[{"taxonomy":"product_brand","embeddable":true,"href":"https:\/\/roveyayinevi.com.tr\/index.php\/wp-json\/wp\/v2\/product_brand?post=765972"},{"taxonomy":"product_cat","embeddable":true,"href":"https:\/\/roveyayinevi.com.tr\/index.php\/wp-json\/wp\/v2\/product_cat?post=765972"},{"taxonomy":"product_tag","embeddable":true,"href":"https:\/\/roveyayinevi.com.tr\/index.php\/wp-json\/wp\/v2\/product_tag?post=765972"}],"curies":[{"name":"wp","href":"https:\/\/api.w.org\/{rel}","templated":true}]}}