{"id":765970,"date":"2025-08-28T11:58:05","date_gmt":"2025-08-28T08:58:05","guid":{"rendered":"https:\/\/roveyayinevi.com.tr\/index.php\/urun\/ikinci-vatan-2\/"},"modified":"2026-04-15T03:31:40","modified_gmt":"2026-04-15T00:31:40","slug":"ikinci-vatan-2","status":"publish","type":"product","link":"https:\/\/roveyayinevi.com.tr\/index.php\/urun\/ikinci-vatan-2\/","title":{"rendered":"\u0130kinci Vatan"},"content":{"rendered":"<p>K\u0130TAP HAKKINDA ELE\u015eT\u0130R\u0130 VE YORUMLAR Muazzez \u0130lmiye \u00c7\u0131\u011f (\u00dcnl\u00fc S\u00fcmerolog):\u201d\u00c7ok ulvi bir g\u00f6revi yerine getiren Esen\u2019in eseri, Cumhuriyet\u2019e, onun kurucusu B\u00fcy\u00fck Atat\u00fcrk\u2019e ve di\u011fer kuruculara borcu olan her yurtta\u015f\u0131m\u0131z\u0131n okumas\u0131n\u0131 g\u00f6n\u00fcl rahatl\u0131\u011f\u0131yla tavsiye edece\u011fim bir eser.\u201d Can K\u0131ra\u00e7(Ko\u00e7 Holding Eski CEO\u2019su):\u201dCumhuriyetimizin 100. y\u0131l\u0131n\u0131 ta\u00e7land\u0131ran bir eser. Ne mutlu size, ne mutlu bize.\u201d Dr. Ali Tigrel (DPT Eski M\u00fcste\u015far\u0131): \u201cTam bir ba\u015fvuru kayna\u011f\u0131 ve ar\u015fivlik eser. Elimden b\u0131rakam\u0131yorum.\u201d \u0130sak Haleva (T\u00fcrkiye Hahamba\u015f\u0131): \u201c\u015eimdiye kadar (bu konuda) okudu\u011fum kitaplar\u0131n en derli toplusu ve en kapsaml\u0131 olan\u0131.\u201d <\/p>\n","protected":false},"excerpt":{"rendered":"<p>K\u0130TAP HAKKINDA ELE\u015eT\u0130R\u0130 VE YORUMLAR Muazzez \u0130lmiye \u00c7\u0131\u011f (\u00dcnl\u00fc S\u00fcmerolog):\u201d\u00c7ok ulvi bir g\u00f6revi yerine getiren Esen\u2019in eseri, Cumhuriyet\u2019e, onun kurucusu B\u00fcy\u00fck Atat\u00fcrk\u2019e ve di\u011fer kuruculara borcu<span class=\"excerpt-hellip\"> [\u2026]<\/span><\/p>\n","protected":false},"featured_media":0,"template":"","meta":{"_monsterinsights_skip_tracking":false,"_monsterinsights_sitenote_active":false,"_monsterinsights_sitenote_note":"","_monsterinsights_sitenote_category":0},"product_brand":[],"product_cat":[12370,12304],"product_tag":[],"class_list":{"0":"post-765970","1":"product","2":"type-product","3":"status-publish","5":"product_cat-arastirma-inceleme","6":"product_cat-tarih","7":"pa_cilt-ciltsiz","8":"pa_tur-kitap","9":"pa_yayinevi-cumhuriyet-kitaplari","10":"pa_yazar-rifat-esen","12":"first","13":"instock","14":"sale","15":"shipping-taxable","16":"purchasable","17":"product-type-simple"},"_links":{"self":[{"href":"https:\/\/roveyayinevi.com.tr\/index.php\/wp-json\/wp\/v2\/product\/765970","targetHints":{"allow":["GET"]}}],"collection":[{"href":"https:\/\/roveyayinevi.com.tr\/index.php\/wp-json\/wp\/v2\/product"}],"about":[{"href":"https:\/\/roveyayinevi.com.tr\/index.php\/wp-json\/wp\/v2\/types\/product"}],"wp:attachment":[{"href":"https:\/\/roveyayinevi.com.tr\/index.php\/wp-json\/wp\/v2\/media?parent=765970"}],"wp:term":[{"taxonomy":"product_brand","embeddable":true,"href":"https:\/\/roveyayinevi.com.tr\/index.php\/wp-json\/wp\/v2\/product_brand?post=765970"},{"taxonomy":"product_cat","embeddable":true,"href":"https:\/\/roveyayinevi.com.tr\/index.php\/wp-json\/wp\/v2\/product_cat?post=765970"},{"taxonomy":"product_tag","embeddable":true,"href":"https:\/\/roveyayinevi.com.tr\/index.php\/wp-json\/wp\/v2\/product_tag?post=765970"}],"curies":[{"name":"wp","href":"https:\/\/api.w.org\/{rel}","templated":true}]}}