{"id":765961,"date":"2025-08-28T11:57:48","date_gmt":"2025-08-28T08:57:48","guid":{"rendered":"https:\/\/roveyayinevi.com.tr\/index.php\/urun\/allah-iman-ve-ilim\/"},"modified":"2026-04-15T03:31:40","modified_gmt":"2026-04-15T00:31:40","slug":"allah-iman-ve-ilim","status":"publish","type":"product","link":"https:\/\/roveyayinevi.com.tr\/index.php\/urun\/allah-iman-ve-ilim\/","title":{"rendered":"Allah \u0130man ve \u0130lim"},"content":{"rendered":"<p>\u0130hlas suresinde Cenab-\u0131 Hak, kendisini \u015f\u00f6yle tan\u0131t\u0131yor: \u201cAllah birdir. Hi\u00e7bir \u015feye muhta\u00e7 de\u011fildir, her \u015fey O\u2019na muhta\u00e7t\u0131r. O do\u011furmam\u0131\u015f ve do\u011furulmam\u0131\u015ft\u0131r.\u201d \u00dcbey b. K\u00e2\u2019b (r. a. ) naklediyor: M\u00fc\u015frikler Peygamber\u2019e, \u201cY\u00e2 Muhammed! Rabb\u2019ini bize tan\u0131t.\u201d Dediler. Bunun \u00fczerine Allah Teb\u00e2reke ve Te\u00e2l\u00e2 \u0130hl\u00e2s s\u00fbresini indirdi: \u201cDe ki, O Allah tektir, Allah Samed\u2019dir. (O hi\u00e7bir \u015feye muhta\u00e7 de\u011fildir ama b\u00fct\u00fcn varl\u0131klar O\u2019na muhta\u00e7t\u0131r. ) O, do\u011furmam\u0131\u015f ve do\u011fmam\u0131\u015ft\u0131r. Hi\u00e7bir \u015fey O\u2019na denk de\u011fildir.\u201d (\u0130bn Hanbel, V, 133) Allah bize bildirdi\u011fi verdi\u011fi ilim kadar\u0131yla Allah\u2019\u0131 tan\u0131r\u0131z ve biliriz. Hayatta her \u015fey onun eseridir Bizim bilmedi\u011fimiz b\u00fct\u00fcn canl\u0131lar, cans\u0131z varl\u0131klar alemler, boyutlar hepsi onun yaratmas\u0131 sonsuz kudret sahibi, ilim sahibi Rahman ve rahim olan Allah\u2019\u0131nd\u0131r. Ol demesi, dilemesiyle olan \u015feylerdir. Allah\u2019\u0131n s\u0131fatlar\u0131ndan olan ilim her \u015feyi sonsuz ilmiyle yaratmas\u0131d\u0131r. <\/p>\n","protected":false},"excerpt":{"rendered":"<p>\u0130hlas suresinde Cenab-\u0131 Hak, kendisini \u015f\u00f6yle tan\u0131t\u0131yor: \u201cAllah birdir. Hi\u00e7bir \u015feye muhta\u00e7 de\u011fildir, her \u015fey O\u2019na muhta\u00e7t\u0131r. O do\u011furmam\u0131\u015f ve do\u011furulmam\u0131\u015ft\u0131r.\u201d \u00dcbey b. K\u00e2\u2019b (r. a.<span class=\"excerpt-hellip\"> [\u2026]<\/span><\/p>\n","protected":false},"featured_media":0,"template":"","meta":{"_monsterinsights_skip_tracking":false,"_monsterinsights_sitenote_active":false,"_monsterinsights_sitenote_note":"","_monsterinsights_sitenote_category":0},"product_brand":[],"product_cat":[12718,12719],"product_tag":[],"class_list":{"0":"post-765961","1":"product","2":"type-product","3":"status-publish","5":"product_cat-din","6":"product_cat-islam","7":"pa_cilt-ciltsiz","8":"pa_tur-kitap","9":"pa_yayinevi-zet-yayinlari","10":"pa_yazar-emrah-ustahuseyin","12":"first","13":"instock","14":"sale","15":"shipping-taxable","16":"purchasable","17":"product-type-simple"},"_links":{"self":[{"href":"https:\/\/roveyayinevi.com.tr\/index.php\/wp-json\/wp\/v2\/product\/765961","targetHints":{"allow":["GET"]}}],"collection":[{"href":"https:\/\/roveyayinevi.com.tr\/index.php\/wp-json\/wp\/v2\/product"}],"about":[{"href":"https:\/\/roveyayinevi.com.tr\/index.php\/wp-json\/wp\/v2\/types\/product"}],"wp:attachment":[{"href":"https:\/\/roveyayinevi.com.tr\/index.php\/wp-json\/wp\/v2\/media?parent=765961"}],"wp:term":[{"taxonomy":"product_brand","embeddable":true,"href":"https:\/\/roveyayinevi.com.tr\/index.php\/wp-json\/wp\/v2\/product_brand?post=765961"},{"taxonomy":"product_cat","embeddable":true,"href":"https:\/\/roveyayinevi.com.tr\/index.php\/wp-json\/wp\/v2\/product_cat?post=765961"},{"taxonomy":"product_tag","embeddable":true,"href":"https:\/\/roveyayinevi.com.tr\/index.php\/wp-json\/wp\/v2\/product_tag?post=765961"}],"curies":[{"name":"wp","href":"https:\/\/api.w.org\/{rel}","templated":true}]}}