{"id":765958,"date":"2025-08-28T11:57:43","date_gmt":"2025-08-28T08:57:43","guid":{"rendered":"https:\/\/roveyayinevi.com.tr\/index.php\/urun\/gumus-yurek-2-bilinmeyen-lanetin-kederi-ciltli\/"},"modified":"2026-04-15T03:31:40","modified_gmt":"2026-04-15T00:31:40","slug":"gumus-yurek-2-bilinmeyen-lanetin-kederi-ciltli","status":"publish","type":"product","link":"https:\/\/roveyayinevi.com.tr\/index.php\/urun\/gumus-yurek-2-bilinmeyen-lanetin-kederi-ciltli\/","title":{"rendered":"G\u00fcm\u00fc\u015f Y\u00fcrek  2: Bilinmeyen Lanetin Kederi (Ciltli)"},"content":{"rendered":"<p>\u201cSeni g\u00f6rmeden \u00f6lmeyece\u011fim, demek istiyorum ama seni g\u00f6rmek i\u00e7in \u00f6nce \u00f6lmem gerekecek belki.\u201dEira Morwen, \u00f6l\u00fcm\u00fcn bile verdi\u011fi s\u00f6zlerin \u00f6n\u00fcne ge\u00e7emeyece\u011fini bildi\u011finden bir yolculu\u011fa daha \u00e7\u0131kmas\u0131 gerekti\u011finin fark\u0131ndayd\u0131. Uzun \u00e7amlardan g\u00f6\u011fe y\u00fckselen sivri kulelere ve karanl\u0131k sular\u0131n \u00f6tesindeki hain topraklara uzanan bu tehlikeli yolculukta, f\u0131s\u0131ldayan r\u00fczg\u00e2rlar ona kadim s\u0131rlar anlatacak, ad\u0131mlar\u0131n\u0131 izleyen g\u00f6lgeler ise kaderinin pe\u015fine d\u00fc\u015fecekti. Ne bir harita ne de y\u0131ld\u0131zlar ona yol g\u00f6sterecek ve Eira bir kez daha her \u015feyin sonunda d\u00f6n\u00fc\u015fece\u011fi ki\u015fiyi tahmin edemeden yolun onlardan yana olmas\u0131n\u0131 dileyecekti.\u201cYine de yalvar\u0131r\u0131m\u2026 Seni buldu\u011fumda beni tan\u0131. Kulaklar\u0131m farkl\u0131 olsa da ellerim kirlenmi\u015f, g\u00fcm\u00fc\u015f y\u00fcre\u011fim kararm\u0131\u015f olsa da tan\u0131 beni. Dolunaya benzeyen g\u00f6zlerimi senin \u00fcst\u00fcndeki duru\u015flar\u0131ndan tan\u0131.\u201d <\/p>\n","protected":false},"excerpt":{"rendered":"<p>\u201cSeni g\u00f6rmeden \u00f6lmeyece\u011fim, demek istiyorum ama seni g\u00f6rmek i\u00e7in \u00f6nce \u00f6lmem gerekecek belki.\u201dEira Morwen, \u00f6l\u00fcm\u00fcn bile verdi\u011fi s\u00f6zlerin \u00f6n\u00fcne ge\u00e7emeyece\u011fini bildi\u011finden bir yolculu\u011fa daha \u00e7\u0131kmas\u0131 gerekti\u011finin<span class=\"excerpt-hellip\"> [\u2026]<\/span><\/p>\n","protected":false},"featured_media":0,"template":"","meta":{"_monsterinsights_skip_tracking":false,"_monsterinsights_sitenote_active":false,"_monsterinsights_sitenote_note":"","_monsterinsights_sitenote_category":0},"product_brand":[],"product_cat":[12291,12711],"product_tag":[],"class_list":{"0":"post-765958","1":"product","2":"type-product","3":"status-publish","5":"product_cat-edebiyat","6":"product_cat-roman-oyku","7":"pa_cilt-ciltli","8":"pa_tur-kitap","9":"pa_yayinevi-guardian","10":"pa_yazar-d-n-archeron","12":"first","13":"instock","14":"sale","15":"shipping-taxable","16":"purchasable","17":"product-type-simple"},"_links":{"self":[{"href":"https:\/\/roveyayinevi.com.tr\/index.php\/wp-json\/wp\/v2\/product\/765958","targetHints":{"allow":["GET"]}}],"collection":[{"href":"https:\/\/roveyayinevi.com.tr\/index.php\/wp-json\/wp\/v2\/product"}],"about":[{"href":"https:\/\/roveyayinevi.com.tr\/index.php\/wp-json\/wp\/v2\/types\/product"}],"wp:attachment":[{"href":"https:\/\/roveyayinevi.com.tr\/index.php\/wp-json\/wp\/v2\/media?parent=765958"}],"wp:term":[{"taxonomy":"product_brand","embeddable":true,"href":"https:\/\/roveyayinevi.com.tr\/index.php\/wp-json\/wp\/v2\/product_brand?post=765958"},{"taxonomy":"product_cat","embeddable":true,"href":"https:\/\/roveyayinevi.com.tr\/index.php\/wp-json\/wp\/v2\/product_cat?post=765958"},{"taxonomy":"product_tag","embeddable":true,"href":"https:\/\/roveyayinevi.com.tr\/index.php\/wp-json\/wp\/v2\/product_tag?post=765958"}],"curies":[{"name":"wp","href":"https:\/\/api.w.org\/{rel}","templated":true}]}}