{"id":765945,"date":"2025-08-28T11:57:23","date_gmt":"2025-08-28T08:57:23","guid":{"rendered":"https:\/\/roveyayinevi.com.tr\/index.php\/urun\/hic-yoktan-iyidir\/"},"modified":"2026-04-08T03:28:11","modified_gmt":"2026-04-08T00:28:11","slug":"hic-yoktan-iyidir","status":"publish","type":"product","link":"https:\/\/roveyayinevi.com.tr\/index.php\/urun\/hic-yoktan-iyidir\/","title":{"rendered":"Hi\u00e7 Yoktan \u0130yidir"},"content":{"rendered":"<p>Serisinin son halkas\u0131 \u201cHi\u00e7\u201d \u201cYok\u201dtan \u0130yidir\u2019de Murat Kaplan fark\u0131ndal\u0131k ve ruhsal d\u00f6n\u00fc\u015f\u00fcm \u00fczerine d\u00fc\u015f\u00fcnsel bir ke\u015fif sunuyor. \u201cYok olma\u201d korkusunu a\u015farak, \u201chi\u00e7\u201d olma huzurunu anlamak ve her deneyimin insan\u0131n tek\u00e2m\u00fcl yolculu\u011funda bir g\u00f6revi oldu\u011funu ke\u015ffetmek \u00fczerine ilham verici bir yol haritas\u0131 \u00e7iziyor. Kaplan\u2019\u0131n yal\u0131n ve ak\u0131c\u0131 anlat\u0131m\u0131, d\u00f6n\u00fc\u015f\u00fcm yolculu\u011funu sab\u0131rla kucaklayacaklar i\u00e7in ilham verici bir \u00e7al\u0131\u015fma. Bu kitap, kendi tek\u00e2m\u00fcl yolculu\u011funuzda size e\u015flik edecek vazge\u00e7ilmez bir k\u0131lavuz olacak. \u201c\u2018Hi\u00e7\u2019 \u2018Yok\u2019tan iyidir derse bir y\u00fcrek, art\u0131k ne yokluk bir korku ne de d\u00fcnya bir arzudur onun i\u00e7in. \u2018Hi\u00e7\u2019lik \u2018yok\u2019lu\u011fa galip gelmi\u015ftir art\u0131k.\u201d<\/p>\n","protected":false},"excerpt":{"rendered":"<p>Serisinin son halkas\u0131 \u201cHi\u00e7\u201d \u201cYok\u201dtan \u0130yidir\u2019de Murat Kaplan fark\u0131ndal\u0131k ve ruhsal d\u00f6n\u00fc\u015f\u00fcm \u00fczerine d\u00fc\u015f\u00fcnsel bir ke\u015fif sunuyor. \u201cYok olma\u201d korkusunu a\u015farak, \u201chi\u00e7\u201d olma huzurunu anlamak ve<span class=\"excerpt-hellip\"> [\u2026]<\/span><\/p>\n","protected":false},"featured_media":0,"template":"","meta":{"_monsterinsights_skip_tracking":false,"_monsterinsights_sitenote_active":false,"_monsterinsights_sitenote_note":"","_monsterinsights_sitenote_category":0},"product_brand":[],"product_cat":[12364,12376],"product_tag":[],"class_list":{"0":"post-765945","1":"product","2":"type-product","3":"status-publish","5":"product_cat-genel-konular","6":"product_cat-kisisel-gelisim","7":"pa_cilt-ciltsiz","8":"pa_tur-kitap","9":"pa_yayinevi-mona-kitap","10":"pa_yazar-murat-kaplan","12":"first","13":"instock","14":"sale","15":"shipping-taxable","16":"purchasable","17":"product-type-simple"},"_links":{"self":[{"href":"https:\/\/roveyayinevi.com.tr\/index.php\/wp-json\/wp\/v2\/product\/765945","targetHints":{"allow":["GET"]}}],"collection":[{"href":"https:\/\/roveyayinevi.com.tr\/index.php\/wp-json\/wp\/v2\/product"}],"about":[{"href":"https:\/\/roveyayinevi.com.tr\/index.php\/wp-json\/wp\/v2\/types\/product"}],"wp:attachment":[{"href":"https:\/\/roveyayinevi.com.tr\/index.php\/wp-json\/wp\/v2\/media?parent=765945"}],"wp:term":[{"taxonomy":"product_brand","embeddable":true,"href":"https:\/\/roveyayinevi.com.tr\/index.php\/wp-json\/wp\/v2\/product_brand?post=765945"},{"taxonomy":"product_cat","embeddable":true,"href":"https:\/\/roveyayinevi.com.tr\/index.php\/wp-json\/wp\/v2\/product_cat?post=765945"},{"taxonomy":"product_tag","embeddable":true,"href":"https:\/\/roveyayinevi.com.tr\/index.php\/wp-json\/wp\/v2\/product_tag?post=765945"}],"curies":[{"name":"wp","href":"https:\/\/api.w.org\/{rel}","templated":true}]}}