{"id":765932,"date":"2025-08-28T11:56:56","date_gmt":"2025-08-28T08:56:56","guid":{"rendered":"https:\/\/roveyayinevi.com.tr\/index.php\/urun\/berserk-5\/"},"modified":"2026-04-15T03:31:39","modified_gmt":"2026-04-15T00:31:39","slug":"berserk-5","status":"publish","type":"product","link":"https:\/\/roveyayinevi.com.tr\/index.php\/urun\/berserk-5\/","title":{"rendered":"Berserk 5"},"content":{"rendered":"<p>Griffith\u2019le olan d\u00f6vu\u0308\u015fu\u0308nde yenilen Guts, \u015eahin Ekibi\u2019nin bir u\u0308yesi olur. Birbirinden zorlu sava\u015flardan \u00e7\u0131karak ekip u\u0308yeleriyle gu\u0308\u00e7lu\u0308 bir ba\u011f kurar. Sevgiden habersiz bir \u015fekilde tek ba\u015f\u0131na sava\u015fan Guts i\u00e7in bu, ger\u00e7ek anlamda kurdu\u011fu ilk arkada\u015fl\u0131kt\u0131r. \u015eahin Ekibi\u2019yle birlikte sava\u015f meydan\u0131ndan sava\u015f meydan\u0131na ko\u015fan Guts, tam anlam\u0131yla bir sava\u015f\u00e7\u0131 olur ve \u201cNosferatu Zodd\u201dun kar\u015f\u0131s\u0131na \u00e7\u0131kar. Vu\u0308cudundan akan teri ve kaynayan kan\u0131, kahraman\u0131m\u0131z\u0131n parlamas\u0131n\u0131 sa\u011flar. \u0130\u015fte bu, Alt\u0131n \u00c7a\u011f\u2019\u0131n ta kendisidir! <\/p>\n","protected":false},"excerpt":{"rendered":"<p>Griffith\u2019le olan d\u00f6vu\u0308\u015fu\u0308nde yenilen Guts, \u015eahin Ekibi\u2019nin bir u\u0308yesi olur. Birbirinden zorlu sava\u015flardan \u00e7\u0131karak ekip u\u0308yeleriyle gu\u0308\u00e7lu\u0308 bir ba\u011f kurar. Sevgiden habersiz bir \u015fekilde tek ba\u015f\u0131na<span class=\"excerpt-hellip\"> [\u2026]<\/span><\/p>\n","protected":false},"featured_media":0,"template":"","meta":{"_monsterinsights_skip_tracking":false,"_monsterinsights_sitenote_active":false,"_monsterinsights_sitenote_note":"","_monsterinsights_sitenote_category":0},"product_brand":[],"product_cat":[12416,12291],"product_tag":[],"class_list":{"0":"post-765932","1":"product","2":"type-product","3":"status-publish","5":"product_cat-cizgi-roman","6":"product_cat-edebiyat","7":"pa_cilt-ciltsiz","8":"pa_tur-kitap","9":"pa_yayinevi-athica-yayinlari","10":"pa_yazar-kentaro-miura","12":"first","13":"instock","14":"sale","15":"shipping-taxable","16":"purchasable","17":"product-type-simple"},"_links":{"self":[{"href":"https:\/\/roveyayinevi.com.tr\/index.php\/wp-json\/wp\/v2\/product\/765932","targetHints":{"allow":["GET"]}}],"collection":[{"href":"https:\/\/roveyayinevi.com.tr\/index.php\/wp-json\/wp\/v2\/product"}],"about":[{"href":"https:\/\/roveyayinevi.com.tr\/index.php\/wp-json\/wp\/v2\/types\/product"}],"wp:attachment":[{"href":"https:\/\/roveyayinevi.com.tr\/index.php\/wp-json\/wp\/v2\/media?parent=765932"}],"wp:term":[{"taxonomy":"product_brand","embeddable":true,"href":"https:\/\/roveyayinevi.com.tr\/index.php\/wp-json\/wp\/v2\/product_brand?post=765932"},{"taxonomy":"product_cat","embeddable":true,"href":"https:\/\/roveyayinevi.com.tr\/index.php\/wp-json\/wp\/v2\/product_cat?post=765932"},{"taxonomy":"product_tag","embeddable":true,"href":"https:\/\/roveyayinevi.com.tr\/index.php\/wp-json\/wp\/v2\/product_tag?post=765932"}],"curies":[{"name":"wp","href":"https:\/\/api.w.org\/{rel}","templated":true}]}}