{"id":765927,"date":"2025-08-28T11:56:45","date_gmt":"2025-08-28T08:56:45","guid":{"rendered":"https:\/\/roveyayinevi.com.tr\/index.php\/urun\/vay-be-dunya-dogruluk-mu-uyduruk-mu-iki-yanlis-bir-dogru\/"},"modified":"2026-04-15T03:31:39","modified_gmt":"2026-04-15T00:31:39","slug":"vay-be-dunya-dogruluk-mu-uyduruk-mu-iki-yanlis-bir-dogru","status":"publish","type":"product","link":"https:\/\/roveyayinevi.com.tr\/index.php\/urun\/vay-be-dunya-dogruluk-mu-uyduruk-mu-iki-yanlis-bir-dogru\/","title":{"rendered":"Vay Be D\u00fcnya! &#8211; Do\u011fruluk mu? Uyduruk mu?  \u0130ki Yanl\u0131\u015f Bir Do\u011fru"},"content":{"rendered":"<p>Onlarca farkl\u0131 konuda y\u00fczlerce bilimsel iddia. Kimi do\u011fru, kimi uydurma! Senin g\u00f6revin her ba\u015fl\u0131kta uydurmalar\u0131 elemek ve do\u011fru olan\u0131 bulmak. Sorun \u015fu: Do\u011fru iddia \u00e7o\u011fu zaman uyduruklardan \u00e7ok daha u\u00e7uk, \u00e7ok daha VAY BE\u2019lik. O kadar ki, inanmazs\u0131n diye arka sayfas\u0131na bilimsel a\u00e7\u0131klamas\u0131n\u0131 ekledik. *** \u0130ster tek ba\u015f\u0131na, ister arkada\u015flar\u0131nla ister ailenle okuyabilece\u011fin Do\u011fruluk mu? Uyduruk mu? \u0130ki Yanl\u0131\u015f Bir Do\u011fru, mizah ve b\u00fcy\u00fcleyici bilim ger\u00e7ekleriyle dolu bir oyun kitab\u0131. Her b\u00f6l\u00fcm\u00fcn sonundaki yarat\u0131c\u0131l\u0131\u011f\u0131n\u0131 zorlayacak ev tipi deneyler de cabas\u0131! <\/p>\n","protected":false},"excerpt":{"rendered":"<p>Onlarca farkl\u0131 konuda y\u00fczlerce bilimsel iddia. Kimi do\u011fru, kimi uydurma! Senin g\u00f6revin her ba\u015fl\u0131kta uydurmalar\u0131 elemek ve do\u011fru olan\u0131 bulmak. Sorun \u015fu: Do\u011fru iddia \u00e7o\u011fu zaman<span class=\"excerpt-hellip\"> [\u2026]<\/span><\/p>\n","protected":false},"featured_media":0,"template":"","meta":{"_monsterinsights_skip_tracking":false,"_monsterinsights_sitenote_active":false,"_monsterinsights_sitenote_note":"","_monsterinsights_sitenote_category":0},"product_brand":[],"product_cat":[12274,15842],"product_tag":[],"class_list":{"0":"post-765927","1":"product","2":"type-product","3":"status-publish","5":"product_cat-cocuk-ve-genclik-kitaplari","6":"product_cat-egitici-kitaplar","7":"pa_cilt-ciltsiz","8":"pa_tur-kitap","9":"pa_yayinevi-domingo-yayinevi","10":"pa_yazar-mindy-thomas-guy-raz","12":"first","13":"instock","14":"sale","15":"shipping-taxable","16":"purchasable","17":"product-type-simple"},"_links":{"self":[{"href":"https:\/\/roveyayinevi.com.tr\/index.php\/wp-json\/wp\/v2\/product\/765927","targetHints":{"allow":["GET"]}}],"collection":[{"href":"https:\/\/roveyayinevi.com.tr\/index.php\/wp-json\/wp\/v2\/product"}],"about":[{"href":"https:\/\/roveyayinevi.com.tr\/index.php\/wp-json\/wp\/v2\/types\/product"}],"wp:attachment":[{"href":"https:\/\/roveyayinevi.com.tr\/index.php\/wp-json\/wp\/v2\/media?parent=765927"}],"wp:term":[{"taxonomy":"product_brand","embeddable":true,"href":"https:\/\/roveyayinevi.com.tr\/index.php\/wp-json\/wp\/v2\/product_brand?post=765927"},{"taxonomy":"product_cat","embeddable":true,"href":"https:\/\/roveyayinevi.com.tr\/index.php\/wp-json\/wp\/v2\/product_cat?post=765927"},{"taxonomy":"product_tag","embeddable":true,"href":"https:\/\/roveyayinevi.com.tr\/index.php\/wp-json\/wp\/v2\/product_tag?post=765927"}],"curies":[{"name":"wp","href":"https:\/\/api.w.org\/{rel}","templated":true}]}}