{"id":765921,"date":"2025-08-28T11:56:34","date_gmt":"2025-08-28T08:56:34","guid":{"rendered":"https:\/\/roveyayinevi.com.tr\/index.php\/urun\/altin-ogutler\/"},"modified":"2025-11-12T10:58:46","modified_gmt":"2025-11-12T07:58:46","slug":"altin-ogutler","status":"publish","type":"product","link":"https:\/\/roveyayinevi.com.tr\/index.php\/urun\/altin-ogutler\/","title":{"rendered":"Alt\u0131n \u00d6\u011f\u00fctler"},"content":{"rendered":"<p>\u201cHer y\u00f6n\u00fcyle \u00f6yle dolu dolu ya\u015fa ki her an\u0131n alt\u0131na d\u00f6n\u00fc\u015fs\u00fcn ve t\u00fcm ya\u015fam\u0131n bir alt\u0131n anlar dizisi haline gelsin. B\u00f6yle biri asla \u00f6lmez \u00e7\u00fcnk\u00fc Midas\u2019\u0131n dokunu\u015funa sahiptir: Dokundu\u011fu her \u015feyi alt\u0131na \u00e7evirir.\u201d   Osho\u2019nun \u00f6\u011fretileri, varolu\u015fun her an\u0131m\u0131zda bize g\u00f6nderdi\u011fi mesajlar\u0131n\u0131 duymam\u0131z\u0131 sa\u011flar. Alt\u0131n \u00d6\u011f\u00fctler de bu mesajlar\u0131 almaya istekli olanlar i\u00e7in \u00f6nemli d\u00fc\u015f\u00fcnceler sunar. Sevgi, \u00f6l\u00fcm, dostluk ve nefret gibi temel insan deneyimlerini ele alan bu kitap, her birimize hayat\u0131n ge\u00e7ici ve de\u011ferli oldu\u011funu yeniden hat\u0131rlat\u0131r ve bize \u00f6\u011f\u00fctler verir.   Bu \u00f6\u011f\u00fctler, insanl\u0131\u011f\u0131n ve d\u00fcnyam\u0131z\u0131n dengesizli\u011fi \u00fczerine \u015fekillenmi\u015ftir. Her an\u0131n i\u00e7inde sakl\u0131 olan mucizeleri fark etmek ve bilin\u00e7li bir \u015fekilde hayat\u0131 ya\u015famak i\u00e7in bir davet niteli\u011findedir. Osho\u2019nun sade ama \u00e7arp\u0131c\u0131 s\u00f6zleri, sizi ya\u015fam\u0131n derinliklerinde yeni ke\u015fiflere \u00e7\u0131karacak.   Bu an\u0131 ka\u00e7\u0131rmay\u0131n. Her an bir alt\u0131n f\u0131rsatt\u0131r; ya onu fark edersiniz ya da sonsuza dek yitirirsiniz. <\/p>\n","protected":false},"excerpt":{"rendered":"<p>\u201cHer y\u00f6n\u00fcyle \u00f6yle dolu dolu ya\u015fa ki her an\u0131n alt\u0131na d\u00f6n\u00fc\u015fs\u00fcn ve t\u00fcm ya\u015fam\u0131n bir alt\u0131n anlar dizisi haline gelsin. B\u00f6yle biri asla \u00f6lmez \u00e7\u00fcnk\u00fc Midas\u2019\u0131n<span class=\"excerpt-hellip\"> [\u2026]<\/span><\/p>\n","protected":false},"featured_media":0,"template":"","meta":{"_monsterinsights_skip_tracking":false,"_monsterinsights_sitenote_active":false,"_monsterinsights_sitenote_note":"","_monsterinsights_sitenote_category":0},"product_brand":[],"product_cat":[12364,12376],"product_tag":[],"class_list":{"0":"post-765921","1":"product","2":"type-product","3":"status-publish","5":"product_cat-genel-konular","6":"product_cat-kisisel-gelisim","7":"pa_cilt-ciltsiz","8":"pa_tur-kitap","9":"pa_yayinevi-dogan-novus","10":"pa_yazar-osho","12":"first","13":"instock","14":"sale","15":"shipping-taxable","16":"purchasable","17":"product-type-simple"},"_links":{"self":[{"href":"https:\/\/roveyayinevi.com.tr\/index.php\/wp-json\/wp\/v2\/product\/765921","targetHints":{"allow":["GET"]}}],"collection":[{"href":"https:\/\/roveyayinevi.com.tr\/index.php\/wp-json\/wp\/v2\/product"}],"about":[{"href":"https:\/\/roveyayinevi.com.tr\/index.php\/wp-json\/wp\/v2\/types\/product"}],"wp:attachment":[{"href":"https:\/\/roveyayinevi.com.tr\/index.php\/wp-json\/wp\/v2\/media?parent=765921"}],"wp:term":[{"taxonomy":"product_brand","embeddable":true,"href":"https:\/\/roveyayinevi.com.tr\/index.php\/wp-json\/wp\/v2\/product_brand?post=765921"},{"taxonomy":"product_cat","embeddable":true,"href":"https:\/\/roveyayinevi.com.tr\/index.php\/wp-json\/wp\/v2\/product_cat?post=765921"},{"taxonomy":"product_tag","embeddable":true,"href":"https:\/\/roveyayinevi.com.tr\/index.php\/wp-json\/wp\/v2\/product_tag?post=765921"}],"curies":[{"name":"wp","href":"https:\/\/api.w.org\/{rel}","templated":true}]}}