{"id":765919,"date":"2025-08-28T11:56:30","date_gmt":"2025-08-28T08:56:30","guid":{"rendered":"https:\/\/roveyayinevi.com.tr\/index.php\/urun\/kral-kaybederse-ciltli\/"},"modified":"2026-03-10T03:49:51","modified_gmt":"2026-03-10T00:49:51","slug":"kral-kaybederse-ciltli","status":"publish","type":"product","link":"https:\/\/roveyayinevi.com.tr\/index.php\/urun\/kral-kaybederse-ciltli\/","title":{"rendered":"Kral Kaybederse (Ciltli)"},"content":{"rendered":"<p>AH KRAL AH! Hem kendini bitirdin hem de kad\u0131nlar\u0131\u2026 Ama senin hik\u00e2yen pek \u00e7ok kral\u0131 taht\u0131ndan indirdi. Me\u011fer senin gibi ne \u00e7ok kral varm\u0131\u015f bu \u00fclkede! Ve ne \u00e7ok kad\u0131n bu krallara hayat\u0131n\u0131 vermi\u015f.   Kral o kadar yak\u0131\u015f\u0131kl\u0131, o kadar varl\u0131kl\u0131, o kadar ula\u015f\u0131lmaz ki. Bir Yunan tanr\u0131s\u0131 gibi dola\u015f\u0131yor kendisine hayran kad\u0131nlar\u0131n aras\u0131nda. Handan, Fadi, \u00d6zlem ve di\u011ferleri\u2026 Hepsi hayran, hepsi \u00f6lesiye tutkun Kral\u2019a. O \u0131\u015f\u0131lt\u0131l\u0131 hayat\u0131n i\u00e7inde, Kral\u2019\u0131n yan\u0131 ba\u015f\u0131nda, onun insan\u0131 sarho\u015f eden kokusunu i\u00e7lerine \u00e7ekerek ya\u015fayabilmek i\u00e7in her \u015feyi yapmaya haz\u0131rlar. Oysa bilmiyorlar ki, Kral&#8217;\u0131 kral yapan onlar\u0131n bu tutkusu&#8230;   G\u00fclseren Buday\u0131c\u0131o\u011flu y\u00fcz binlerce okura ula\u015fm\u0131\u015f bu k\u00fclt eserinde, krallar\u0131n \u015fatafat\u0131nda kaybolmaya y\u00fcz tutmu\u015f kad\u0131nlar\u0131n tutkuyla ya\u015fanan \u00e7ilesini anlat\u0131yor.   Kral kaybederse, kad\u0131nlar kazan\u0131r m\u0131 acaba?       Ho\u015f geldin yerli \u201cYalom\u201d,   Bu kitap, dinamik psikoterapiler alan\u0131nda deneyimli, birikimli ve \u00f6zg\u00fcn yakla\u015f\u0131mlar\u0131 olan Ankaral\u0131 bir ruh hekiminin kaleminden \u00e7\u0131kan tam bir edebiyat yap\u0131t\u0131. B\u00f6yle bir kitab\u0131 T\u00fcrkiye\u2019de say\u0131lar\u0131 binleri a\u015fan ruh sa\u011fl\u0131\u011f\u0131 profesyonelleri i\u00e7inde bir tek G\u00fclseren Buday\u0131c\u0131o\u011flu yazabilirdi zaten. Bu ba\u015far\u0131n\u0131n s\u0131rr\u0131n\u0131 her zaman merak etmi\u015fimdir.   Ellerin dert g\u00f6rmesin sevgili meslekta\u015f\u0131m.   T\u00fcrk\u00e7eye b\u00f6yle dolu dolu, s\u0131cak, do\u011fal, anlaml\u0131 bir edebiyat yap\u0131t\u0131 kazand\u0131rd\u0131\u011f\u0131n i\u00e7in A\u015eK OLSUN SANA\u2026   Prof. Dr. Cengiz G\u00fcle\u00e7 <\/p>\n","protected":false},"excerpt":{"rendered":"<p>AH KRAL AH! Hem kendini bitirdin hem de kad\u0131nlar\u0131\u2026 Ama senin hik\u00e2yen pek \u00e7ok kral\u0131 taht\u0131ndan indirdi. Me\u011fer senin gibi ne \u00e7ok kral varm\u0131\u015f bu \u00fclkede!<span class=\"excerpt-hellip\"> [\u2026]<\/span><\/p>\n","protected":false},"featured_media":0,"template":"","meta":{"_monsterinsights_skip_tracking":false,"_monsterinsights_sitenote_active":false,"_monsterinsights_sitenote_note":"","_monsterinsights_sitenote_category":0},"product_brand":[],"product_cat":[12291,12711],"product_tag":[],"class_list":{"0":"post-765919","1":"product","2":"type-product","3":"status-publish","5":"product_cat-edebiyat","6":"product_cat-roman-oyku","7":"pa_cilt-ciltli","8":"pa_tur-kitap","9":"pa_yayinevi-dogan-kitap","10":"pa_yazar-gulseren-budayicioglu","12":"first","13":"instock","14":"sale","15":"shipping-taxable","16":"purchasable","17":"product-type-simple"},"_links":{"self":[{"href":"https:\/\/roveyayinevi.com.tr\/index.php\/wp-json\/wp\/v2\/product\/765919","targetHints":{"allow":["GET"]}}],"collection":[{"href":"https:\/\/roveyayinevi.com.tr\/index.php\/wp-json\/wp\/v2\/product"}],"about":[{"href":"https:\/\/roveyayinevi.com.tr\/index.php\/wp-json\/wp\/v2\/types\/product"}],"wp:attachment":[{"href":"https:\/\/roveyayinevi.com.tr\/index.php\/wp-json\/wp\/v2\/media?parent=765919"}],"wp:term":[{"taxonomy":"product_brand","embeddable":true,"href":"https:\/\/roveyayinevi.com.tr\/index.php\/wp-json\/wp\/v2\/product_brand?post=765919"},{"taxonomy":"product_cat","embeddable":true,"href":"https:\/\/roveyayinevi.com.tr\/index.php\/wp-json\/wp\/v2\/product_cat?post=765919"},{"taxonomy":"product_tag","embeddable":true,"href":"https:\/\/roveyayinevi.com.tr\/index.php\/wp-json\/wp\/v2\/product_tag?post=765919"}],"curies":[{"name":"wp","href":"https:\/\/api.w.org\/{rel}","templated":true}]}}