{"id":765918,"date":"2025-08-28T11:56:28","date_gmt":"2025-08-28T08:56:28","guid":{"rendered":"https:\/\/roveyayinevi.com.tr\/index.php\/urun\/dunyayi-degistir-artik-seri-katilim-kutulu-set\/"},"modified":"2026-04-15T03:31:39","modified_gmt":"2026-04-15T00:31:39","slug":"dunyayi-degistir-artik-seri-katilim-kutulu-set","status":"publish","type":"product","link":"https:\/\/roveyayinevi.com.tr\/index.php\/urun\/dunyayi-degistir-artik-seri-katilim-kutulu-set\/","title":{"rendered":"D\u00fcnyay\u0131 De\u011fi\u015ftir &#8211; Art\u0131k Seri Katilim (Kutulu Set)"},"content":{"rendered":"<p>Evsiz, i\u015fsiz Saitou Yuichi ve herkesin g\u0131pta etti\u011fi ba\u015far\u0131l\u0131 dedektif Mitsumune Sakutarou\u2026 Onlar birbirileriyle kaza eseri beden de\u011fi\u015ftiren iki bamba\u015fka adam.  Saitou, Mitsumune\u2019nin b\u00fcy\u00fck ve korkun\u00e7 s\u0131rr\u0131na ra\u011fmen se\u00e7kin dedektifin g\u00f6steri\u015fli hayat\u0131n\u0131 s\u00fcrd\u00fcrebilecek mi? Yoksa eski hayat\u0131n\u0131 mumla arad\u0131\u011f\u0131 g\u00fcnler mi ya\u015fayacak? Bu set, D\u00fcnyay\u0131 De\u011fi\u015ftir: Art\u0131k Seri Katilim serisinin tamam\u0131n\u0131 olu\u015fturan 5 cildi ve seriye \u00f6zel kutuyu i\u00e7ermektedir. <\/p>\n","protected":false},"excerpt":{"rendered":"<p>Evsiz, i\u015fsiz Saitou Yuichi ve herkesin g\u0131pta etti\u011fi ba\u015far\u0131l\u0131 dedektif Mitsumune Sakutarou\u2026 Onlar birbirileriyle kaza eseri beden de\u011fi\u015ftiren iki bamba\u015fka adam. Saitou, Mitsumune\u2019nin b\u00fcy\u00fck ve korkun\u00e7<span class=\"excerpt-hellip\"> [\u2026]<\/span><\/p>\n","protected":false},"featured_media":0,"template":"","meta":{"_monsterinsights_skip_tracking":false,"_monsterinsights_sitenote_active":false,"_monsterinsights_sitenote_note":"","_monsterinsights_sitenote_category":0},"product_brand":[],"product_cat":[12416,12291],"product_tag":[],"class_list":{"0":"post-765918","1":"product","2":"type-product","3":"status-publish","5":"product_cat-cizgi-roman","6":"product_cat-edebiyat","7":"pa_cilt-set","8":"pa_tur-kitap","9":"pa_yayinevi-kayip-kita-yayinlari","10":"pa_yazar-yuya-kanzaki","12":"first","13":"instock","14":"sale","15":"shipping-taxable","16":"purchasable","17":"product-type-simple"},"_links":{"self":[{"href":"https:\/\/roveyayinevi.com.tr\/index.php\/wp-json\/wp\/v2\/product\/765918","targetHints":{"allow":["GET"]}}],"collection":[{"href":"https:\/\/roveyayinevi.com.tr\/index.php\/wp-json\/wp\/v2\/product"}],"about":[{"href":"https:\/\/roveyayinevi.com.tr\/index.php\/wp-json\/wp\/v2\/types\/product"}],"wp:attachment":[{"href":"https:\/\/roveyayinevi.com.tr\/index.php\/wp-json\/wp\/v2\/media?parent=765918"}],"wp:term":[{"taxonomy":"product_brand","embeddable":true,"href":"https:\/\/roveyayinevi.com.tr\/index.php\/wp-json\/wp\/v2\/product_brand?post=765918"},{"taxonomy":"product_cat","embeddable":true,"href":"https:\/\/roveyayinevi.com.tr\/index.php\/wp-json\/wp\/v2\/product_cat?post=765918"},{"taxonomy":"product_tag","embeddable":true,"href":"https:\/\/roveyayinevi.com.tr\/index.php\/wp-json\/wp\/v2\/product_tag?post=765918"}],"curies":[{"name":"wp","href":"https:\/\/api.w.org\/{rel}","templated":true}]}}