{"id":765916,"date":"2025-08-28T11:56:26","date_gmt":"2025-08-28T08:56:26","guid":{"rendered":"https:\/\/roveyayinevi.com.tr\/index.php\/urun\/kitle-toplumu-ve-medya\/"},"modified":"2026-04-15T03:31:39","modified_gmt":"2026-04-15T00:31:39","slug":"kitle-toplumu-ve-medya","status":"publish","type":"product","link":"https:\/\/roveyayinevi.com.tr\/index.php\/urun\/kitle-toplumu-ve-medya\/","title":{"rendered":"Kitle Toplumu ve Medya"},"content":{"rendered":"<p>&#8220;Elinizdeki bu eser, yirminci y\u00fczy\u0131ldaki kitle ileti\u015fim ara\u00e7lar\u0131n\u0131n modern d\u00fcnyan\u0131n daha iyi anla\u015f\u0131lmas\u0131n\u0131 nas\u0131l te\u015fvik etti\u011fini ve bir o kadar da engelledi\u011fini ele al\u0131yor. G\u00fcn\u00fcm\u00fcz kitle toplumunun \u00e7e\u015fitlili y\u00f6nlerini inceleyen Hoggart, her t\u00fcrden bilgiye kolayca eri\u015filebilmenin d\u00fcnya\u2019y\u0131 daha anla\u015f\u0131labilir k\u0131lmayaca\u011f\u0131n\u0131; aksine, bu durumun bilginin bilgi aktar\u0131p aktarmad\u0131\u011f\u0131na dair bir paradoks te\u015fkil etti\u011fini \u00f6ne s\u00fcr\u00fcyor. Yazar kitab\u0131nda, bu paradoksu anlamak i\u00e7in kitle bilgisinin ba\u015fl\u0131ca yay\u0131nc\u0131s\u0131 olan medya\u2019y\u0131 yaln\u0131zca d\u00fczenleyici de\u011fil, bilginin bu hareketsizle\u015ftirici etkisini de g\u00f6z \u00f6n\u00fcne alarak de\u011ferlendiriyor. Eser, salt bilginin mahiyeti hakk\u0131nda malumat vermekle kalm\u0131yor, ayr\u0131ca dilin yayg\u0131n \u015fekilde ileti\u015fimdeki rol\u00fcne de\u011finerek eski inan\u00e7lar\u0131n yava\u015f ama kesintisiz bir \u015fekilde \u00e7\u00f6z\u00fclmesini, \u00f6zellikle de ele\u015ftirel olan inan\u00e7lar\u0131n bir bu\u00e7uk y\u00fczy\u0131ld\u0131r s\u00fcrd\u00fcr\u00fclen entelekt\u00fcel ele\u015ftirinin bir sonucu olarak a\u015f\u0131nd\u0131\u011f\u0131n\u0131 da ileri s\u00fcr\u00fcyor.&#8221; <\/p>\n","protected":false},"excerpt":{"rendered":"<p>&#8220;Elinizdeki bu eser, yirminci y\u00fczy\u0131ldaki kitle ileti\u015fim ara\u00e7lar\u0131n\u0131n modern d\u00fcnyan\u0131n daha iyi anla\u015f\u0131lmas\u0131n\u0131 nas\u0131l te\u015fvik etti\u011fini ve bir o kadar da engelledi\u011fini ele al\u0131yor. G\u00fcn\u00fcm\u00fcz kitle<span class=\"excerpt-hellip\"> [\u2026]<\/span><\/p>\n","protected":false},"featured_media":0,"template":"","meta":{"_monsterinsights_skip_tracking":false,"_monsterinsights_sitenote_active":false,"_monsterinsights_sitenote_note":"","_monsterinsights_sitenote_category":0},"product_brand":[],"product_cat":[15983,13488],"product_tag":[],"class_list":{"0":"post-765916","1":"product","2":"type-product","3":"status-publish","5":"product_cat-iletisim-ve-medya","6":"product_cat-toplum-ve-insan","7":"pa_cilt-ciltsiz","8":"pa_tur-kitap","9":"pa_yayinevi-anadolu-ajansi-yayinevi","10":"pa_yazar-richard-hoggart","12":"first","13":"instock","14":"sale","15":"shipping-taxable","16":"purchasable","17":"product-type-simple"},"_links":{"self":[{"href":"https:\/\/roveyayinevi.com.tr\/index.php\/wp-json\/wp\/v2\/product\/765916","targetHints":{"allow":["GET"]}}],"collection":[{"href":"https:\/\/roveyayinevi.com.tr\/index.php\/wp-json\/wp\/v2\/product"}],"about":[{"href":"https:\/\/roveyayinevi.com.tr\/index.php\/wp-json\/wp\/v2\/types\/product"}],"wp:attachment":[{"href":"https:\/\/roveyayinevi.com.tr\/index.php\/wp-json\/wp\/v2\/media?parent=765916"}],"wp:term":[{"taxonomy":"product_brand","embeddable":true,"href":"https:\/\/roveyayinevi.com.tr\/index.php\/wp-json\/wp\/v2\/product_brand?post=765916"},{"taxonomy":"product_cat","embeddable":true,"href":"https:\/\/roveyayinevi.com.tr\/index.php\/wp-json\/wp\/v2\/product_cat?post=765916"},{"taxonomy":"product_tag","embeddable":true,"href":"https:\/\/roveyayinevi.com.tr\/index.php\/wp-json\/wp\/v2\/product_tag?post=765916"}],"curies":[{"name":"wp","href":"https:\/\/api.w.org\/{rel}","templated":true}]}}