{"id":765915,"date":"2025-08-28T11:56:24","date_gmt":"2025-08-28T08:56:24","guid":{"rendered":"https:\/\/roveyayinevi.com.tr\/index.php\/urun\/yapay-zeka-ve-gazeteciligin-gelecegi\/"},"modified":"2026-04-15T03:31:39","modified_gmt":"2026-04-15T00:31:39","slug":"yapay-zeka-ve-gazeteciligin-gelecegi","status":"publish","type":"product","link":"https:\/\/roveyayinevi.com.tr\/index.php\/urun\/yapay-zeka-ve-gazeteciligin-gelecegi\/","title":{"rendered":"Yapay Zeka ve Gazetecili\u011fin Gelece\u011fi"},"content":{"rendered":"<p>&#8220;Yapay Zek\u00e2 ve Gazetecili\u011fin Gelece\u011fi kitab\u0131nda, Associated Press ve Wall Street Journal gibi medya stratejilerinin \u00f6nc\u00fclerinden Francesco Marconi, haberin gelece\u011fine yapay zek\u00e2 ile ilgili bir bak\u0131\u015f a\u00e7\u0131s\u0131 sunuyor. Marconi, yapay zek\u00e2 algoritmalar\u0131n\u0131n haber odalar\u0131 ve ilgili teknolojiler \u00fczerindeki artan etkisini masaya yat\u0131r\u0131rken, bu devrimin ne boyutta oldu\u011funu ve gazetecili\u011fi nas\u0131l yeniden \u015fekillendirebilece\u011fini etkileyici bir vizyonla anlat\u0131yor. Marconi, yapay zek\u00e2n\u0131n dijital medya d\u00fcnyas\u0131na entegre olmas\u0131yla birlikte bu devrimin raporlardaki verilerin daha h\u0131zl\u0131 i\u015flenmesinden okuyucu etkile\u015fimlerini nas\u0131l kazan\u00e7 raporlar\u0131na d\u00f6n\u00fc\u015ft\u00fcrebilece\u011fine kadar geni\u015f bir yelpazeyi g\u00f6zler \u00f6n\u00fcne seriyor. Ayr\u0131ca, yapay zek\u00e2n\u0131n haber \u00fcretim s\u00fcrecini destekleyici daha h\u0131zl\u0131 raporlamayla gazetecilikteki zaman bask\u0131s\u0131n\u0131 nas\u0131l azaltaca\u011f\u0131n\u0131 sunuyor. Yapay zek\u00e2 ile Gazetecili\u011fin Gelece\u011fi kitab\u0131, \u00f6\u011frencilere ve profesyonellere yapay zek\u00e2n\u0131n sekt\u00f6re getirdi\u011fi imk\u00e2nlar\u0131 ke\u015ffetmek ad\u0131na bir yol haritas\u0131 sunuyor.&#8221; <\/p>\n","protected":false},"excerpt":{"rendered":"<p>&#8220;Yapay Zek\u00e2 ve Gazetecili\u011fin Gelece\u011fi kitab\u0131nda, Associated Press ve Wall Street Journal gibi medya stratejilerinin \u00f6nc\u00fclerinden Francesco Marconi, haberin gelece\u011fine yapay zek\u00e2 ile ilgili bir bak\u0131\u015f<span class=\"excerpt-hellip\"> [\u2026]<\/span><\/p>\n","protected":false},"featured_media":0,"template":"","meta":{"_monsterinsights_skip_tracking":false,"_monsterinsights_sitenote_active":false,"_monsterinsights_sitenote_note":"","_monsterinsights_sitenote_category":0},"product_brand":[],"product_cat":[15983,13488],"product_tag":[],"class_list":{"0":"post-765915","1":"product","2":"type-product","3":"status-publish","5":"product_cat-iletisim-ve-medya","6":"product_cat-toplum-ve-insan","7":"pa_cilt-ciltsiz","8":"pa_tur-kitap","9":"pa_yayinevi-anadolu-ajansi-yayinevi","10":"pa_yazar-francesco-marconi","12":"first","13":"instock","14":"sale","15":"shipping-taxable","16":"purchasable","17":"product-type-simple"},"_links":{"self":[{"href":"https:\/\/roveyayinevi.com.tr\/index.php\/wp-json\/wp\/v2\/product\/765915","targetHints":{"allow":["GET"]}}],"collection":[{"href":"https:\/\/roveyayinevi.com.tr\/index.php\/wp-json\/wp\/v2\/product"}],"about":[{"href":"https:\/\/roveyayinevi.com.tr\/index.php\/wp-json\/wp\/v2\/types\/product"}],"wp:attachment":[{"href":"https:\/\/roveyayinevi.com.tr\/index.php\/wp-json\/wp\/v2\/media?parent=765915"}],"wp:term":[{"taxonomy":"product_brand","embeddable":true,"href":"https:\/\/roveyayinevi.com.tr\/index.php\/wp-json\/wp\/v2\/product_brand?post=765915"},{"taxonomy":"product_cat","embeddable":true,"href":"https:\/\/roveyayinevi.com.tr\/index.php\/wp-json\/wp\/v2\/product_cat?post=765915"},{"taxonomy":"product_tag","embeddable":true,"href":"https:\/\/roveyayinevi.com.tr\/index.php\/wp-json\/wp\/v2\/product_tag?post=765915"}],"curies":[{"name":"wp","href":"https:\/\/api.w.org\/{rel}","templated":true}]}}